{"id":121613,"date":"2026-04-29T11:59:55","date_gmt":"2026-04-29T09:59:55","guid":{"rendered":"https:\/\/www.anika-net.de\/event\/otwarte-konsultacje-prawne-w-karlsruhe\/"},"modified":"2026-04-29T12:05:17","modified_gmt":"2026-04-29T10:05:17","slug":"otwarte-konsultacje-prawne-w-karlsruhe","status":"publish","type":"event","link":"https:\/\/www.anika-net.de\/pl\/event\/otwarte-konsultacje-prawne-w-karlsruhe\/","title":{"rendered":"Otwar\u00adte kon\u00adsul\u00adta\u00adcje praw\u00adne w Karlsruhe"},"content":{"rendered":"\n<p>Potrze\u00adbu\u00adjesz pora\u00addy w kwe\u00adstii praw\u00adnej lub nie jeste\u015b pewien swo\u00adich praw? To \u015bwiet\u00adna oka\u00adzja, aby uzy\u00adska\u0107 <strong>bez\u00adp\u0142at\u00adn\u0105 pro\u00adfe\u00adsjo\u00adnal\u00adn\u0105 pora\u00add\u0119<\/strong> w przy\u00adja\u00adznej prze\u00adstrze\u00adni spo\u0142eczno\u015bci.&nbsp;<\/p>\n\n<h4 class=\"wp-block-heading\">Otwar\u00adte kon\u00adsul\u00adta\u00adcje praw\u00adne<br> Praw\u00adnicz\u00adka<strong>Caro\u00adli\u00adne Sch\u00e4fer (raum-fuer-recht.de) i jej kole\u00adga Her\u00admann Bau\u00ader (honold.de) ofe\u00adru\u00adj\u0105 bez\u00adp\u0142at\u00adne pora\u00addy praw\u00adne dla spo\u0142eczno\u015bci.<\/strong><\/h4>\n\n<p><strong>Tema\u00adty obej\u00admu\u00adj\u0105:<\/strong><br>- Pra\u00adwo poby\u00adtu i azy\u00adlu<br>- Pra\u00adwo naj\u00admu<br>- Og\u00f3l\u00adne pra\u00adwo cywilne<\/p>\n\n<p>Te otwar\u00adte kon\u00adsul\u00adta\u00adcje praw\u00adne odby\u00adwa\u00adj\u0105 si\u0119 w r\u00f3\u017c\u00adne&nbsp;\u015brody.&nbsp;<\/p>\n\n<p>Nie trze\u00adba si\u0119 uma\u00adwia\u0107. Po pro\u00adstu wpadnij!&nbsp;<\/p>\n\n<p><\/p>\n","protected":false},"author":16,"featured_media":121612,"template":"","class_list":["post-121613","event","type-event","status-publish","has-post-thumbnail","hentry","event_category-pomoc-pl"],"acf":{"event-recurring":false,"event-category":185,"event-is-language-course":false,"event-recurring-still-active":true,"event-display-details":true,"event-schedules-recurring":null,"event-schedules-calendar":[{"event-calendar-day":"20260429","event-calendar-time":"15:00 - 17:00","event-calendar-time-text":""},{"event-calendar-day":"20260513","event-calendar-time":"15:00 - 17:00","event-calendar-time-text":""},{"event-calendar-day":"20260527","event-calendar-time":"15:00 - 17:00","event-calendar-time-text":""},{"event-calendar-day":"20260603","event-calendar-time":"15:00 - 17:00","event-calendar-time-text":""},{"event-calendar-day":"20260617","event-calendar-time":"15:00 - 17:00","event-calendar-time-text":""},{"event-calendar-day":"20260701","event-calendar-time":"15:00 - 17:00","event-calendar-time-text":""},{"event-calendar-day":"20260715","event-calendar-time":"15:00 - 17:00","event-calendar-time-text":""},{"event-calendar-day":"20260729","event-calendar-time":"15:00 - 17:00","event-calendar-time-text":""}],"event-is-online":false,"event-online-url":"","event-location-building":"Kulturk\u00fcche Karlsruhe","event-location-street":"Kaiserstra\u00dfe 47","event-location-zip":"76131","event-location-city":"Karlsruhe","event-location-contact-person":"","event-location-phone":"","event-location-phone-2":"","event-location-mail":"","event-location-mail-2":"","event-location-website":"","event-target-group":[{"target-group":"all"}],"event-target-group-comment":"","event-free":true,"event-organiser":[8163],"event-header-copyright-overlay":true,"event-copyright-note-description-end":false},"featured_image_urls_v2":{"full":["https:\/\/www.anika-net.de\/wp-content\/uploads\/2026\/04\/two-businesswomen-working-cafe-scaled.webp",2560,1707,false],"thumbnail":["https:\/\/www.anika-net.de\/wp-content\/uploads\/2026\/04\/two-businesswomen-working-cafe-150x150.webp",150,150,true],"medium":["https:\/\/www.anika-net.de\/wp-content\/uploads\/2026\/04\/two-businesswomen-working-cafe-300x200.webp",300,200,true],"medium_large":["https:\/\/www.anika-net.de\/wp-content\/uploads\/2026\/04\/two-businesswomen-working-cafe-768x512.webp",640,427,true],"large":["https:\/\/www.anika-net.de\/wp-content\/uploads\/2026\/04\/two-businesswomen-working-cafe-1024x683.webp",640,427,true],"1536x1536":["https:\/\/www.anika-net.de\/wp-content\/uploads\/2026\/04\/two-businesswomen-working-cafe-1536x1024.webp",1536,1024,true],"2048x2048":["https:\/\/www.anika-net.de\/wp-content\/uploads\/2026\/04\/two-businesswomen-working-cafe-2048x1365.webp",2048,1365,true],"event-overview":["https:\/\/www.anika-net.de\/wp-content\/uploads\/2026\/04\/two-businesswomen-working-cafe-960x640.webp",960,640,true],"event-archive-thumb":["https:\/\/www.anika-net.de\/wp-content\/uploads\/2026\/04\/two-businesswomen-working-cafe-480x320.webp",480,320,true],"grid-item-thumbnail":["https:\/\/www.anika-net.de\/wp-content\/uploads\/2026\/04\/two-businesswomen-working-cafe-360x200.webp",360,200,true],"network-partner-icon":["https:\/\/www.anika-net.de\/wp-content\/uploads\/2026\/04\/two-businesswomen-working-cafe-100x100.webp",100,100,true],"organiser-icon":["https:\/\/www.anika-net.de\/wp-content\/uploads\/2026\/04\/two-businesswomen-working-cafe-200x200.webp",200,200,true],"gform-image-choice-sm":["https:\/\/www.anika-net.de\/wp-content\/uploads\/2026\/04\/two-businesswomen-working-cafe-scaled.webp",300,200,false],"gform-image-choice-md":["https:\/\/www.anika-net.de\/wp-content\/uploads\/2026\/04\/two-businesswomen-working-cafe-scaled.webp",400,267,false],"gform-image-choice-lg":["https:\/\/www.anika-net.de\/wp-content\/uploads\/2026\/04\/two-businesswomen-working-cafe-scaled.webp",600,400,false]},"post_excerpt_stackable_v2":"<p>Potrze\u00adbu\u00adjesz pora\u00addy w kwe\u00adstii praw\u00adnej lub nie jeste\u015b pewien swo\u00adich praw? To \u015bwiet\u00adna oka\u00adzja, aby uzy\u00adska\u0107 bez\u00adp\u0142at\u00adn\u0105 pro\u00adfe\u00adsjo\u00adnal\u00adn\u0105 pora\u00add\u0119 w przy\u00adja\u00adznej prze\u00adstrze\u00adni spo\u00ad\u0142ecz\u00adno\u00ad\u015bci.&nbsp; Otwar\u00adte kon\u00adsul\u00adta\u00adcje praw\u00adne Praw\u00adnicz\u00adkaCaro\u00adli\u00adne Sch\u00e4fer (raum-fuer-recht.de) i jej kole\u00adga Her\u00admann Bau\u00ader (honold.de) ofe\u00adru\u00adj\u0105 bez\u00adp\u0142at\u00adne pora\u00addy praw\u00adne dla spo\u00ad\u0142ecz\u00adno\u00ad\u015bci. Tema\u00adty obej\u00admu\u00adj\u0105:- Pra\u00adwo poby\u00adtu i azy\u00ad\u00adlu- Pra\u00adwo naj\u00admu- Og\u00f3l\u00adne pra\u00adwo cywil\u00adne Te otwar\u00adte kon\u00adsul\u00adta\u00adcje praw\u00adne odby\u00adwa\u00adj\u0105 si\u0119 w r\u00f3\u017c\u00adne&nbsp;\u015bro\u00addy.&nbsp; Nie trze\u00adba si\u0119 uma\u00adwia\u0107. Po pro\u00adstu wpadnij!&nbsp;<\/p>\n","category_list_v2":"","author_info_v2":{"name":"Valentina Patterson","url":"https:\/\/www.anika-net.de\/pl\/author\/valentinapatterson\/"},"comments_num_v2":"0 comments","uagb_featured_image_src":{"full":["https:\/\/www.anika-net.de\/wp-content\/uploads\/2026\/04\/two-businesswomen-working-cafe-scaled.webp",2560,1707,false],"thumbnail":["https:\/\/www.anika-net.de\/wp-content\/uploads\/2026\/04\/two-businesswomen-working-cafe-150x150.webp",150,150,true],"medium":["https:\/\/www.anika-net.de\/wp-content\/uploads\/2026\/04\/two-businesswomen-working-cafe-300x200.webp",300,200,true],"medium_large":["https:\/\/www.anika-net.de\/wp-content\/uploads\/2026\/04\/two-businesswomen-working-cafe-768x512.webp",640,427,true],"large":["https:\/\/www.anika-net.de\/wp-content\/uploads\/2026\/04\/two-businesswomen-working-cafe-1024x683.webp",640,427,true],"1536x1536":["https:\/\/www.anika-net.de\/wp-content\/uploads\/2026\/04\/two-businesswomen-working-cafe-1536x1024.webp",1536,1024,true],"2048x2048":["https:\/\/www.anika-net.de\/wp-content\/uploads\/2026\/04\/two-businesswomen-working-cafe-2048x1365.webp",2048,1365,true],"event-overview":["https:\/\/www.anika-net.de\/wp-content\/uploads\/2026\/04\/two-businesswomen-working-cafe-960x640.webp",960,640,true],"event-archive-thumb":["https:\/\/www.anika-net.de\/wp-content\/uploads\/2026\/04\/two-businesswomen-working-cafe-480x320.webp",480,320,true],"grid-item-thumbnail":["https:\/\/www.anika-net.de\/wp-content\/uploads\/2026\/04\/two-businesswomen-working-cafe-360x200.webp",360,200,true],"network-partner-icon":["https:\/\/www.anika-net.de\/wp-content\/uploads\/2026\/04\/two-businesswomen-working-cafe-100x100.webp",100,100,true],"organiser-icon":["https:\/\/www.anika-net.de\/wp-content\/uploads\/2026\/04\/two-businesswomen-working-cafe-200x200.webp",200,200,true],"gform-image-choice-sm":["https:\/\/www.anika-net.de\/wp-content\/uploads\/2026\/04\/two-businesswomen-working-cafe-scaled.webp",300,200,false],"gform-image-choice-md":["https:\/\/www.anika-net.de\/wp-content\/uploads\/2026\/04\/two-businesswomen-working-cafe-scaled.webp",400,267,false],"gform-image-choice-lg":["https:\/\/www.anika-net.de\/wp-content\/uploads\/2026\/04\/two-businesswomen-working-cafe-scaled.webp",600,400,false]},"uagb_author_info":{"display_name":"Valentina Patterson","author_link":"https:\/\/www.anika-net.de\/pl\/author\/valentinapatterson\/"},"uagb_comment_info":0,"uagb_excerpt":"Potrze\u00adbu\u00adjesz pora\u00addy w kwe\u00adstii praw\u00adnej lub nie jeste\u015b pewien swo\u00adich praw? To \u015bwiet\u00adna oka\u00adzja, aby uzy\u00adska\u0107 bez\u00adp\u0142at\u00adn\u0105 pro\u00adfe\u00adsjo\u00adnal\u00adn\u0105 pora\u00add\u0119 w przy\u00adja\u00adznej prze\u00adstrze\u00adni spo\u0142eczno\u015bci.&nbsp; Otwar\u00adte kon\u00adsul\u00adta\u00adcje praw\u00adne Praw\u00adnicz\u00adkaCaro\u00adli\u00adne Sch\u00e4fer (raum-fuer-recht.de) i&nbsp;czytaj wi\u0119cej","_links":{"self":[{"href":"https:\/\/www.anika-net.de\/pl\/wp-json\/wp\/v2\/event\/121613","targetHints":{"allow":["GET"]}}],"collection":[{"href":"https:\/\/www.anika-net.de\/pl\/wp-json\/wp\/v2\/event"}],"about":[{"href":"https:\/\/www.anika-net.de\/pl\/wp-json\/wp\/v2\/types\/event"}],"author":[{"embeddable":true,"href":"https:\/\/www.anika-net.de\/pl\/wp-json\/wp\/v2\/users\/16"}],"version-history":[{"count":1,"href":"https:\/\/www.anika-net.de\/pl\/wp-json\/wp\/v2\/event\/121613\/revisions"}],"predecessor-version":[{"id":121614,"href":"https:\/\/www.anika-net.de\/pl\/wp-json\/wp\/v2\/event\/121613\/revisions\/121614"}],"acf:post":[{"embeddable":true,"href":"https:\/\/www.anika-net.de\/pl\/wp-json\/wp\/v2\/organiser\/8163"}],"acf:term":[{"embeddable":true,"taxonomy":"event_category","href":"https:\/\/www.anika-net.de\/pl\/wp-json\/wp\/v2\/event_category\/185"}],"wp:featuredmedia":[{"embeddable":true,"href":"https:\/\/www.anika-net.de\/pl\/wp-json\/wp\/v2\/media\/121612"}],"wp:attachment":[{"href":"https:\/\/www.anika-net.de\/pl\/wp-json\/wp\/v2\/media?parent=121613"}],"curies":[{"name":"wp","href":"https:\/\/api.w.org\/{rel}","templated":true}]}}

<p>Potrze­bu­jesz pora­dy w kwe­stii praw­nej lub nie jesteś pewien swo­ich praw? To świet­na oka­zja, aby uzy­skać <strong>bez­płat­ną pro­fe­sjo­nal­ną pora­dę</strong> w przy­ja­znej prze­strze­ni społeczności.&nbsp;</p>

<h4 class="wp-block-heading">Otwar­te kon­sul­ta­cje praw­ne<br> Praw­nicz­ka<strong>Caro­li­ne Schäfer (raum-fuer-recht.de) i jej kole­ga Her­mann Bau­er (honold.de) ofe­ru­ją bez­płat­ne pora­dy praw­ne dla społeczności.</strong></h4>

<p><strong>Tema­ty obej­mu­ją:</strong><br>- Pra­wo poby­tu i azy­lu<br>- Pra­wo naj­mu<br>- Ogól­ne pra­wo cywilne</p>

<p>Te otwar­te kon­sul­ta­cje praw­ne odby­wa­ją się w róż­ne&nbsp;środy.&nbsp;</p>

<p>Nie trze­ba się uma­wiać. Po pro­stu wpadnij!&nbsp;</p>

<p></p>

Kulturküche Karlsruhe

Kaiserstraße 47

<p>Potrze­bu­jesz pora­dy w kwe­stii praw­nej lub nie jesteś pewien swo­ich praw? To świet­na oka­zja, aby uzy­skać bez­płat­ną pro­fe­sjo­nal­ną pora­dę w przy­ja­znej prze­strze­ni spo­łecz­no­ści.&nbsp; Otwar­te kon­sul­ta­cje praw­ne Praw­nicz­kaCaro­li­ne Schäfer (raum-fuer-recht.de) i jej kole­ga Her­mann Bau­er (honold.de) ofe­ru­ją bez­płat­ne pora­dy praw­ne dla spo­łecz­no­ści. Tema­ty obej­mu­ją:- Pra­wo poby­tu i azy­­lu- Pra­wo naj­mu- Ogól­ne pra­wo cywil­ne Te otwar­te kon­sul­ta­cje praw­ne odby­wa­ją się w róż­ne&nbsp;śro­dy.&nbsp; Nie trze­ba się uma­wiać. Po pro­stu wpadnij!&nbsp;</p>

Potrze­bu­jesz pora­dy w kwe­stii praw­nej lub nie jesteś pewien swo­ich praw? To świet­na oka­zja, aby uzy­skać bez­płat­ną pro­fe­sjo­nal­ną pora­dę w przy­ja­znej prze­strze­ni społeczności.&nbsp; Otwar­te kon­sul­ta­cje praw­ne Praw­nicz­kaCaro­li­ne Schäfer (raum-fuer-recht.de) i&nbsp;czytaj więcej
