{"id":120693,"date":"2026-04-14T12:47:40","date_gmt":"2026-04-14T10:47:40","guid":{"rendered":"https:\/\/www.anika-net.de\/event\/dolacz-do-klubow-karnawalowych-w-karlsruhe-dla-dzieci-i-mlodziezy\/"},"modified":"2026-04-14T13:05:24","modified_gmt":"2026-04-14T11:05:24","slug":"dolacz-do-klubow-karnawalowych-w-karlsruhe-dla-dzieci-i-mlodziezy","status":"publish","type":"event","link":"https:\/\/www.anika-net.de\/pl\/event\/dolacz-do-klubow-karnawalowych-w-karlsruhe-dla-dzieci-i-mlodziezy\/","title":{"rendered":"Do\u0142\u0105cz do klu\u00adb\u00f3w kar\u00adna\u00adwa\u00ad\u0142o\u00adwych w Karls\u00adru\u00adhe dla dzie\u00adci i m\u0142odzie\u017cy"},"content":{"rendered":"\n<p>Wie\u00adle klu\u00adb\u00f3w kar\u00adna\u00adwa\u00ad\u0142o\u00adwych w Karls\u00adru\u00adhe jest aktyw\u00adnie zaan\u00adga\u00ad\u017co\u00adwa\u00adnych w <strong>taniec kar\u00adna\u00adwa\u00ad\u0142o\u00adwy (Kar\u00adne\u00adva\u00adli\u00adsti\u00adscher Tanz\u00adsport)<\/strong>, zabaw\u00adny i dyna\u00admicz\u00adny sport \u0142\u0105cz\u0105\u00adcy taniec, pra\u00adc\u0119 zespo\u00ad\u0142o\u00adw\u0105 i wyst\u0119py.<\/p>\n\n<h4 class=\"wp-block-heading\">Je\u015bli szu\u00adkasz <strong>klu\u00adb\u00f3w kar\u00adna\u00adwa\u00ad\u0142o\u00adwych w<\/strong> <strong>Karls\u00adru\u00adhe<\/strong> <strong>dla dzie\u00adci i m\u0142o\u00addzie\u00ad\u017cy<\/strong>, <strong>Komi\u00adtet Kar\u00adna\u00adwa\u00ad\u0142o\u00adwy Karls\u00adru\u00adhe (FKF<\/strong> ) mo\u017ce pom\u00f3c Ci w zna\u00adle\u00adzie\u00adniu odpo\u00adwied\u00adnie\u00adgo lokal\u00adne\u00adgo&nbsp;klubu.<\/h4>\n\n<p>Umiesz\u00adcze\u00adnie mo\u017ce uwzgl\u0119d\u00adnia\u0107 <strong>oko\u00adli\u00adc\u0119, w kt\u00f3\u00adrej miesz\u00adka dziec\u00adko lub m\u0142o\u00adda oso\u00adba<\/strong>, u\u0142a\u00adtwia\u00adj\u0105c do\u0142\u0105\u00adcze\u00adnie do pobli\u00adskiej&nbsp;grupy.<\/p>\n\n<p>To \u015bwiet\u00adna oka\u00adzja, aby nawi\u0105\u00adza\u0107 <strong>przy\u00adja\u017a\u00adnie, pozo\u00adsta\u0107 aktyw\u00adnym i sta\u0107 si\u0119 cz\u0119\u00ad\u015bci\u0105 lokal\u00adne\u00adgo \u017cycia kul\u00adtu\u00adral\u00adne\u00adgo<\/strong>.<\/p>\n\n<p>Wi\u0119\u00adcej infor\u00adma\u00adcji mo\u017c\u00adna zna\u00adle\u017a\u0107 na stro\u00adnie: <strong><a href=\"http:\/\/www.karlsruher-festausschuss.de\" rel=\"noopener\">www.karlsruher-festausschuss.de<\/a><\/strong><br><strong>Znajd\u017a sw\u00f3j rytm, poznaj nowych przy\u00adja\u00adci\u00f3\u0142 i do\u0142\u0105cz do zespo\u00ad\u0142u karnawa\u0142owego!<\/strong><\/p>\n\n<p><\/p>\n","protected":false},"author":12,"featured_media":120692,"template":"","class_list":["post-120693","event","type-event","status-publish","has-post-thumbnail","hentry","event_category-rekreacja"],"acf":{"event-recurring":true,"event-category":184,"event-is-language-course":false,"event-recurring-still-active":true,"event-display-details":true,"event-schedules-recurring":null,"event-schedules-calendar":[{"event-calendar-day":"20270101","event-calendar-time":"","event-calendar-time-text":""}],"event-is-online":false,"event-online-url":"","event-location-building":"Die Karlsruher Karnevalsvereine","event-location-street":"","event-location-zip":"","event-location-city":"Karlsruhe","event-location-contact-person":"Alexander Loesch, Gesch\u00e4ftsf\u00fchrer FKF","event-location-phone":"0173 32 93 178","event-location-phone-2":"","event-location-mail":"geschaeftsfuehrer@karlsruher-festausschuss.de","event-location-mail-2":"","event-location-website":"https:\/\/karlsruher-festausschuss.de\/","event-target-group":[{"target-group":"children"},{"target-group":"teens"}],"event-target-group-comment":"","event-free":true,"event-organiser":[120642],"event-header-copyright-overlay":true,"event-copyright-note-description-end":false},"featured_image_urls_v2":{"full":["https:\/\/www.anika-net.de\/wp-content\/uploads\/2026\/04\/tanzen-scaled.jpg",2560,1013,false],"thumbnail":["https:\/\/www.anika-net.de\/wp-content\/uploads\/2026\/04\/tanzen-150x150.jpg",150,150,true],"medium":["https:\/\/www.anika-net.de\/wp-content\/uploads\/2026\/04\/tanzen-300x119.jpg",300,119,true],"medium_large":["https:\/\/www.anika-net.de\/wp-content\/uploads\/2026\/04\/tanzen-768x304.jpg",640,253,true],"large":["https:\/\/www.anika-net.de\/wp-content\/uploads\/2026\/04\/tanzen-1024x405.jpg",640,253,true],"1536x1536":["https:\/\/www.anika-net.de\/wp-content\/uploads\/2026\/04\/tanzen-1536x608.jpg",1536,608,true],"2048x2048":["https:\/\/www.anika-net.de\/wp-content\/uploads\/2026\/04\/tanzen-2048x810.jpg",2048,810,true],"event-overview":["https:\/\/www.anika-net.de\/wp-content\/uploads\/2026\/04\/tanzen-960x640.jpg",960,640,true],"event-archive-thumb":["https:\/\/www.anika-net.de\/wp-content\/uploads\/2026\/04\/tanzen-480x190.jpg",480,190,true],"grid-item-thumbnail":["https:\/\/www.anika-net.de\/wp-content\/uploads\/2026\/04\/tanzen-360x200.jpg",360,200,true],"network-partner-icon":["https:\/\/www.anika-net.de\/wp-content\/uploads\/2026\/04\/tanzen-100x100.jpg",100,100,true],"organiser-icon":["https:\/\/www.anika-net.de\/wp-content\/uploads\/2026\/04\/tanzen-200x200.jpg",200,200,true],"gform-image-choice-sm":["https:\/\/www.anika-net.de\/wp-content\/uploads\/2026\/04\/tanzen-scaled.jpg",300,119,false],"gform-image-choice-md":["https:\/\/www.anika-net.de\/wp-content\/uploads\/2026\/04\/tanzen-scaled.jpg",400,158,false],"gform-image-choice-lg":["https:\/\/www.anika-net.de\/wp-content\/uploads\/2026\/04\/tanzen-scaled.jpg",600,237,false]},"post_excerpt_stackable_v2":"<p>Wie\u00adle klu\u00adb\u00f3w kar\u00adna\u00adwa\u00ad\u0142o\u00adwych w Karls\u00adru\u00adhe jest aktyw\u00adnie zaan\u00adga\u00ad\u017co\u00adwa\u00adnych w taniec kar\u00adna\u00adwa\u00ad\u0142o\u00adwy (Kar\u00adne\u00adva\u00adli\u00adsti\u00adscher Tanz\u00adsport), zabaw\u00adny i dyna\u00admicz\u00adny sport \u0142\u0105cz\u0105\u00adcy taniec, pra\u00adc\u0119 zespo\u00ad\u0142o\u00adw\u0105 i wyst\u0119\u00adpy. Je\u015bli szu\u00adkasz klu\u00adb\u00f3w kar\u00adna\u00adwa\u00ad\u0142o\u00adwych w Karls\u00adru\u00adhe dla dzie\u00adci i m\u0142o\u00addzie\u00ad\u017cy, Komi\u00adtet Kar\u00adna\u00adwa\u00ad\u0142o\u00adwy Karls\u00adru\u00adhe (FKF ) mo\u017ce pom\u00f3c Ci w zna\u00adle\u00adzie\u00adniu odpo\u00adwied\u00adnie\u00adgo lokal\u00adne\u00adgo&nbsp;klu\u00adbu. Umiesz\u00adcze\u00adnie mo\u017ce uwzgl\u0119d\u00adnia\u0107 oko\u00adli\u00adc\u0119, w kt\u00f3\u00adrej miesz\u00adka dziec\u00adko lub m\u0142o\u00adda oso\u00adba, u\u0142a\u00adtwia\u00adj\u0105c do\u0142\u0105\u00adcze\u00adnie do pobli\u00adskiej&nbsp;gru\u00adpy. To \u015bwiet\u00adna oka\u00adzja, aby nawi\u0105\u00adza\u0107 przy\u00adja\u017a\u00adnie, pozo\u00adsta\u0107 aktyw\u00adnym i sta\u0107 si\u0119 cz\u0119\u00ad\u015bci\u0105 lokal\u00adne\u00adgo \u017cycia kul\u00adtu\u00adral\u00adne\u00adgo. Wi\u0119\u00adcej infor\u00adma\u00adcji mo\u017c\u00adna zna\u00adle\u017a\u0107 na stro\u00adnie: www.karlsruher-festausschuss.deZnajd\u017a sw\u00f3j rytm, poznaj nowych przy\u00adja\u00adci\u00f3\u0142 i do\u0142\u0105cz do zespo\u00ad\u0142u karnawa\u0142owego!<\/p>\n","category_list_v2":"","author_info_v2":{"name":"Andrea Ramirez","url":"https:\/\/www.anika-net.de\/pl\/author\/andrea-ramirez\/"},"comments_num_v2":"0 comments","uagb_featured_image_src":{"full":["https:\/\/www.anika-net.de\/wp-content\/uploads\/2026\/04\/tanzen-scaled.jpg",2560,1013,false],"thumbnail":["https:\/\/www.anika-net.de\/wp-content\/uploads\/2026\/04\/tanzen-150x150.jpg",150,150,true],"medium":["https:\/\/www.anika-net.de\/wp-content\/uploads\/2026\/04\/tanzen-300x119.jpg",300,119,true],"medium_large":["https:\/\/www.anika-net.de\/wp-content\/uploads\/2026\/04\/tanzen-768x304.jpg",640,253,true],"large":["https:\/\/www.anika-net.de\/wp-content\/uploads\/2026\/04\/tanzen-1024x405.jpg",640,253,true],"1536x1536":["https:\/\/www.anika-net.de\/wp-content\/uploads\/2026\/04\/tanzen-1536x608.jpg",1536,608,true],"2048x2048":["https:\/\/www.anika-net.de\/wp-content\/uploads\/2026\/04\/tanzen-2048x810.jpg",2048,810,true],"event-overview":["https:\/\/www.anika-net.de\/wp-content\/uploads\/2026\/04\/tanzen-960x640.jpg",960,640,true],"event-archive-thumb":["https:\/\/www.anika-net.de\/wp-content\/uploads\/2026\/04\/tanzen-480x190.jpg",480,190,true],"grid-item-thumbnail":["https:\/\/www.anika-net.de\/wp-content\/uploads\/2026\/04\/tanzen-360x200.jpg",360,200,true],"network-partner-icon":["https:\/\/www.anika-net.de\/wp-content\/uploads\/2026\/04\/tanzen-100x100.jpg",100,100,true],"organiser-icon":["https:\/\/www.anika-net.de\/wp-content\/uploads\/2026\/04\/tanzen-200x200.jpg",200,200,true],"gform-image-choice-sm":["https:\/\/www.anika-net.de\/wp-content\/uploads\/2026\/04\/tanzen-scaled.jpg",300,119,false],"gform-image-choice-md":["https:\/\/www.anika-net.de\/wp-content\/uploads\/2026\/04\/tanzen-scaled.jpg",400,158,false],"gform-image-choice-lg":["https:\/\/www.anika-net.de\/wp-content\/uploads\/2026\/04\/tanzen-scaled.jpg",600,237,false]},"uagb_author_info":{"display_name":"Andrea Ramirez","author_link":"https:\/\/www.anika-net.de\/pl\/author\/andrea-ramirez\/"},"uagb_comment_info":0,"uagb_excerpt":"Wie\u00adle klu\u00adb\u00f3w kar\u00adna\u00adwa\u00ad\u0142o\u00adwych w Karls\u00adru\u00adhe jest aktyw\u00adnie zaan\u00adga\u00ad\u017co\u00adwa\u00adnych w taniec kar\u00adna\u00adwa\u00ad\u0142o\u00adwy (Kar\u00adne\u00adva\u00adli\u00adsti\u00adscher Tanz\u00adsport), zabaw\u00adny i dyna\u00admicz\u00adny sport \u0142\u0105cz\u0105\u00adcy taniec, pra\u00adc\u0119 zespo\u00ad\u0142o\u00adw\u0105 i wyst\u0119py. Je\u015bli szu\u00adkasz klu\u00adb\u00f3w kar\u00adna\u00adwa\u00ad\u0142o\u00adwych w Karls\u00adru\u00adhe dla&nbsp;czytaj wi\u0119cej","_links":{"self":[{"href":"https:\/\/www.anika-net.de\/pl\/wp-json\/wp\/v2\/event\/120693","targetHints":{"allow":["GET"]}}],"collection":[{"href":"https:\/\/www.anika-net.de\/pl\/wp-json\/wp\/v2\/event"}],"about":[{"href":"https:\/\/www.anika-net.de\/pl\/wp-json\/wp\/v2\/types\/event"}],"author":[{"embeddable":true,"href":"https:\/\/www.anika-net.de\/pl\/wp-json\/wp\/v2\/users\/12"}],"version-history":[{"count":1,"href":"https:\/\/www.anika-net.de\/pl\/wp-json\/wp\/v2\/event\/120693\/revisions"}],"predecessor-version":[{"id":120694,"href":"https:\/\/www.anika-net.de\/pl\/wp-json\/wp\/v2\/event\/120693\/revisions\/120694"}],"acf:post":[{"embeddable":true,"href":"https:\/\/www.anika-net.de\/pl\/wp-json\/wp\/v2\/organiser\/120642"}],"acf:term":[{"embeddable":true,"taxonomy":"event_category","href":"https:\/\/www.anika-net.de\/pl\/wp-json\/wp\/v2\/event_category\/184"}],"wp:featuredmedia":[{"embeddable":true,"href":"https:\/\/www.anika-net.de\/pl\/wp-json\/wp\/v2\/media\/120692"}],"wp:attachment":[{"href":"https:\/\/www.anika-net.de\/pl\/wp-json\/wp\/v2\/media?parent=120693"}],"curies":[{"name":"wp","href":"https:\/\/api.w.org\/{rel}","templated":true}]}}

Dołącz do klu­bów kar­na­wa­ło­wych w Karls­ru­he dla dzie­ci i młodzieży

<p>Wie­le klu­bów kar­na­wa­ło­wych w Karls­ru­he jest aktyw­nie zaan­ga­żo­wa­nych w <strong>taniec kar­na­wa­ło­wy (Kar­ne­va­li­sti­scher Tanz­sport)</strong>, zabaw­ny i dyna­micz­ny sport łączą­cy taniec, pra­cę zespo­ło­wą i występy.</p>

<h4 class="wp-block-heading">Jeśli szu­kasz <strong>klu­bów kar­na­wa­ło­wych w</strong> <strong>Karls­ru­he</strong> <strong>dla dzie­ci i mło­dzie­ży</strong>, <strong>Komi­tet Kar­na­wa­ło­wy Karls­ru­he (FKF</strong> ) może pomóc Ci w zna­le­zie­niu odpo­wied­nie­go lokal­ne­go&nbsp;klubu.</h4>

<p>Umiesz­cze­nie może uwzględ­niać <strong>oko­li­cę, w któ­rej miesz­ka dziec­ko lub mło­da oso­ba</strong>, uła­twia­jąc dołą­cze­nie do pobli­skiej&nbsp;grupy.</p>

<p>To świet­na oka­zja, aby nawią­zać <strong>przy­jaź­nie, pozo­stać aktyw­nym i stać się czę­ścią lokal­ne­go życia kul­tu­ral­ne­go</strong>.</p>

<p>Wię­cej infor­ma­cji moż­na zna­leźć na stro­nie: <strong><a href="http://www.karlsruher-festausschuss.de" rel="noopener">www.karlsruher-festausschuss.de</a></strong><br><strong>Znajdź swój rytm, poznaj nowych przy­ja­ciół i dołącz do zespo­łu karnawałowego!</strong></p>

<p></p>

Alexander Loesch, Geschäftsführer FKF

<p>Wie­le klu­bów kar­na­wa­ło­wych w Karls­ru­he jest aktyw­nie zaan­ga­żo­wa­nych w taniec kar­na­wa­ło­wy (Kar­ne­va­li­sti­scher Tanz­sport), zabaw­ny i dyna­micz­ny sport łączą­cy taniec, pra­cę zespo­ło­wą i wystę­py. Jeśli szu­kasz klu­bów kar­na­wa­ło­wych w Karls­ru­he dla dzie­ci i mło­dzie­ży, Komi­tet Kar­na­wa­ło­wy Karls­ru­he (FKF ) może pomóc Ci w zna­le­zie­niu odpo­wied­nie­go lokal­ne­go&nbsp;klu­bu. Umiesz­cze­nie może uwzględ­niać oko­li­cę, w któ­rej miesz­ka dziec­ko lub mło­da oso­ba, uła­twia­jąc dołą­cze­nie do pobli­skiej&nbsp;gru­py. To świet­na oka­zja, aby nawią­zać przy­jaź­nie, pozo­stać aktyw­nym i stać się czę­ścią lokal­ne­go życia kul­tu­ral­ne­go. Wię­cej infor­ma­cji moż­na zna­leźć na stro­nie: www.karlsruher-festausschuss.deZnajdź swój rytm, poznaj nowych przy­ja­ciół i dołącz do zespo­łu karnawałowego!</p>

Wie­le klu­bów kar­na­wa­ło­wych w Karls­ru­he jest aktyw­nie zaan­ga­żo­wa­nych w taniec kar­na­wa­ło­wy (Kar­ne­va­li­sti­scher Tanz­sport), zabaw­ny i dyna­micz­ny sport łączą­cy taniec, pra­cę zespo­ło­wą i występy. Jeśli szu­kasz klu­bów kar­na­wa­ło­wych w Karls­ru­he dla&nbsp;czytaj więcej
