{"id":119604,"date":"2026-03-04T15:33:28","date_gmt":"2026-03-04T14:33:28","guid":{"rendered":"https:\/\/www.anika-net.de\/event\/elterntalk-badenia-wirtembergia\/"},"modified":"2026-03-09T11:51:33","modified_gmt":"2026-03-09T10:51:33","slug":"elterntalk-badenia-wirtembergia","status":"publish","type":"event","link":"https:\/\/www.anika-net.de\/pl\/event\/elterntalk-badenia-wirtembergia\/","title":{"rendered":"Eltern\u00adtalk Badenia-Wirtembergia"},"content":{"rendered":"\n<h2 class=\"wp-block-heading\">Eltern\u00adtalk \u2014 prze\u00adstrze\u0144 spo\u00adtka\u0144 dla rodzi\u00adc\u00f3w, w kt\u00f3\u00adrej mog\u0105 roz\u00adma\u00adwia\u0107 o \u017cyciu rodzin\u00adnym i mediach<\/h2>\n\n<h3 class=\"wp-block-heading\">Czym jest Elterntalk?<\/h3>\n\n<p>Eltern\u00adtalk to miej\u00adsce, w kt\u00f3\u00adrym mat\u00adki i ojco\u00adwie mog\u0105 spo\u00adtka\u0107 si\u0119 w swo\u00adbod\u00adnej atmos\u00adfe\u00adrze, aby poroz\u00adma\u00adwia\u0107 o codzien\u00adnym \u017cyciu rodzin\u00adnym, korzy\u00adsta\u00adniu z medi\u00f3w, smart\u00adfo\u00adn\u00f3w i Inter\u00adne\u00adtu, grach cyfro\u00adwych i innych tema\u00adtach zwi\u0105\u00adza\u00adnych z rodzi\u00adciel\u00adstwem. Spo\u00adtka\u00adnia s\u0105 mode\u00adro\u00adwa\u00adne przez prze\u00adszko\u00adlo\u00adnych rodzi\u00adc\u00f3w, s\u0105 bez\u00adp\u0142at\u00adne i w razie potrze\u00adby mog\u0105 by\u0107 pro\u00adwa\u00addzo\u00adne w r\u00f3\u017c\u00adnych j\u0119zy\u00adkach. Spo\u00adtka\u00adnia odby\u00adwa\u00adj\u0105 si\u0119 w pry\u00adwat\u00adnym, oso\u00adbi\u00adstym oto\u00adcze\u00adniu \u2014 na przy\u00adk\u0142ad w domach rodzi\u00adc\u00f3w lub w zna\u00adnych miej\u00adscach w s\u0105siedztwie.&nbsp;<\/p>\n\n<p>Eltern\u00adtalk jest cz\u0119\u00ad\u015bci\u0105 og\u00f3l\u00adno\u00adkra\u00adjo\u00adwe\u00adgo pro\u00adjek\u00adtu pro\u00adwa\u00addzo\u00adne\u00adgo przez Aktion Jugend\u00adschutz Lan\u00adde\u00adsar\u00adbe\u00adits\u00adstel\u00adle Baden-W\u00fcrt\u00adtem\u00adberg e. V. (ajs). Jest on finan\u00adso\u00adwa\u00adny przez Fun\u00adda\u00adcj\u0119 Kin\u00adder\u00adland Baden-W\u00fcrt\u00adtem\u00adberg i fun\u00addu\u00adsze pa\u0144\u00adstwo\u00adwe zatwier\u00addzo\u00adne przez par\u00adla\u00adment Badenii-Wirtembergii.&nbsp;<\/p>\n\n<p>W Karls\u00adru\u00adhe mia\u00adsto jest jed\u00adn\u0105 z pierw\u00adszych loka\u00adli\u00adza\u00adcji pro\u00adjek\u00adtu w kra\u00adju zwi\u0105z\u00adko\u00adwym z urz\u0119\u00addem ds. dzie\u00adci w obsza\u00adrze ochro\u00adny dzie\u00adci i m\u0142odzie\u017cy.<\/p>\n\n<h3 class=\"wp-block-heading\">Jak mog\u0119 wzi\u0105\u0107 udzia\u0142?<\/h3>\n\n<p><strong>Jako go\u015b\u0107<\/strong> jeste\u015b zapro\u00adszo\u00adny do podzie\u00adle\u00adnia si\u0119 swo\u00adimi do\u015bwiad\u00adcze\u00adnia\u00admi i pytaniami.<\/p>\n\n<p><strong>Jako gospo\u00addarz<\/strong> zapra\u00adszasz od czte\u00adrech do sze\u00ad\u015bciu innych rodzi\u00adc\u00f3w do gru\u00adpy dyskusyjnej.<\/p>\n\n<p><strong>Jako mode\u00adra\u00adtor<\/strong> sam jeste\u015b rodzi\u00adcem i lubisz u\u0142a\u00adtwia\u0107 pro\u00adwa\u00addze\u00adnie grup dys\u00adku\u00adsyj\u00adnych. Mode\u00adra\u00adto\u00adrzy uczest\u00adni\u00adcz\u0105 w szko\u00adle\u00adniach i otrzy\u00admu\u00adj\u0105 zwrot kosz\u00adt\u00f3w. Mate\u00adria\u00ad\u0142y infor\u00adma\u00adcyj\u00adne s\u0105 zapewnione.&nbsp;<\/p>\n\n<div class=\"wp-block-stackable-divider stk-block-divider stk-block stk-17f5163\" data-block-id=\"17f5163\"><hr class=\"stk-block-divider__hr\"><\/div>\n\n<p><strong>Other offers from the Karls\u00adru\u00adhe Children\u2019s Offi\u00adce<\/strong><br>\u2197\ufe0f <a href=\"https:\/\/www.anika-net.de\/event\/kinderburo-on-air-online-information-for-parents\/\">Kin\u00adder\u00adb\u00fcro ON AIR \u2013 Onli\u00adne Infor\u00adma\u00adtion for Parents<\/a><\/p>\n\n<div class=\"wp-block-stackable-spacer stk-block-spacer stk--no-padding stk-block stk-ff5b50c\" data-block-id=\"ff5b50c\"><\/div>\n","protected":false},"author":12,"featured_media":119603,"template":"","class_list":["post-119604","event","type-event","status-publish","has-post-thumbnail","hentry","event_category-edukacja"],"acf":{"event-recurring":true,"event-category":182,"event-is-language-course":false,"event-recurring-still-active":true,"event-display-details":true,"event-schedules-recurring":null,"event-schedules-calendar":null,"event-is-online":false,"event-online-url":"","event-location-building":"Kinderb\u00fcro - Stadt Karlsruhe","event-location-street":"Ernst-Frey-Stra\u00dfe 10","event-location-zip":"76135","event-location-city":"Karlruhe","event-location-contact-person":"Svenja Stober (Regional representative for the city of Karlsruhe)","event-location-phone":"0152 072 62 908","event-location-phone-2":"","event-location-mail":"elterntalk@sjb.karlsruhe.de","event-location-mail-2":"","event-location-website":"https:\/\/www.elterntalk-bw.de\/","event-target-group":[{"target-group":"parents"}],"event-target-group-comment":"dzieci w wieku od 0 do 14 lat","event-free":true,"event-organiser":[46610],"event-header-copyright-overlay":true,"event-copyright-note-description-end":false},"featured_image_urls_v2":{"full":["https:\/\/www.anika-net.de\/wp-content\/uploads\/2026\/03\/ajs_logo_elterntalk_4c.jpg",1280,603,false],"thumbnail":["https:\/\/www.anika-net.de\/wp-content\/uploads\/2026\/03\/ajs_logo_elterntalk_4c-150x150.jpg",150,150,true],"medium":["https:\/\/www.anika-net.de\/wp-content\/uploads\/2026\/03\/ajs_logo_elterntalk_4c-300x141.jpg",300,141,true],"medium_large":["https:\/\/www.anika-net.de\/wp-content\/uploads\/2026\/03\/ajs_logo_elterntalk_4c-768x362.jpg",640,302,true],"large":["https:\/\/www.anika-net.de\/wp-content\/uploads\/2026\/03\/ajs_logo_elterntalk_4c-1024x482.jpg",640,301,true],"1536x1536":["https:\/\/www.anika-net.de\/wp-content\/uploads\/2026\/03\/ajs_logo_elterntalk_4c.jpg",1280,603,false],"2048x2048":["https:\/\/www.anika-net.de\/wp-content\/uploads\/2026\/03\/ajs_logo_elterntalk_4c.jpg",1280,603,false],"event-overview":["https:\/\/www.anika-net.de\/wp-content\/uploads\/2026\/03\/ajs_logo_elterntalk_4c-960x603.jpg",960,603,true],"event-archive-thumb":["https:\/\/www.anika-net.de\/wp-content\/uploads\/2026\/03\/ajs_logo_elterntalk_4c-480x226.jpg",480,226,true],"grid-item-thumbnail":["https:\/\/www.anika-net.de\/wp-content\/uploads\/2026\/03\/ajs_logo_elterntalk_4c-360x200.jpg",360,200,true],"network-partner-icon":["https:\/\/www.anika-net.de\/wp-content\/uploads\/2026\/03\/ajs_logo_elterntalk_4c-100x100.jpg",100,100,true],"organiser-icon":["https:\/\/www.anika-net.de\/wp-content\/uploads\/2026\/03\/ajs_logo_elterntalk_4c-200x200.jpg",200,200,true],"gform-image-choice-sm":["https:\/\/www.anika-net.de\/wp-content\/uploads\/2026\/03\/ajs_logo_elterntalk_4c.jpg",300,141,false],"gform-image-choice-md":["https:\/\/www.anika-net.de\/wp-content\/uploads\/2026\/03\/ajs_logo_elterntalk_4c.jpg",400,188,false],"gform-image-choice-lg":["https:\/\/www.anika-net.de\/wp-content\/uploads\/2026\/03\/ajs_logo_elterntalk_4c.jpg",600,283,false]},"post_excerpt_stackable_v2":"<p>Eltern\u00adtalk \u2014 prze\u00adstrze\u0144 spo\u00adtka\u0144 dla rodzi\u00adc\u00f3w, w kt\u00f3\u00adrej mog\u0105 roz\u00adma\u00adwia\u0107 o \u017cyciu rodzin\u00adnym i mediach Czym jest Eltern\u00adtalk? Eltern\u00adtalk to miej\u00adsce, w kt\u00f3\u00adrym mat\u00adki i ojco\u00adwie mog\u0105 spo\u00adtka\u0107 si\u0119 w swo\u00adbod\u00adnej atmos\u00adfe\u00adrze, aby poroz\u00adma\u00adwia\u0107 o codzien\u00adnym \u017cyciu rodzin\u00adnym, korzy\u00adsta\u00adniu z medi\u00f3w, smart\u00adfo\u00adn\u00f3w i Inter\u00adne\u00adtu, grach cyfro\u00adwych i innych tema\u00adtach zwi\u0105\u00adza\u00adnych z rodzi\u00adciel\u00adstwem. Spo\u00adtka\u00adnia s\u0105 mode\u00adro\u00adwa\u00adne przez prze\u00adszko\u00adlo\u00adnych rodzi\u00adc\u00f3w, s\u0105 bez\u00adp\u0142at\u00adne i w razie potrze\u00adby mog\u0105 by\u0107 pro\u00adwa\u00addzo\u00adne w r\u00f3\u017c\u00adnych j\u0119zy\u00adkach. Spo\u00adtka\u00adnia odby\u00adwa\u00adj\u0105 si\u0119 w pry\u00adwat\u00adnym, oso\u00adbi\u00adstym oto\u00adcze\u00adniu \u2014 na przy\u00adk\u0142ad w domach rodzi\u00adc\u00f3w lub w zna\u00adnych miej\u00adscach w s\u0105siedz\u00adtwie.&nbsp; Eltern\u00adtalk jest cz\u0119\u00ad\u015bci\u0105 og\u00f3l\u00adno\u00adkra\u00adjo\u00adwe\u00adgo pro\u00adjek\u00adtu pro\u00adwa\u00addzo\u00adne\u00adgo przez Aktion Jugend\u00adschutz Lan\u00adde\u00adsar\u00adbe\u00adits\u00adstel\u00adle Baden-W\u00fcrttemberg\u2026<\/p>\n","category_list_v2":"","author_info_v2":{"name":"Andrea Ramirez","url":"https:\/\/www.anika-net.de\/pl\/author\/andrea-ramirez\/"},"comments_num_v2":"0 comments","uagb_featured_image_src":{"full":["https:\/\/www.anika-net.de\/wp-content\/uploads\/2026\/03\/ajs_logo_elterntalk_4c.jpg",1280,603,false],"thumbnail":["https:\/\/www.anika-net.de\/wp-content\/uploads\/2026\/03\/ajs_logo_elterntalk_4c-150x150.jpg",150,150,true],"medium":["https:\/\/www.anika-net.de\/wp-content\/uploads\/2026\/03\/ajs_logo_elterntalk_4c-300x141.jpg",300,141,true],"medium_large":["https:\/\/www.anika-net.de\/wp-content\/uploads\/2026\/03\/ajs_logo_elterntalk_4c-768x362.jpg",640,302,true],"large":["https:\/\/www.anika-net.de\/wp-content\/uploads\/2026\/03\/ajs_logo_elterntalk_4c-1024x482.jpg",640,301,true],"1536x1536":["https:\/\/www.anika-net.de\/wp-content\/uploads\/2026\/03\/ajs_logo_elterntalk_4c.jpg",1280,603,false],"2048x2048":["https:\/\/www.anika-net.de\/wp-content\/uploads\/2026\/03\/ajs_logo_elterntalk_4c.jpg",1280,603,false],"event-overview":["https:\/\/www.anika-net.de\/wp-content\/uploads\/2026\/03\/ajs_logo_elterntalk_4c-960x603.jpg",960,603,true],"event-archive-thumb":["https:\/\/www.anika-net.de\/wp-content\/uploads\/2026\/03\/ajs_logo_elterntalk_4c-480x226.jpg",480,226,true],"grid-item-thumbnail":["https:\/\/www.anika-net.de\/wp-content\/uploads\/2026\/03\/ajs_logo_elterntalk_4c-360x200.jpg",360,200,true],"network-partner-icon":["https:\/\/www.anika-net.de\/wp-content\/uploads\/2026\/03\/ajs_logo_elterntalk_4c-100x100.jpg",100,100,true],"organiser-icon":["https:\/\/www.anika-net.de\/wp-content\/uploads\/2026\/03\/ajs_logo_elterntalk_4c-200x200.jpg",200,200,true],"gform-image-choice-sm":["https:\/\/www.anika-net.de\/wp-content\/uploads\/2026\/03\/ajs_logo_elterntalk_4c.jpg",300,141,false],"gform-image-choice-md":["https:\/\/www.anika-net.de\/wp-content\/uploads\/2026\/03\/ajs_logo_elterntalk_4c.jpg",400,188,false],"gform-image-choice-lg":["https:\/\/www.anika-net.de\/wp-content\/uploads\/2026\/03\/ajs_logo_elterntalk_4c.jpg",600,283,false]},"uagb_author_info":{"display_name":"Andrea Ramirez","author_link":"https:\/\/www.anika-net.de\/pl\/author\/andrea-ramirez\/"},"uagb_comment_info":0,"uagb_excerpt":"Eltern\u00adtalk \u2014 prze\u00adstrze\u0144 spo\u00adtka\u0144 dla rodzi\u00adc\u00f3w, w kt\u00f3\u00adrej mog\u0105 roz\u00adma\u00adwia\u0107 o \u017cyciu rodzin\u00adnym i mediach Czym jest Elterntalk? Eltern\u00adtalk to miej\u00adsce, w kt\u00f3\u00adrym mat\u00adki i ojco\u00adwie mog\u0105 spo\u00adtka\u0107 si\u0119 w&nbsp;czytaj wi\u0119cej","_links":{"self":[{"href":"https:\/\/www.anika-net.de\/pl\/wp-json\/wp\/v2\/event\/119604","targetHints":{"allow":["GET"]}}],"collection":[{"href":"https:\/\/www.anika-net.de\/pl\/wp-json\/wp\/v2\/event"}],"about":[{"href":"https:\/\/www.anika-net.de\/pl\/wp-json\/wp\/v2\/types\/event"}],"author":[{"embeddable":true,"href":"https:\/\/www.anika-net.de\/pl\/wp-json\/wp\/v2\/users\/12"}],"version-history":[{"count":2,"href":"https:\/\/www.anika-net.de\/pl\/wp-json\/wp\/v2\/event\/119604\/revisions"}],"predecessor-version":[{"id":119667,"href":"https:\/\/www.anika-net.de\/pl\/wp-json\/wp\/v2\/event\/119604\/revisions\/119667"}],"acf:post":[{"embeddable":true,"href":"https:\/\/www.anika-net.de\/pl\/wp-json\/wp\/v2\/organiser\/46610"}],"acf:term":[{"embeddable":true,"taxonomy":"event_category","href":"https:\/\/www.anika-net.de\/pl\/wp-json\/wp\/v2\/event_category\/182"}],"wp:featuredmedia":[{"embeddable":true,"href":"https:\/\/www.anika-net.de\/pl\/wp-json\/wp\/v2\/media\/119603"}],"wp:attachment":[{"href":"https:\/\/www.anika-net.de\/pl\/wp-json\/wp\/v2\/media?parent=119604"}],"curies":[{"name":"wp","href":"https:\/\/api.w.org\/{rel}","templated":true}]}}

<h2 class="wp-block-heading">Eltern­talk — prze­strzeń spo­tkań dla rodzi­ców, w któ­rej mogą roz­ma­wiać o życiu rodzin­nym i mediach</h2>

<h3 class="wp-block-heading">Czym jest Elterntalk?</h3>

<p>Eltern­talk to miej­sce, w któ­rym mat­ki i ojco­wie mogą spo­tkać się w swo­bod­nej atmos­fe­rze, aby poroz­ma­wiać o codzien­nym życiu rodzin­nym, korzy­sta­niu z mediów, smart­fo­nów i Inter­ne­tu, grach cyfro­wych i innych tema­tach zwią­za­nych z rodzi­ciel­stwem. Spo­tka­nia są mode­ro­wa­ne przez prze­szko­lo­nych rodzi­ców, są bez­płat­ne i w razie potrze­by mogą być pro­wa­dzo­ne w róż­nych języ­kach. Spo­tka­nia odby­wa­ją się w pry­wat­nym, oso­bi­stym oto­cze­niu — na przy­kład w domach rodzi­ców lub w zna­nych miej­scach w sąsiedztwie.&nbsp;</p>

<p>Eltern­talk jest czę­ścią ogól­no­kra­jo­we­go pro­jek­tu pro­wa­dzo­ne­go przez Aktion Jugend­schutz Lan­de­sar­be­its­stel­le Baden-Würt­tem­berg e. V. (ajs). Jest on finan­so­wa­ny przez Fun­da­cję Kin­der­land Baden-Würt­tem­berg i fun­du­sze pań­stwo­we zatwier­dzo­ne przez par­la­ment Badenii-Wirtembergii.&nbsp;</p>

<p>W Karls­ru­he mia­sto jest jed­ną z pierw­szych loka­li­za­cji pro­jek­tu w kra­ju związ­ko­wym z urzę­dem ds. dzie­ci w obsza­rze ochro­ny dzie­ci i młodzieży.</p>

<h3 class="wp-block-heading">Jak mogę wziąć udział?</h3>

<p><strong>Jako gość</strong> jesteś zapro­szo­ny do podzie­le­nia się swo­imi doświad­cze­nia­mi i pytaniami.</p>

<p><strong>Jako gospo­darz</strong> zapra­szasz od czte­rech do sze­ściu innych rodzi­ców do gru­py dyskusyjnej.</p>

<p><strong>Jako mode­ra­tor</strong> sam jesteś rodzi­cem i lubisz uła­twiać pro­wa­dze­nie grup dys­ku­syj­nych. Mode­ra­to­rzy uczest­ni­czą w szko­le­niach i otrzy­mu­ją zwrot kosz­tów. Mate­ria­ły infor­ma­cyj­ne są zapewnione.&nbsp;</p>

<div class="wp-block-stackable-divider stk-block-divider stk-block stk-17f5163" data-block-id="17f5163"><hr class="stk-block-divider__hr"></div>

<p><strong>Other offers from the Karls­ru­he Children’s Offi­ce</strong><br>↗️ <a href="https://www.anika-net.de/event/kinderburo-on-air-online-information-for-parents/">Kin­der­büro ON AIR – Onli­ne Infor­ma­tion for Parents</a></p>

<div class="wp-block-stackable-spacer stk-block-spacer stk--no-padding stk-block stk-ff5b50c" data-block-id="ff5b50c"></div>

Kinderbüro - Stadt Karlsruhe

Ernst-Frey-Straße 10

<p>Eltern­talk — prze­strzeń spo­tkań dla rodzi­ców, w któ­rej mogą roz­ma­wiać o życiu rodzin­nym i mediach Czym jest Eltern­talk? Eltern­talk to miej­sce, w któ­rym mat­ki i ojco­wie mogą spo­tkać się w swo­bod­nej atmos­fe­rze, aby poroz­ma­wiać o codzien­nym życiu rodzin­nym, korzy­sta­niu z mediów, smart­fo­nów i Inter­ne­tu, grach cyfro­wych i innych tema­tach zwią­za­nych z rodzi­ciel­stwem. Spo­tka­nia są mode­ro­wa­ne przez prze­szko­lo­nych rodzi­ców, są bez­płat­ne i w razie potrze­by mogą być pro­wa­dzo­ne w róż­nych języ­kach. Spo­tka­nia odby­wa­ją się w pry­wat­nym, oso­bi­stym oto­cze­niu — na przy­kład w domach rodzi­ców lub w zna­nych miej­scach w sąsiedz­twie.&nbsp; Eltern­talk jest czę­ścią ogól­no­kra­jo­we­go pro­jek­tu pro­wa­dzo­ne­go przez Aktion Jugend­schutz Lan­de­sar­be­its­stel­le Baden-Württemberg…</p>

Eltern­talk — prze­strzeń spo­tkań dla rodzi­ców, w któ­rej mogą roz­ma­wiać o życiu rodzin­nym i mediach Czym jest Elterntalk? Eltern­talk to miej­sce, w któ­rym mat­ki i ojco­wie mogą spo­tkać się w&nbsp;czytaj więcej
