{"id":117985,"date":"2026-01-12T12:44:44","date_gmt":"2026-01-12T11:44:44","guid":{"rendered":"https:\/\/www.anika-net.de\/event\/poznaj-dzien-2026-dla-uchodzcow-zainteresowanych-szkoleniem-zawodowym\/"},"modified":"2026-01-12T13:08:25","modified_gmt":"2026-01-12T12:08:25","slug":"poznaj-dzien-2026-dla-uchodzcow-zainteresowanych-szkoleniem-zawodowym","status":"publish","type":"event","link":"https:\/\/www.anika-net.de\/pl\/event\/poznaj-dzien-2026-dla-uchodzcow-zainteresowanych-szkoleniem-zawodowym\/","title":{"rendered":"Poznaj dzie\u0144 2026 dla uchod\u017a\u00adc\u00f3w zain\u00adte\u00adre\u00adso\u00adwa\u00adnych szko\u00adle\u00adniem zawodowym"},"content":{"rendered":"<h4><span style=\"color: #008080;\"><b>Per\u00adspek\u00adty\u00adwy prak\u00adtyk zawo\u00addo\u00adwych \u2014 inte\u00adgra\u00adcja zawo\u00addo\u00adwa uchod\u017a\u00adc\u00f3w<\/b>\u201d<\/span><\/h4>\n<h2><span style=\"color: #ff9900;\"><b>Poznaj dzie\u0144 2026<\/b> dla uchod\u017a\u00adc\u00f3w zain\u00adte\u00adre\u00adso\u00adwa\u00adnych szko\u00adle\u00adniem zawodowym<\/span><\/h2>\n<p>Dobrze zado\u00admo\u00adwi\u00ad\u0142e\u015b si\u0119 w Karls\u00adru\u00adhe i szu\u00adkasz teraz prak\u00adtyk zawo\u00addo\u00adwych? Nie jeste\u015b jesz\u00adcze pewien, jakie\u00adgo zawo\u00addu chcia\u0142\u00adby\u015b si\u0119 uczy\u0107 i chcia\u0142\u00adby\u015b zdo\u00adby\u0107 pierw\u00adsze do\u015bwiad\u00adcze\u00adnie poprzez sta\u017c? <br>W takim razie tra\u00adfi\u00ad\u0142e\u015b we w\u0142a\u00ad\u015bci\u00adwe miej\u00adsce! Sta\u017c jest bar\u00addzo wa\u017c\u00adny dla Two\u00adjej przy\u00adsz\u0142o\u00ad\u015bci i inte\u00adgra\u00adcji ze spo\u0142ecze\u0144stwem.&nbsp;<\/p>\n<p><strong>Szko\u00adle\u00adnia i sta\u00ad\u017ce w mie\u00ad\u015bcie Karlsruhe<\/strong><\/p>\n<ul>\n<li>Mecha\u00adnik precyzyjny<\/li>\n<li>Fore\u00adster<\/li>\n<li>Ogrod\u00adnik<\/li>\n<li>Tech\u00adnik mecha\u00adtro\u00adnik samochodowy<\/li>\n<li>Budow\u00adni\u00adczy&nbsp;dr\u00f3g<\/li>\n<li>Tech\u00adnik elektronik<\/li>\n<li>Kre\u00ad\u015blarz w dzie\u00addzi\u00adnie in\u017cy\u00adnie\u00adrii l\u0105do\u00adwej i architektury<\/li>\n<li>Edu\u00adka\u00adtor<\/li>\n<li>M\u0142o\u00addzie\u017c i wycho\u00adwaw\u00adca domowy<\/li>\n<\/ul>\n<p><strong><span style=\"color: #800080;\">Cze\u00adgo si\u0119 spodziewa\u0107:<\/span><\/strong><\/p>\n<ul>\n<li>Otrzy\u00admasz wie\u00adle infor\u00adma\u00adcji na temat naszych prak\u00adtyk zawodowych.<\/li>\n<li>Dowiesz si\u0119, w jaki spo\u00ads\u00f3b Ci\u0119 wspieramy.<\/li>\n<li>Poznasz naszych tre\u00adne\u00adr\u00f3w i sta\u017cyst\u00f3w.<\/li>\n<li>Mo\u017ce\u00admy pozna\u0107 si\u0119 szyb\u00adko i \u0142atwo dzi\u0119\u00adki spe\u00aded dating.<\/li>\n<\/ul>\n<p><span style=\"color: #008080;\"><strong>Nie mo\u017ce\u00admy si\u0119 docze\u00adka\u0107, aby Ci\u0119 pozna\u0107!<\/strong><\/span><\/p>\n\n<p>Czy <strong>jeste\u015b zain\u00adte\u00adre\u00adso\u00adwa\u00adny?<\/strong><br><strong>Zare\u00adje\u00adstruj si\u0119<\/strong> na dzie\u0144 wpro\u00adwa\u00addza\u00adj\u0105\u00adcy za pomo\u00adc\u0105 \ufe0f <strong><a href=\"https:\/\/terminplaner6.dfn.de\/p\/a7a72ac68f87cada10193779197ac2cc-1532237\" rel=\"noopener\">for\u00admu\u00adlarz reje\u00adstra\u00adcyj\u00adny<\/a><\/strong>.<\/p>\n\n<p>Nie prze\u00adgap tej oka\u00adzji.  <strong>Z nie\u00adcier\u00adpli\u00adwo\u00ad\u015bci\u0105 cze\u00adka\u00admy na spotkanie!<\/strong><\/p>\n","protected":false},"author":12,"featured_media":46913,"template":"","class_list":["post-117985","event","type-event","status-publish","has-post-thumbnail","hentry","event_category-edukacja"],"acf":{"event-recurring":false,"event-category":182,"event-is-language-course":false,"event-recurring-still-active":true,"event-display-details":false,"event-schedules-recurring":null,"event-schedules-calendar":[{"event-calendar-day":"20260127","event-calendar-time":"09:00 - 12:00","event-calendar-time-text":""}],"event-is-online":false,"event-online-url":"","event-location-building":"Exotenhaus of the Zoologischer Stadtgarten","event-location-street":"Ettlinger Stra\u00dfe 4b","event-location-zip":"76137","event-location-city":"Karlsruhe","event-location-contact-person":"Alexander Immisch","event-location-phone":"","event-location-phone-2":"","event-location-mail":"alexander.immisch@poa.karlsruhe.de","event-location-mail-2":"jochen.hotzwik@poa.karlsruhe.de","event-location-website":"https:\/\/www.karlsruhe.de\/stadt-rathaus\/karriere-ausbildung\/ausbildung-studium-stadt-karlsruhe\/ausbildung-gefluechtete","event-target-group":null,"event-target-group-comment":"uchod\u017acy","event-free":true,"event-organiser":[1639],"event-header-copyright-overlay":true,"event-copyright-note-description-end":false},"featured_image_urls_v2":{"full":["https:\/\/www.anika-net.de\/wp-content\/uploads\/2024\/02\/mechanics-repairing-car-workshop-scaled.jpg",2560,1707,false],"thumbnail":["https:\/\/www.anika-net.de\/wp-content\/uploads\/2024\/02\/mechanics-repairing-car-workshop-150x150.jpg",150,150,true],"medium":["https:\/\/www.anika-net.de\/wp-content\/uploads\/2024\/02\/mechanics-repairing-car-workshop-300x200.jpg",300,200,true],"medium_large":["https:\/\/www.anika-net.de\/wp-content\/uploads\/2024\/02\/mechanics-repairing-car-workshop-768x512.jpg",640,427,true],"large":["https:\/\/www.anika-net.de\/wp-content\/uploads\/2024\/02\/mechanics-repairing-car-workshop-1024x683.jpg",640,427,true],"1536x1536":["https:\/\/www.anika-net.de\/wp-content\/uploads\/2024\/02\/mechanics-repairing-car-workshop-1536x1024.jpg",1536,1024,true],"2048x2048":["https:\/\/www.anika-net.de\/wp-content\/uploads\/2024\/02\/mechanics-repairing-car-workshop-2048x1366.jpg",2048,1366,true],"event-overview":["https:\/\/www.anika-net.de\/wp-content\/uploads\/2024\/02\/mechanics-repairing-car-workshop-960x640.jpg",960,640,true],"event-archive-thumb":["https:\/\/www.anika-net.de\/wp-content\/uploads\/2024\/02\/mechanics-repairing-car-workshop-480x320.jpg",480,320,true],"grid-item-thumbnail":["https:\/\/www.anika-net.de\/wp-content\/uploads\/2024\/02\/mechanics-repairing-car-workshop-360x200.jpg",360,200,true],"network-partner-icon":["https:\/\/www.anika-net.de\/wp-content\/uploads\/2024\/02\/mechanics-repairing-car-workshop-100x100.jpg",100,100,true],"organiser-icon":["https:\/\/www.anika-net.de\/wp-content\/uploads\/2024\/02\/mechanics-repairing-car-workshop-200x200.jpg",200,200,true],"gform-image-choice-sm":["https:\/\/www.anika-net.de\/wp-content\/uploads\/2024\/02\/mechanics-repairing-car-workshop-scaled.jpg",300,200,false],"gform-image-choice-md":["https:\/\/www.anika-net.de\/wp-content\/uploads\/2024\/02\/mechanics-repairing-car-workshop-scaled.jpg",400,267,false],"gform-image-choice-lg":["https:\/\/www.anika-net.de\/wp-content\/uploads\/2024\/02\/mechanics-repairing-car-workshop-scaled.jpg",600,400,false]},"post_excerpt_stackable_v2":"<p>Per\u00adspek\u00adty\u00adwy prak\u00adtyk zawo\u00addo\u00adwych \u2014 inte\u00adgra\u00adcja zawo\u00addo\u00adwa uchod\u017a\u00adc\u00f3w\u201d Poznaj dzie\u0144 2026 dla uchod\u017a\u00adc\u00f3w zain\u00adte\u00adre\u00adso\u00adwa\u00adnych szko\u00adle\u00adniem zawo\u00addo\u00adwym Dobrze zado\u00admo\u00adwi\u00ad\u0142e\u015b si\u0119 w Karls\u00adru\u00adhe i szu\u00adkasz teraz prak\u00adtyk zawo\u00addo\u00adwych? Nie jeste\u015b jesz\u00adcze pewien, jakie\u00adgo zawo\u00addu chcia\u0142\u00adby\u015b si\u0119 uczy\u0107 i chcia\u0142\u00adby\u015b zdo\u00adby\u0107 pierw\u00adsze do\u015bwiad\u00adcze\u00adnie poprzez sta\u017c? W takim razie tra\u00adfi\u00ad\u0142e\u015b we w\u0142a\u00ad\u015bci\u00adwe miej\u00adsce! Sta\u017c jest bar\u00addzo wa\u017c\u00adny dla Two\u00adjej przy\u00adsz\u0142o\u00ad\u015bci i inte\u00adgra\u00adcji ze spo\u00ad\u0142e\u00adcze\u0144\u00adstwem.&nbsp; Szko\u00adle\u00adnia i sta\u00ad\u017ce w mie\u00ad\u015bcie Karls\u00adru\u00adhe Mecha\u00adnik pre\u00adcy\u00adzyj\u00adny Fore\u00adster Ogrod\u00adnik Tech\u00adnik mecha\u00adtro\u00adnik samo\u00adcho\u00addo\u00adwy Budow\u00adni\u00adczy&nbsp;dr\u00f3g Tech\u00adnik elek\u00adtro\u00adnik Kre\u00ad\u015blarz w dzie\u00addzi\u00adnie in\u017cy\u00adnie\u00adrii l\u0105do\u00adwej i archi\u00adtek\u00adtu\u00adry Edu\u00adka\u00adtor M\u0142o\u00addzie\u017c i wycho\u00adwaw\u00adca domo\u00adwy Cze\u00adgo si\u0119 spo\u00addzie\u00adwa\u0107: Otrzy\u00admasz wie\u00adle infor\u00adma\u00adcji na temat naszych prak\u00adtyk zawo\u00addo\u00adwych. Dowiesz si\u0119,\u2026<\/p>\n","category_list_v2":"","author_info_v2":{"name":"Andrea Ramirez","url":"https:\/\/www.anika-net.de\/pl\/author\/andrea-ramirez\/"},"comments_num_v2":"0 comments","uagb_featured_image_src":{"full":["https:\/\/www.anika-net.de\/wp-content\/uploads\/2024\/02\/mechanics-repairing-car-workshop-scaled.jpg",2560,1707,false],"thumbnail":["https:\/\/www.anika-net.de\/wp-content\/uploads\/2024\/02\/mechanics-repairing-car-workshop-150x150.jpg",150,150,true],"medium":["https:\/\/www.anika-net.de\/wp-content\/uploads\/2024\/02\/mechanics-repairing-car-workshop-300x200.jpg",300,200,true],"medium_large":["https:\/\/www.anika-net.de\/wp-content\/uploads\/2024\/02\/mechanics-repairing-car-workshop-768x512.jpg",640,427,true],"large":["https:\/\/www.anika-net.de\/wp-content\/uploads\/2024\/02\/mechanics-repairing-car-workshop-1024x683.jpg",640,427,true],"1536x1536":["https:\/\/www.anika-net.de\/wp-content\/uploads\/2024\/02\/mechanics-repairing-car-workshop-1536x1024.jpg",1536,1024,true],"2048x2048":["https:\/\/www.anika-net.de\/wp-content\/uploads\/2024\/02\/mechanics-repairing-car-workshop-2048x1366.jpg",2048,1366,true],"event-overview":["https:\/\/www.anika-net.de\/wp-content\/uploads\/2024\/02\/mechanics-repairing-car-workshop-960x640.jpg",960,640,true],"event-archive-thumb":["https:\/\/www.anika-net.de\/wp-content\/uploads\/2024\/02\/mechanics-repairing-car-workshop-480x320.jpg",480,320,true],"grid-item-thumbnail":["https:\/\/www.anika-net.de\/wp-content\/uploads\/2024\/02\/mechanics-repairing-car-workshop-360x200.jpg",360,200,true],"network-partner-icon":["https:\/\/www.anika-net.de\/wp-content\/uploads\/2024\/02\/mechanics-repairing-car-workshop-100x100.jpg",100,100,true],"organiser-icon":["https:\/\/www.anika-net.de\/wp-content\/uploads\/2024\/02\/mechanics-repairing-car-workshop-200x200.jpg",200,200,true],"gform-image-choice-sm":["https:\/\/www.anika-net.de\/wp-content\/uploads\/2024\/02\/mechanics-repairing-car-workshop-scaled.jpg",300,200,false],"gform-image-choice-md":["https:\/\/www.anika-net.de\/wp-content\/uploads\/2024\/02\/mechanics-repairing-car-workshop-scaled.jpg",400,267,false],"gform-image-choice-lg":["https:\/\/www.anika-net.de\/wp-content\/uploads\/2024\/02\/mechanics-repairing-car-workshop-scaled.jpg",600,400,false]},"uagb_author_info":{"display_name":"Andrea Ramirez","author_link":"https:\/\/www.anika-net.de\/pl\/author\/andrea-ramirez\/"},"uagb_comment_info":0,"uagb_excerpt":"Per\u00adspek\u00adty\u00adwy prak\u00adtyk zawo\u00addo\u00adwych \u2014 inte\u00adgra\u00adcja zawo\u00addo\u00adwa uchod\u017a\u00adc\u00f3w\u201d Poznaj dzie\u0144 2026 dla uchod\u017a\u00adc\u00f3w zain\u00adte\u00adre\u00adso\u00adwa\u00adnych szko\u00adle\u00adniem zawodowym Dobrze zado\u00admo\u00adwi\u00ad\u0142e\u015b si\u0119 w Karls\u00adru\u00adhe i szu\u00adkasz teraz prak\u00adtyk zawo\u00addo\u00adwych? Nie jeste\u015b jesz\u00adcze pewien, jakie\u00adgo&nbsp;czytaj wi\u0119cej","_links":{"self":[{"href":"https:\/\/www.anika-net.de\/pl\/wp-json\/wp\/v2\/event\/117985","targetHints":{"allow":["GET"]}}],"collection":[{"href":"https:\/\/www.anika-net.de\/pl\/wp-json\/wp\/v2\/event"}],"about":[{"href":"https:\/\/www.anika-net.de\/pl\/wp-json\/wp\/v2\/types\/event"}],"author":[{"embeddable":true,"href":"https:\/\/www.anika-net.de\/pl\/wp-json\/wp\/v2\/users\/12"}],"version-history":[{"count":2,"href":"https:\/\/www.anika-net.de\/pl\/wp-json\/wp\/v2\/event\/117985\/revisions"}],"predecessor-version":[{"id":118003,"href":"https:\/\/www.anika-net.de\/pl\/wp-json\/wp\/v2\/event\/117985\/revisions\/118003"}],"acf:post":[{"embeddable":true,"href":"https:\/\/www.anika-net.de\/pl\/wp-json\/wp\/v2\/organiser\/1639"}],"acf:term":[{"embeddable":true,"taxonomy":"event_category","href":"https:\/\/www.anika-net.de\/pl\/wp-json\/wp\/v2\/event_category\/182"}],"wp:featuredmedia":[{"embeddable":true,"href":"https:\/\/www.anika-net.de\/pl\/wp-json\/wp\/v2\/media\/46913"}],"wp:attachment":[{"href":"https:\/\/www.anika-net.de\/pl\/wp-json\/wp\/v2\/media?parent=117985"}],"curies":[{"name":"wp","href":"https:\/\/api.w.org\/{rel}","templated":true}]}}

Poznaj dzień 2026 dla uchodź­ców zain­te­re­so­wa­nych szko­le­niem zawodowym

<h4><span style="color: #008080;"><b>Per­spek­ty­wy prak­tyk zawo­do­wych — inte­gra­cja zawo­do­wa uchodź­ców</b>”</span></h4>
<h2><span style="color: #ff9900;"><b>Poznaj dzień 2026</b> dla uchodź­ców zain­te­re­so­wa­nych szko­le­niem zawodowym</span></h2>
<p>Dobrze zado­mo­wi­łeś się w Karls­ru­he i szu­kasz teraz prak­tyk zawo­do­wych? Nie jesteś jesz­cze pewien, jakie­go zawo­du chciał­byś się uczyć i chciał­byś zdo­być pierw­sze doświad­cze­nie poprzez staż? <br>W takim razie tra­fi­łeś we wła­ści­we miej­sce! Staż jest bar­dzo waż­ny dla Two­jej przy­szło­ści i inte­gra­cji ze społeczeństwem.&nbsp;</p>
<p><strong>Szko­le­nia i sta­że w mie­ście Karlsruhe</strong></p>
<ul>
<li>Mecha­nik precyzyjny</li>
<li>Fore­ster</li>
<li>Ogrod­nik</li>
<li>Tech­nik mecha­tro­nik samochodowy</li>
<li>Budow­ni­czy&nbsp;dróg</li>
<li>Tech­nik elektronik</li>
<li>Kre­ślarz w dzie­dzi­nie inży­nie­rii lądo­wej i architektury</li>
<li>Edu­ka­tor</li>
<li>Mło­dzież i wycho­waw­ca domowy</li>
</ul>
<p><strong><span style="color: #800080;">Cze­go się spodziewać:</span></strong></p>
<ul>
<li>Otrzy­masz wie­le infor­ma­cji na temat naszych prak­tyk zawodowych.</li>
<li>Dowiesz się, w jaki spo­sób Cię wspieramy.</li>
<li>Poznasz naszych tre­ne­rów i stażystów.</li>
<li>Może­my poznać się szyb­ko i łatwo dzię­ki spe­ed dating.</li>
</ul>
<p><span style="color: #008080;"><strong>Nie może­my się docze­kać, aby Cię poznać!</strong></span></p>

<p>Czy <strong>jesteś zain­te­re­so­wa­ny?</strong><br><strong>Zare­je­struj się</strong> na dzień wpro­wa­dza­ją­cy za pomo­cą ️ <strong><a href="https://terminplaner6.dfn.de/p/a7a72ac68f87cada10193779197ac2cc-1532237" rel="noopener">for­mu­larz reje­stra­cyj­ny</a></strong>.</p>

<p>Nie prze­gap tej oka­zji.  <strong>Z nie­cier­pli­wo­ścią cze­ka­my na spotkanie!</strong></p>

Ettlinger Straße 4b

uchodźcy

<p>Per­spek­ty­wy prak­tyk zawo­do­wych — inte­gra­cja zawo­do­wa uchodź­ców” Poznaj dzień 2026 dla uchodź­ców zain­te­re­so­wa­nych szko­le­niem zawo­do­wym Dobrze zado­mo­wi­łeś się w Karls­ru­he i szu­kasz teraz prak­tyk zawo­do­wych? Nie jesteś jesz­cze pewien, jakie­go zawo­du chciał­byś się uczyć i chciał­byś zdo­być pierw­sze doświad­cze­nie poprzez staż? W takim razie tra­fi­łeś we wła­ści­we miej­sce! Staż jest bar­dzo waż­ny dla Two­jej przy­szło­ści i inte­gra­cji ze spo­łe­czeń­stwem.&nbsp; Szko­le­nia i sta­że w mie­ście Karls­ru­he Mecha­nik pre­cy­zyj­ny Fore­ster Ogrod­nik Tech­nik mecha­tro­nik samo­cho­do­wy Budow­ni­czy&nbsp;dróg Tech­nik elek­tro­nik Kre­ślarz w dzie­dzi­nie inży­nie­rii lądo­wej i archi­tek­tu­ry Edu­ka­tor Mło­dzież i wycho­waw­ca domo­wy Cze­go się spo­dzie­wać: Otrzy­masz wie­le infor­ma­cji na temat naszych prak­tyk zawo­do­wych. Dowiesz się,…</p>

Per­spek­ty­wy prak­tyk zawo­do­wych — inte­gra­cja zawo­do­wa uchodź­ców” Poznaj dzień 2026 dla uchodź­ców zain­te­re­so­wa­nych szko­le­niem zawodowym Dobrze zado­mo­wi­łeś się w Karls­ru­he i szu­kasz teraz prak­tyk zawo­do­wych? Nie jesteś jesz­cze pewien, jakie­go&nbsp;czytaj więcej
