{"id":58745,"date":"2025-02-19T12:56:25","date_gmt":"2025-02-19T11:56:25","guid":{"rendered":"https:\/\/www.anika-net.de\/event\/le-tue-idee-per-la-tua-citta-11a-conferenza-dei-giovani-di-karlsruhe\/"},"modified":"2025-02-19T12:56:25","modified_gmt":"2025-02-19T11:56:25","slug":"le-tue-idee-per-la-tua-citta-11a-conferenza-dei-giovani-di-karlsruhe","status":"publish","type":"event","link":"https:\/\/www.anika-net.de\/it\/event\/le-tue-idee-per-la-tua-citta-11a-conferenza-dei-giovani-di-karlsruhe\/","title":{"rendered":"Le tue idee per la tua cit\u00adt\u00e0 \u2014 11a Con\u00adfe\u00adren\u00adza dei Gio\u00adva\u00adni di Karlsruhe"},"content":{"rendered":"<h4><span style=\"color: #666699;\">11a Con\u00adfe\u00adren\u00adza dei gio\u00adva\u00adni di Karlsruhe<\/span><\/h4>\n<h1><span style=\"color: #333399;\">Le tue idee per la tua&nbsp;citt\u00e0<\/span><\/h1>\n<blockquote>\n<p style=\"text-align: center;\"><em>\u201cCosa c\u2019\u00e8 che non va nel cam\u00adpo di cal\u00adcio del tuo quar\u00adtie\u00adre? Dove puoi incon\u00adtrar\u00adti? E cosa vor\u00adre\u00adsti cam\u00adbia\u00adre o miglio\u00adra\u00adre di Karlsruhe?\u201d<br>\nQue\u00adste sono solo tre del\u00adle tan\u00adte doman\u00adde che pos\u00adso\u00adno esse\u00adre affron\u00adta\u00adte alla Con\u00adfe\u00adren\u00adza dei Gio\u00adva\u00adni di Karlsruhe.<\/em><\/p>\n<\/blockquote>\n<p>All\u2019<strong>undi\u00adce\u00adsi\u00adma Con\u00adfe\u00adren\u00adza dei Gio\u00adva\u00adni di Karl\u00adsru\u00adhe<\/strong>, che si ter\u00adr\u00e0 il 22 mar\u00adzo 2025 nel Muni\u00adci\u00adpio di Karl\u00adsru\u00adhe, i gio\u00adva\u00adni potran\u00adno anco\u00adra una vol\u00adta par\u00adte\u00adci\u00adpa\u00adre alla for\u00adma\u00adzio\u00adne del\u00adla loro cit\u00adt\u00e0 e spe\u00adri\u00admen\u00adta\u00adre in pri\u00adma per\u00adso\u00adna i pro\u00adces\u00adsi democratici.<\/p>\n<p>La fat\u00adti\u00adbi\u00adli\u00adt\u00e0 del\u00adle pro\u00adpo\u00adste sar\u00e0 discus\u00adsa con i rap\u00adpre\u00adsen\u00adtan\u00adti del\u00adla poli\u00adti\u00adca e dell\u2019amministrazione.<br>\nTut\u00adti i gio\u00adva\u00adni dai 14 anni in su sono invi\u00adta\u00adti a par\u00adte\u00adci\u00adpa\u00adre. Sarem\u00admo lie\u00adti se mol\u00adti gio\u00adva\u00adni si recas\u00adse\u00adro al Muni\u00adci\u00adpio di Karl\u00adsru\u00adhe e par\u00adte\u00adci\u00adpas\u00adse\u00adro allo svi\u00adlup\u00adpo del\u00adla cit\u00adt\u00e0 con le loro idee e i loro suggerimenti.&nbsp;<\/p>\n","protected":false},"author":12,"featured_media":58730,"template":"","class_list":["post-58745","event","type-event","status-publish","has-post-thumbnail","hentry","event_category-tempo-libero"],"acf":{"event-recurring":false,"event-category":179,"event-is-language-course":false,"event-recurring-still-active":true,"event-display-details":true,"event-schedules-recurring":null,"event-schedules-calendar":[{"event-calendar-day":"20250322","event-calendar-time":"14:00","event-calendar-time-text":""}],"event-is-online":false,"event-online-url":"","event-location-building":"B\u00fcrgersaal (Rathaus Karlsruhe)","event-location-street":"Karl-Friedrich-Stra\u00dfe 10","event-location-zip":"76133","event-location-city":"Karlsruhe","event-location-contact-person":"Nicolai B\u00f6rckel","event-location-phone":"0721 133 5603","event-location-phone-2":"","event-location-mail":"n.boerckel@stja.de","event-location-mail-2":"","event-location-website":"https:\/\/karlsruherjugendkonferenz.de\/","event-target-group":[{"target-group":"teens"},{"target-group":"students"}],"event-target-group-comment":"","event-free":true,"event-organiser":[32380],"event-header-copyright-overlay":true,"event-copyright-note-description-end":false},"featured_image_urls_v2":{"full":["https:\/\/www.anika-net.de\/wp-content\/uploads\/2025\/02\/Jugendkonferenz.png",1414,2000,false],"thumbnail":["https:\/\/www.anika-net.de\/wp-content\/uploads\/2025\/02\/Jugendkonferenz-150x150.png",150,150,true],"medium":["https:\/\/www.anika-net.de\/wp-content\/uploads\/2025\/02\/Jugendkonferenz-212x300.png",212,300,true],"medium_large":["https:\/\/www.anika-net.de\/wp-content\/uploads\/2025\/02\/Jugendkonferenz-768x1086.png",640,905,true],"large":["https:\/\/www.anika-net.de\/wp-content\/uploads\/2025\/02\/Jugendkonferenz-724x1024.png",640,905,true],"1536x1536":["https:\/\/www.anika-net.de\/wp-content\/uploads\/2025\/02\/Jugendkonferenz-1086x1536.png",1086,1536,true],"2048x2048":["https:\/\/www.anika-net.de\/wp-content\/uploads\/2025\/02\/Jugendkonferenz.png",1414,2000,false],"event-overview":["https:\/\/www.anika-net.de\/wp-content\/uploads\/2025\/02\/Jugendkonferenz-960x640.png",960,640,true],"event-archive-thumb":["https:\/\/www.anika-net.de\/wp-content\/uploads\/2025\/02\/Jugendkonferenz-480x679.png",480,679,true],"grid-item-thumbnail":["https:\/\/www.anika-net.de\/wp-content\/uploads\/2025\/02\/Jugendkonferenz-360x200.png",360,200,true],"network-partner-icon":["https:\/\/www.anika-net.de\/wp-content\/uploads\/2025\/02\/Jugendkonferenz-100x100.png",100,100,true],"organiser-icon":["https:\/\/www.anika-net.de\/wp-content\/uploads\/2025\/02\/Jugendkonferenz-200x200.png",200,200,true],"gform-image-choice-sm":["https:\/\/www.anika-net.de\/wp-content\/uploads\/2025\/02\/Jugendkonferenz.png",212,300,false],"gform-image-choice-md":["https:\/\/www.anika-net.de\/wp-content\/uploads\/2025\/02\/Jugendkonferenz.png",283,400,false],"gform-image-choice-lg":["https:\/\/www.anika-net.de\/wp-content\/uploads\/2025\/02\/Jugendkonferenz.png",424,600,false]},"post_excerpt_stackable_v2":"<p>11a Con\u00adfe\u00adren\u00adza dei gio\u00adva\u00adni di Karl\u00adsru\u00adhe Le tue idee per la tua&nbsp;cit\u00adt\u00e0 \u201cCosa c\u2019\u00e8 che non va nel cam\u00adpo di cal\u00adcio del tuo quar\u00adtie\u00adre? Dove puoi incon\u00adtrar\u00adti? E cosa vor\u00adre\u00adsti cam\u00adbia\u00adre o miglio\u00adra\u00adre di Karl\u00adsru\u00adhe?\u201d Que\u00adste sono solo tre del\u00adle tan\u00adte doman\u00adde che pos\u00adso\u00adno esse\u00adre affron\u00adta\u00adte alla Con\u00adfe\u00adren\u00adza dei Gio\u00adva\u00adni di Karl\u00adsru\u00adhe. All\u2019undi\u00adce\u00adsi\u00adma Con\u00adfe\u00adren\u00adza dei Gio\u00adva\u00adni di Karl\u00adsru\u00adhe, che si ter\u00adr\u00e0 il 22 mar\u00adzo 2025 nel Muni\u00adci\u00adpio di Karl\u00adsru\u00adhe, i gio\u00adva\u00adni potran\u00adno anco\u00adra una vol\u00adta par\u00adte\u00adci\u00adpa\u00adre alla for\u00adma\u00adzio\u00adne del\u00adla loro cit\u00adt\u00e0 e spe\u00adri\u00admen\u00adta\u00adre in pri\u00adma per\u00adso\u00adna i pro\u00adces\u00adsi demo\u00adcra\u00adti\u00adci. La fat\u00adti\u00adbi\u00adli\u00adt\u00e0 del\u00adle pro\u00adpo\u00adste sar\u00e0 discus\u00adsa con i rap\u00adpre\u00adsen\u00adtan\u00adti del\u00adla politica\u2026<\/p>\n","category_list_v2":"","author_info_v2":{"name":"Andrea Ramirez","url":"https:\/\/www.anika-net.de\/it\/author\/andrea-ramirez\/"},"comments_num_v2":"0 commenti","uagb_featured_image_src":{"full":["https:\/\/www.anika-net.de\/wp-content\/uploads\/2025\/02\/Jugendkonferenz.png",1414,2000,false],"thumbnail":["https:\/\/www.anika-net.de\/wp-content\/uploads\/2025\/02\/Jugendkonferenz-150x150.png",150,150,true],"medium":["https:\/\/www.anika-net.de\/wp-content\/uploads\/2025\/02\/Jugendkonferenz-212x300.png",212,300,true],"medium_large":["https:\/\/www.anika-net.de\/wp-content\/uploads\/2025\/02\/Jugendkonferenz-768x1086.png",640,905,true],"large":["https:\/\/www.anika-net.de\/wp-content\/uploads\/2025\/02\/Jugendkonferenz-724x1024.png",640,905,true],"1536x1536":["https:\/\/www.anika-net.de\/wp-content\/uploads\/2025\/02\/Jugendkonferenz-1086x1536.png",1086,1536,true],"2048x2048":["https:\/\/www.anika-net.de\/wp-content\/uploads\/2025\/02\/Jugendkonferenz.png",1414,2000,false],"event-overview":["https:\/\/www.anika-net.de\/wp-content\/uploads\/2025\/02\/Jugendkonferenz-960x640.png",960,640,true],"event-archive-thumb":["https:\/\/www.anika-net.de\/wp-content\/uploads\/2025\/02\/Jugendkonferenz-480x679.png",480,679,true],"grid-item-thumbnail":["https:\/\/www.anika-net.de\/wp-content\/uploads\/2025\/02\/Jugendkonferenz-360x200.png",360,200,true],"network-partner-icon":["https:\/\/www.anika-net.de\/wp-content\/uploads\/2025\/02\/Jugendkonferenz-100x100.png",100,100,true],"organiser-icon":["https:\/\/www.anika-net.de\/wp-content\/uploads\/2025\/02\/Jugendkonferenz-200x200.png",200,200,true],"gform-image-choice-sm":["https:\/\/www.anika-net.de\/wp-content\/uploads\/2025\/02\/Jugendkonferenz.png",212,300,false],"gform-image-choice-md":["https:\/\/www.anika-net.de\/wp-content\/uploads\/2025\/02\/Jugendkonferenz.png",283,400,false],"gform-image-choice-lg":["https:\/\/www.anika-net.de\/wp-content\/uploads\/2025\/02\/Jugendkonferenz.png",424,600,false]},"uagb_author_info":{"display_name":"Andrea Ramirez","author_link":"https:\/\/www.anika-net.de\/it\/author\/andrea-ramirez\/"},"uagb_comment_info":0,"uagb_excerpt":"11a Con\u00adfe\u00adren\u00adza dei gio\u00adva\u00adni di Karlsruhe Le tue idee per la tua&nbsp;citt\u00e0 \u201cCosa c\u2019\u00e8 che non va nel cam\u00adpo di cal\u00adcio del tuo quar\u00adtie\u00adre? Dove puoi incon\u00adtrar\u00adti? E cosa vor\u00adre\u00adsti&nbsp;leggi tutto","_links":{"self":[{"href":"https:\/\/www.anika-net.de\/it\/wp-json\/wp\/v2\/event\/58745","targetHints":{"allow":["GET"]}}],"collection":[{"href":"https:\/\/www.anika-net.de\/it\/wp-json\/wp\/v2\/event"}],"about":[{"href":"https:\/\/www.anika-net.de\/it\/wp-json\/wp\/v2\/types\/event"}],"author":[{"embeddable":true,"href":"https:\/\/www.anika-net.de\/it\/wp-json\/wp\/v2\/users\/12"}],"version-history":[{"count":0,"href":"https:\/\/www.anika-net.de\/it\/wp-json\/wp\/v2\/event\/58745\/revisions"}],"acf:post":[{"embeddable":true,"href":"https:\/\/www.anika-net.de\/it\/wp-json\/wp\/v2\/organiser\/32380"}],"acf:term":[{"embeddable":true,"taxonomy":"event_category","href":"https:\/\/www.anika-net.de\/it\/wp-json\/wp\/v2\/event_category\/179"}],"wp:featuredmedia":[{"embeddable":true,"href":"https:\/\/www.anika-net.de\/it\/wp-json\/wp\/v2\/media\/58730"}],"wp:attachment":[{"href":"https:\/\/www.anika-net.de\/it\/wp-json\/wp\/v2\/media?parent=58745"}],"curies":[{"name":"wp","href":"https:\/\/api.w.org\/{rel}","templated":true}]}}

Le tue idee per la tua cit­tà — 11a Con­fe­ren­za dei Gio­va­ni di Karlsruhe

<h4><span style="color: #666699;">11a Con­fe­ren­za dei gio­va­ni di Karlsruhe</span></h4>
<h1><span style="color: #333399;">Le tue idee per la tua&nbsp;città</span></h1>
<blockquote>
<p style="text-align: center;"><em>“Cosa c’è che non va nel cam­po di cal­cio del tuo quar­tie­re? Dove puoi incon­trar­ti? E cosa vor­re­sti cam­bia­re o miglio­ra­re di Karlsruhe?”<br>
Que­ste sono solo tre del­le tan­te doman­de che pos­so­no esse­re affron­ta­te alla Con­fe­ren­za dei Gio­va­ni di Karlsruhe.</em></p>
</blockquote>
<p>All’<strong>undi­ce­si­ma Con­fe­ren­za dei Gio­va­ni di Karl­sru­he</strong>, che si ter­rà il 22 mar­zo 2025 nel Muni­ci­pio di Karl­sru­he, i gio­va­ni potran­no anco­ra una vol­ta par­te­ci­pa­re alla for­ma­zio­ne del­la loro cit­tà e spe­ri­men­ta­re in pri­ma per­so­na i pro­ces­si democratici.</p>
<p>La fat­ti­bi­li­tà del­le pro­po­ste sarà discus­sa con i rap­pre­sen­tan­ti del­la poli­ti­ca e dell’amministrazione.<br>
Tut­ti i gio­va­ni dai 14 anni in su sono invi­ta­ti a par­te­ci­pa­re. Sarem­mo lie­ti se mol­ti gio­va­ni si recas­se­ro al Muni­ci­pio di Karl­sru­he e par­te­ci­pas­se­ro allo svi­lup­po del­la cit­tà con le loro idee e i loro suggerimenti.&nbsp;</p>

Bürgersaal (Rathaus Karlsruhe)

Karl-Friedrich-Straße 10

Nicolai Börckel

<p>11a Con­fe­ren­za dei gio­va­ni di Karl­sru­he Le tue idee per la tua&nbsp;cit­tà “Cosa c’è che non va nel cam­po di cal­cio del tuo quar­tie­re? Dove puoi incon­trar­ti? E cosa vor­re­sti cam­bia­re o miglio­ra­re di Karl­sru­he?” Que­ste sono solo tre del­le tan­te doman­de che pos­so­no esse­re affron­ta­te alla Con­fe­ren­za dei Gio­va­ni di Karl­sru­he. All’undi­ce­si­ma Con­fe­ren­za dei Gio­va­ni di Karl­sru­he, che si ter­rà il 22 mar­zo 2025 nel Muni­ci­pio di Karl­sru­he, i gio­va­ni potran­no anco­ra una vol­ta par­te­ci­pa­re alla for­ma­zio­ne del­la loro cit­tà e spe­ri­men­ta­re in pri­ma per­so­na i pro­ces­si demo­cra­ti­ci. La fat­ti­bi­li­tà del­le pro­po­ste sarà discus­sa con i rap­pre­sen­tan­ti del­la politica…</p>

11a Con­fe­ren­za dei gio­va­ni di Karlsruhe Le tue idee per la tua&nbsp;città “Cosa c’è che non va nel cam­po di cal­cio del tuo quar­tie­re? Dove puoi incon­trar­ti? E cosa vor­re­sti&nbsp;leggi tutto
