{"id":53553,"date":"2024-09-16T12:40:41","date_gmt":"2024-09-16T10:40:41","guid":{"rendered":"https:\/\/www.anika-net.de\/event\/la-partecipazione-politica-in-una-societa-di-immigrazione\/"},"modified":"2024-09-16T12:40:41","modified_gmt":"2024-09-16T10:40:41","slug":"la-partecipazione-politica-in-una-societa-di-immigrazione","status":"publish","type":"event","link":"https:\/\/www.anika-net.de\/it\/event\/la-partecipazione-politica-in-una-societa-di-immigrazione\/","title":{"rendered":"La par\u00adte\u00adci\u00adpa\u00adzio\u00adne poli\u00adti\u00adca in una socie\u00adt\u00e0 di immigrazione"},"content":{"rendered":"<h4><span style=\"color: #666699;\">Even\u00adto di avvio nel\u00adl\u2019am\u00adbi\u00adto del\u00adl\u2019e\u00adle\u00adzio\u00adne del Comi\u00adta\u00adto per l\u2019integrazione<\/span><\/h4>\n<h2><span style=\"color: #993366;\">Par\u00adte\u00adci\u00adpa\u00adzio\u00adne poli\u00adti\u00adca in una socie\u00adt\u00e0 di immi\u00adgra\u00adzio\u00adne \u2014 Inte\u00adgra\u00adzio\u00adne attra\u00adver\u00adso la par\u00adte\u00adci\u00adpa\u00adzio\u00adne politica?\u201d<\/span><\/h2>\n<p>  Come si pu\u00f2 orga\u00adniz\u00adza\u00adre la par\u00adte\u00adci\u00adpa\u00adzio\u00adne poli\u00adti\u00adca del\u00adle per\u00adso\u00adne con espe\u00adrien\u00adza migra\u00adto\u00adria in un moder\u00adno pae\u00adse di immigrazione?<br>\nQua\u00adli bar\u00adrie\u00adre devo\u00adno esse\u00adre rimos\u00adse per ren\u00adder\u00adla possibile?<br>\nQue\u00adste doman\u00adde sono di gran\u00adde attua\u00adli\u00adt\u00e0 a Karl\u00adsru\u00adhe in vista del\u00adl\u2019e\u00adle\u00adzio\u00adne di esper\u00adti resi\u00adden\u00adti nel Comi\u00adta\u00adto per l\u2019In\u00adte\u00adgra\u00adzio\u00adne del\u00adla cit\u00adt\u00e0 di Karl\u00adsru\u00adhe il 10 dicembre.<br>\nDopo il discor\u00adso di ben\u00adve\u00adnu\u00adto del sin\u00adda\u00adco Mar\u00adtin Lenz, Meri Uhlig, capo del\u00adl\u2019Uf\u00adfi\u00adcio per l\u2019in\u00adte\u00adgra\u00adzio\u00adne e com\u00admis\u00adsa\u00adrio per l\u2019in\u00adte\u00adgra\u00adzio\u00adne del\u00adla cit\u00adt\u00e0 di Karl\u00adsru\u00adhe, ne discu\u00adte\u00adr\u00e0 con esper\u00adti di fama: \u2014 Prof. Dr. Bir\u00adgit Locher-Fin\u00adke, Capo del Dipar\u00adti\u00admen\u00adto per l\u2019In\u00adte\u00adgra\u00adzio\u00adne pres\u00adso il Mini\u00adste\u00adro degli Affa\u00adri Socia\u00adli, del\u00adla Salu\u00adte e del\u00adl\u2019In\u00adte\u00adgra\u00adzio\u00adne del Baden-W\u00fcrt\u00adtem\u00adberg \u2014 Ms. Nasrin Far\u00adkha\u00adri, con\u00adsu\u00adlen\u00adte del\u00adl\u2019Uf\u00adfi\u00adcio Anti\u00addi\u00adscri\u00admi\u00adna\u00adzio\u00adne di Karl\u00adsru\u00adhe \u2014 Prof. Dr. Andreas W\u00fcst, Pro\u00adfes\u00adso\u00adre di Scien\u00adze Poli\u00adti\u00adche pres\u00adso l\u2019U\u00adni\u00adver\u00adsi\u00adt\u00e0 di Scien\u00adze Appli\u00adca\u00adte di Mona\u00adco di Bavie\u00adra \u2014 Il Sin\u00adda\u00adco Dr. Mar\u00adtin Lenz ter\u00adr\u00e0 il discor\u00adso di benvenuto.<br>\nI cit\u00adta\u00addi\u00adni inte\u00adres\u00adsa\u00adti sono cor\u00addial\u00admen\u00adte invi\u00adta\u00adti. \ud83d\udccc <strong>Si pre\u00adga di regi\u00adstrar\u00adsi entro il 25 set\u00adtem\u00adbre 2024<\/strong> via e\u2011mail: ak-integrationsausschuss@sjb.karlsruhe.de    <\/p>\n","protected":false},"author":12,"featured_media":53536,"template":"","class_list":["post-53553","event","type-event","status-publish","has-post-thumbnail","hentry","event_category-tempo-libero"],"acf":{"event-recurring":false,"event-category":179,"event-is-language-course":false,"event-recurring-still-active":true,"event-display-details":true,"event-schedules-recurring":null,"event-schedules-calendar":[{"event-calendar-day":"20240930","event-calendar-time":"19:00 - 21:30","event-calendar-time-text":""}],"event-is-online":false,"event-online-url":"","event-location-building":"St\u00e4ndehaussaal","event-location-street":"St\u00e4ndehausstra\u00dfe 2","event-location-zip":"76133","event-location-city":"Karlsruhe","event-location-contact-person":"","event-location-phone":"0721\/ 133-5761","event-location-phone-2":"","event-location-mail":"ak-integrationsausschuss@sjb.karlsruhe.de","event-location-mail-2":"","event-location-website":"https:\/\/kalender.karlsruhe.de\/db\/termine\/literatur\/politische_partizipation_in_einer_einwanderungsgesellsc","event-target-group":[{"target-group":"all"}],"event-target-group-comment":"","event-free":true,"event-organiser":[32397],"event-header-copyright-overlay":true,"event-copyright-note-description-end":false},"featured_image_urls_v2":{"full":["https:\/\/www.anika-net.de\/wp-content\/uploads\/2024\/09\/Gemainsam-Vielfalt-gestalten.png",794,591,false],"thumbnail":["https:\/\/www.anika-net.de\/wp-content\/uploads\/2024\/09\/Gemainsam-Vielfalt-gestalten-150x150.png",150,150,true],"medium":["https:\/\/www.anika-net.de\/wp-content\/uploads\/2024\/09\/Gemainsam-Vielfalt-gestalten-300x223.png",300,223,true],"medium_large":["https:\/\/www.anika-net.de\/wp-content\/uploads\/2024\/09\/Gemainsam-Vielfalt-gestalten-768x572.png",640,477,true],"large":["https:\/\/www.anika-net.de\/wp-content\/uploads\/2024\/09\/Gemainsam-Vielfalt-gestalten.png",640,476,false],"1536x1536":["https:\/\/www.anika-net.de\/wp-content\/uploads\/2024\/09\/Gemainsam-Vielfalt-gestalten.png",794,591,false],"2048x2048":["https:\/\/www.anika-net.de\/wp-content\/uploads\/2024\/09\/Gemainsam-Vielfalt-gestalten.png",794,591,false],"event-overview":["https:\/\/www.anika-net.de\/wp-content\/uploads\/2024\/09\/Gemainsam-Vielfalt-gestalten.png",794,591,false],"event-archive-thumb":["https:\/\/www.anika-net.de\/wp-content\/uploads\/2024\/09\/Gemainsam-Vielfalt-gestalten-480x357.png",480,357,true],"grid-item-thumbnail":["https:\/\/www.anika-net.de\/wp-content\/uploads\/2024\/09\/Gemainsam-Vielfalt-gestalten-360x200.png",360,200,true],"network-partner-icon":["https:\/\/www.anika-net.de\/wp-content\/uploads\/2024\/09\/Gemainsam-Vielfalt-gestalten-100x100.png",100,100,true],"organiser-icon":["https:\/\/www.anika-net.de\/wp-content\/uploads\/2024\/09\/Gemainsam-Vielfalt-gestalten-200x200.png",200,200,true],"gform-image-choice-sm":["https:\/\/www.anika-net.de\/wp-content\/uploads\/2024\/09\/Gemainsam-Vielfalt-gestalten.png",300,223,false],"gform-image-choice-md":["https:\/\/www.anika-net.de\/wp-content\/uploads\/2024\/09\/Gemainsam-Vielfalt-gestalten.png",400,298,false],"gform-image-choice-lg":["https:\/\/www.anika-net.de\/wp-content\/uploads\/2024\/09\/Gemainsam-Vielfalt-gestalten.png",600,447,false]},"post_excerpt_stackable_v2":"<p>Even\u00adto di avvio nel\u00adl\u2019am\u00adbi\u00adto del\u00adl\u2019e\u00adle\u00adzio\u00adne del Comi\u00adta\u00adto per l\u2019integrazione Par\u00adte\u00adci\u00adpa\u00adzio\u00adne poli\u00adti\u00adca in una socie\u00adt\u00e0 di immi\u00adgra\u00adzio\u00adne \u2014 Inte\u00adgra\u00adzio\u00adne attra\u00adver\u00adso la par\u00adte\u00adci\u00adpa\u00adzio\u00adne poli\u00adti\u00adca?\u201d Come si pu\u00f2 orga\u00adniz\u00adza\u00adre la par\u00adte\u00adci\u00adpa\u00adzio\u00adne poli\u00adti\u00adca del\u00adle per\u00adso\u00adne con espe\u00adrien\u00adza migra\u00adto\u00adria in un moder\u00adno pae\u00adse di immi\u00adgra\u00adzio\u00adne? Qua\u00adli bar\u00adrie\u00adre devo\u00adno esse\u00adre rimos\u00adse per ren\u00adder\u00adla pos\u00adsi\u00adbi\u00adle? Que\u00adste doman\u00adde sono di gran\u00adde attua\u00adli\u00adt\u00e0 a Karl\u00adsru\u00adhe in vista del\u00adl\u2019e\u00adle\u00adzio\u00adne di esper\u00adti resi\u00adden\u00adti nel Comi\u00adta\u00adto per l\u2019In\u00adte\u00adgra\u00adzio\u00adne del\u00adla cit\u00adt\u00e0 di Karl\u00adsru\u00adhe il 10 dicem\u00adbre. Dopo il discor\u00adso di ben\u00adve\u00adnu\u00adto del sin\u00adda\u00adco Mar\u00adtin Lenz, Meri Uhlig, capo del\u00adl\u2019Uf\u00adfi\u00adcio per l\u2019in\u00adte\u00adgra\u00adzio\u00adne e com\u00admis\u00adsa\u00adrio per l\u2019in\u00adte\u00adgra\u00adzio\u00adne del\u00adla cit\u00adt\u00e0 di Karl\u00adsru\u00adhe, ne discu\u00adte\u00adr\u00e0 con esperti\u2026<\/p>\n","category_list_v2":"","author_info_v2":{"name":"Andrea Ramirez","url":"https:\/\/www.anika-net.de\/it\/author\/andrea-ramirez\/"},"comments_num_v2":"0 commenti","uagb_featured_image_src":{"full":["https:\/\/www.anika-net.de\/wp-content\/uploads\/2024\/09\/Gemainsam-Vielfalt-gestalten.png",794,591,false],"thumbnail":["https:\/\/www.anika-net.de\/wp-content\/uploads\/2024\/09\/Gemainsam-Vielfalt-gestalten-150x150.png",150,150,true],"medium":["https:\/\/www.anika-net.de\/wp-content\/uploads\/2024\/09\/Gemainsam-Vielfalt-gestalten-300x223.png",300,223,true],"medium_large":["https:\/\/www.anika-net.de\/wp-content\/uploads\/2024\/09\/Gemainsam-Vielfalt-gestalten-768x572.png",640,477,true],"large":["https:\/\/www.anika-net.de\/wp-content\/uploads\/2024\/09\/Gemainsam-Vielfalt-gestalten.png",640,476,false],"1536x1536":["https:\/\/www.anika-net.de\/wp-content\/uploads\/2024\/09\/Gemainsam-Vielfalt-gestalten.png",794,591,false],"2048x2048":["https:\/\/www.anika-net.de\/wp-content\/uploads\/2024\/09\/Gemainsam-Vielfalt-gestalten.png",794,591,false],"event-overview":["https:\/\/www.anika-net.de\/wp-content\/uploads\/2024\/09\/Gemainsam-Vielfalt-gestalten.png",794,591,false],"event-archive-thumb":["https:\/\/www.anika-net.de\/wp-content\/uploads\/2024\/09\/Gemainsam-Vielfalt-gestalten-480x357.png",480,357,true],"grid-item-thumbnail":["https:\/\/www.anika-net.de\/wp-content\/uploads\/2024\/09\/Gemainsam-Vielfalt-gestalten-360x200.png",360,200,true],"network-partner-icon":["https:\/\/www.anika-net.de\/wp-content\/uploads\/2024\/09\/Gemainsam-Vielfalt-gestalten-100x100.png",100,100,true],"organiser-icon":["https:\/\/www.anika-net.de\/wp-content\/uploads\/2024\/09\/Gemainsam-Vielfalt-gestalten-200x200.png",200,200,true],"gform-image-choice-sm":["https:\/\/www.anika-net.de\/wp-content\/uploads\/2024\/09\/Gemainsam-Vielfalt-gestalten.png",300,223,false],"gform-image-choice-md":["https:\/\/www.anika-net.de\/wp-content\/uploads\/2024\/09\/Gemainsam-Vielfalt-gestalten.png",400,298,false],"gform-image-choice-lg":["https:\/\/www.anika-net.de\/wp-content\/uploads\/2024\/09\/Gemainsam-Vielfalt-gestalten.png",600,447,false]},"uagb_author_info":{"display_name":"Andrea Ramirez","author_link":"https:\/\/www.anika-net.de\/it\/author\/andrea-ramirez\/"},"uagb_comment_info":0,"uagb_excerpt":"Even\u00adto di avvio nel\u00adl\u2019am\u00adbi\u00adto del\u00adl\u2019e\u00adle\u00adzio\u00adne del Comi\u00adta\u00adto per l\u2019integrazione Par\u00adte\u00adci\u00adpa\u00adzio\u00adne poli\u00adti\u00adca in una socie\u00adt\u00e0 di immi\u00adgra\u00adzio\u00adne \u2014 Inte\u00adgra\u00adzio\u00adne attra\u00adver\u00adso la par\u00adte\u00adci\u00adpa\u00adzio\u00adne politica?\u201d Come si pu\u00f2 orga\u00adniz\u00adza\u00adre la par\u00adte\u00adci\u00adpa\u00adzio\u00adne poli\u00adti\u00adca del\u00adle&nbsp;leggi tutto","_links":{"self":[{"href":"https:\/\/www.anika-net.de\/it\/wp-json\/wp\/v2\/event\/53553","targetHints":{"allow":["GET"]}}],"collection":[{"href":"https:\/\/www.anika-net.de\/it\/wp-json\/wp\/v2\/event"}],"about":[{"href":"https:\/\/www.anika-net.de\/it\/wp-json\/wp\/v2\/types\/event"}],"author":[{"embeddable":true,"href":"https:\/\/www.anika-net.de\/it\/wp-json\/wp\/v2\/users\/12"}],"version-history":[{"count":0,"href":"https:\/\/www.anika-net.de\/it\/wp-json\/wp\/v2\/event\/53553\/revisions"}],"acf:post":[{"embeddable":true,"href":"https:\/\/www.anika-net.de\/it\/wp-json\/wp\/v2\/organiser\/32397"}],"acf:term":[{"embeddable":true,"taxonomy":"event_category","href":"https:\/\/www.anika-net.de\/it\/wp-json\/wp\/v2\/event_category\/179"}],"wp:featuredmedia":[{"embeddable":true,"href":"https:\/\/www.anika-net.de\/it\/wp-json\/wp\/v2\/media\/53536"}],"wp:attachment":[{"href":"https:\/\/www.anika-net.de\/it\/wp-json\/wp\/v2\/media?parent=53553"}],"curies":[{"name":"wp","href":"https:\/\/api.w.org\/{rel}","templated":true}]}}

La par­te­ci­pa­zio­ne poli­ti­ca in una socie­tà di immigrazione

<h4><span style="color: #666699;">Even­to di avvio nel­l’am­bi­to del­l’e­le­zio­ne del Comi­ta­to per l’integrazione</span></h4>
<h2><span style="color: #993366;">Par­te­ci­pa­zio­ne poli­ti­ca in una socie­tà di immi­gra­zio­ne — Inte­gra­zio­ne attra­ver­so la par­te­ci­pa­zio­ne politica?”</span></h2>
<p>  Come si può orga­niz­za­re la par­te­ci­pa­zio­ne poli­ti­ca del­le per­so­ne con espe­rien­za migra­to­ria in un moder­no pae­se di immigrazione?<br>
Qua­li bar­rie­re devo­no esse­re rimos­se per ren­der­la possibile?<br>
Que­ste doman­de sono di gran­de attua­li­tà a Karl­sru­he in vista del­l’e­le­zio­ne di esper­ti resi­den­ti nel Comi­ta­to per l’In­te­gra­zio­ne del­la cit­tà di Karl­sru­he il 10 dicembre.<br>
Dopo il discor­so di ben­ve­nu­to del sin­da­co Mar­tin Lenz, Meri Uhlig, capo del­l’Uf­fi­cio per l’in­te­gra­zio­ne e com­mis­sa­rio per l’in­te­gra­zio­ne del­la cit­tà di Karl­sru­he, ne discu­te­rà con esper­ti di fama: — Prof. Dr. Bir­git Locher-Fin­ke, Capo del Dipar­ti­men­to per l’In­te­gra­zio­ne pres­so il Mini­ste­ro degli Affa­ri Socia­li, del­la Salu­te e del­l’In­te­gra­zio­ne del Baden-Würt­tem­berg — Ms. Nasrin Far­kha­ri, con­su­len­te del­l’Uf­fi­cio Anti­di­scri­mi­na­zio­ne di Karl­sru­he — Prof. Dr. Andreas Wüst, Pro­fes­so­re di Scien­ze Poli­ti­che pres­so l’U­ni­ver­si­tà di Scien­ze Appli­ca­te di Mona­co di Bavie­ra — Il Sin­da­co Dr. Mar­tin Lenz ter­rà il discor­so di benvenuto.<br>
I cit­ta­di­ni inte­res­sa­ti sono cor­dial­men­te invi­ta­ti. 📌 <strong>Si pre­ga di regi­strar­si entro il 25 set­tem­bre 2024</strong> via e‑mail: ak-integrationsausschuss@sjb.karlsruhe.de    </p>

Ständehaussaal

Ständehausstraße 2

<p>Even­to di avvio nel­l’am­bi­to del­l’e­le­zio­ne del Comi­ta­to per l’integrazione Par­te­ci­pa­zio­ne poli­ti­ca in una socie­tà di immi­gra­zio­ne — Inte­gra­zio­ne attra­ver­so la par­te­ci­pa­zio­ne poli­ti­ca?” Come si può orga­niz­za­re la par­te­ci­pa­zio­ne poli­ti­ca del­le per­so­ne con espe­rien­za migra­to­ria in un moder­no pae­se di immi­gra­zio­ne? Qua­li bar­rie­re devo­no esse­re rimos­se per ren­der­la pos­si­bi­le? Que­ste doman­de sono di gran­de attua­li­tà a Karl­sru­he in vista del­l’e­le­zio­ne di esper­ti resi­den­ti nel Comi­ta­to per l’In­te­gra­zio­ne del­la cit­tà di Karl­sru­he il 10 dicem­bre. Dopo il discor­so di ben­ve­nu­to del sin­da­co Mar­tin Lenz, Meri Uhlig, capo del­l’Uf­fi­cio per l’in­te­gra­zio­ne e com­mis­sa­rio per l’in­te­gra­zio­ne del­la cit­tà di Karl­sru­he, ne discu­te­rà con esperti…</p>

Even­to di avvio nel­l’am­bi­to del­l’e­le­zio­ne del Comi­ta­to per l’integrazione Par­te­ci­pa­zio­ne poli­ti­ca in una socie­tà di immi­gra­zio­ne — Inte­gra­zio­ne attra­ver­so la par­te­ci­pa­zio­ne politica?” Come si può orga­niz­za­re la par­te­ci­pa­zio­ne poli­ti­ca del­le&nbsp;leggi tutto
