{"id":20404,"date":"2022-05-11T15:55:39","date_gmt":"2022-05-11T13:55:39","guid":{"rendered":"https:\/\/www.anika-net.de\/ucenje-njemackog\/tecaj-integracije\/"},"modified":"2024-04-29T11:36:44","modified_gmt":"2024-04-29T09:36:44","slug":"tecaj-integracije","status":"publish","type":"page","link":"https:\/\/www.anika-net.de\/hr\/stigao\/njemacki-jezik\/tecaj-integracije\/","title":{"rendered":"Te\u010daj inte\u00adgra\u00adci\u00adje"},"content":{"rendered":"\n<p>Inte\u00adgra\u00adcij\u00adski te\u010da\u00adje\u00advi su jezi\u010d\u00adni te\u010da\u00adje\u00advi koji vam poma\u00ad\u017eu da pos\u00adta\u00adne\u00adte dio nje\u00adma\u010d\u00adkog dru\u0161\u00adtva. Inte\u00adgra\u00adcij\u00adski te\u010daj uklju\u00ad\u010du\u00adje te\u010daj jezi\u00adka i ori\u00adjen\u00adta\u00adcij\u00adski te\u010daj koji vam daje va\u017e\u00adne povi\u00adjes\u00adne, poli\u00adti\u010d\u00adke i kul\u00adtur\u00adne poza\u00addin\u00adske infor\u00adma\u00adci\u00adje o zem\u00adlji.<br>Tre\u00adba\u00adte poha\u00ad\u0111a\u00adti inte\u00adgra\u00adcij\u00adski te\u010daj ako jo\u0161 nema\u00adte dovolj\u00adno zna\u00adnja nje\u00adma\u010d\u00adkog jezika:<\/p>\n\n\n\n<ul class=\"wp-block-list\">\n<li>Ako ste novi u Kar\u00adl\u00adsru\u00adheu i dola\u00adzi\u00adte iz zem\u00adlje izvan EU\u2011a, ima\u00adte pra\u00advo poha\u00ad\u0111a\u00adti jedan inte\u00adgra\u00adcij\u00adski&nbsp;te\u010daj.<\/li>\n\n\n\n<li>Ako ve\u0107 du\u017ee vri\u00adje\u00adme \u017eivi\u00adte u Nje\u00adma\u010d\u00adkoj ili ste dr\u017eav\u00adlja\u00adnin EU\u2011a, tako\u00ad\u0111er mo\u017ee\u00adte biti prim\u00adlje\u00adni na te\u010da\u00adje\u00adve ako pos\u00adto\u00adje mjesta.<\/li>\n\n\n\n<li>Ako ste nje\u00adma\u010d\u00adki dr\u017eav\u00adlja\u00adnin, ali nema\u00adte dovolj\u00adno zna\u00adnja nje\u00adma\u010d\u00adkog jezi\u00adka i \u017eeli\u00adte se u\u010din\u00adko\u00advi\u00adti\u00adje inte\u00adgri\u00adra\u00adti, tako\u00ad\u0111er mo\u017ee\u00adte biti prim\u00adlje\u00adni na te\u010da\u00adje\u00adve ako pos\u00adto\u00adje mjesta.<\/li>\n<\/ul>\n\n\n\n<p>Vi\u0161e infor\u00adma\u00adci\u00adja mo\u017ee\u00adte pro\u00adna\u00ad\u0107i <a href=\"https:\/\/www.anika-net.de\/hr\/ucenje-njemackog\/integracijski-tecajevi\/\"><strong>na ovoj stranici<\/strong><\/a><\/p>\n\n\n\n<p>Potra\u00ad\u017ei\u00adte savjet od <strong><em>Migra\u00adti\u00adon\u00adsbe\u00adra\u00adtun\u00adg\u00adss\u00adtel\u00adle <\/em><\/strong>ili od <em><strong>B\u00fcro f\u00fcr Inte\u00adgra\u00adti\u00adon<\/strong><\/em> (Ure\u00adda za inte\u00adgra\u00adci\u00adju) o tome koji je te\u010daj jezi\u00adka prik\u00adla\u00addan za vas. Ured za inte\u00adgra\u00adci\u00adju rado \u0107e vam dati infor\u00adma\u00adci\u00adje putem tele\u00adfo\u00adna ili e\u2011po\u0161te ako ima\u00adte pita\u00adnja o jezi\u010d\u00adnim i inte\u00adgra\u00adcij\u00adskim te\u010da\u00adje\u00advi\u00adma: 0721 133\u20115727 ili buero.fuer.integration@sjb.karlsruhe.de.<\/p>\n","protected":false},"excerpt":{"rendered":"<p>Inte\u00adgra\u00adcij\u00adski te\u010da\u00adje\u00advi su jezi\u010d\u00adni te\u010da\u00adje\u00advi koji vam poma\u00ad\u017eu da pos\u00adta\u00adne\u00adte dio nje\u00adma\u010d\u00adkog dru\u0161\u00adtva. Inte\u00adgra\u00adcij\u00adski te\u010daj uklju\u00ad\u010du\u00adje te\u010daj jezi\u00adka i ori\u00adjen\u00adta\u00adcij\u00adski te\u010daj koji vam daje va\u017e\u00adne povi\u00adjes\u00adne, poli\u00adti\u010d\u00adke i kul\u00adtur\u00adne poza\u00addin\u00adske&nbsp;<a class=\"moretag\" href=\"https:\/\/www.anika-net.de\/hr\/stigao\/njemacki-jezik\/tecaj-integracije\/\">vidi vi\u0161e<\/a><\/p>\n","protected":false},"author":3,"featured_media":0,"parent":15751,"menu_order":0,"comment_status":"closed","ping_status":"closed","template":"","meta":{"_acf_changed":false,"inline_featured_image":false,"_uag_custom_page_level_css":"","wp_typography_post_enhancements_disabled":false,"footnotes":""},"class_list":["post-20404","page","type-page","status-publish","hentry"],"acf":[],"featured_image_urls_v2":{"full":"","thumbnail":"","medium":"","medium_large":"","large":"","1536x1536":"","2048x2048":"","event-overview":"","event-archive-thumb":"","grid-item-thumbnail":"","network-partner-icon":"","organiser-icon":"","gform-image-choice-sm":"","gform-image-choice-md":"","gform-image-choice-lg":""},"post_excerpt_stackable_v2":"<p>Inte\u00adgra\u00adcij\u00adski te\u010da\u00adje\u00advi su jezi\u010d\u00adni te\u010da\u00adje\u00advi koji vam poma\u00ad\u017eu da pos\u00adta\u00adne\u00adte dio nje\u00adma\u010d\u00adkog dru\u0161\u00adtva. Inte\u00adgra\u00adcij\u00adski te\u010daj uklju\u00ad\u010du\u00adje te\u010daj jezi\u00adka i ori\u00adjen\u00adta\u00adcij\u00adski te\u010daj koji vam daje va\u017e\u00adne povi\u00adjes\u00adne, poli\u00adti\u010d\u00adke i kul\u00adtur\u00adne poza\u00addin\u00adske infor\u00adma\u00adci\u00adje o zem\u00adlji.Tre\u00adba\u00adte poha\u00ad\u0111a\u00adti inte\u00adgra\u00adcij\u00adski te\u010daj ako jo\u0161 nema\u00adte dovolj\u00adno zna\u00adnja nje\u00adma\u010d\u00adkog jezi\u00adka: Ako ste novi u Kar\u00adl\u00adsru\u00adheu i dola\u00adzi\u00adte iz zem\u00adlje izvan EU\u2011a, ima\u00adte pra\u00advo poha\u00ad\u0111a\u00adti jedan inte\u00adgra\u00adcij\u00adski&nbsp;te\u010daj. Ako ve\u0107 du\u017ee vri\u00adje\u00adme \u017eivi\u00adte u Nje\u00adma\u010d\u00adkoj ili ste dr\u017eav\u00adlja\u00adnin EU\u2011a, tako\u00ad\u0111er mo\u017ee\u00adte biti prim\u00adlje\u00adni na te\u010da\u00adje\u00adve ako pos\u00adto\u00adje mjes\u00adta. Ako ste nje\u00adma\u010d\u00adki dr\u017eav\u00adlja\u00adnin, ali nema\u00adte dovolj\u00adno zna\u00adnja nje\u00adma\u010d\u00adkog jezi\u00adka i \u017eeli\u00adte se u\u010din\u00adko\u00advi\u00adti\u00adje inte\u00adgri\u00adra\u00adti, tako\u00ad\u0111er mo\u017ee\u00adte biti prim\u00adlje\u00adni na te\u010dajeve\u2026<\/p>\n","category_list_v2":"","author_info_v2":{"name":"Eva Geerken","url":"https:\/\/www.anika-net.de\/hr\/author\/egeerken\/"},"comments_num_v2":"0 comments","uagb_featured_image_src":{"full":false,"thumbnail":false,"medium":false,"medium_large":false,"large":false,"1536x1536":false,"2048x2048":false,"event-overview":false,"event-archive-thumb":false,"grid-item-thumbnail":false,"network-partner-icon":false,"organiser-icon":false,"gform-image-choice-sm":false,"gform-image-choice-md":false,"gform-image-choice-lg":false},"uagb_author_info":{"display_name":"Eva Geerken","author_link":"https:\/\/www.anika-net.de\/hr\/author\/egeerken\/"},"uagb_comment_info":0,"uagb_excerpt":"Inte\u00adgra\u00adcij\u00adski te\u010da\u00adje\u00advi su jezi\u010d\u00adni te\u010da\u00adje\u00advi koji vam poma\u00ad\u017eu da pos\u00adta\u00adne\u00adte dio nje\u00adma\u010d\u00adkog dru\u0161\u00adtva. Inte\u00adgra\u00adcij\u00adski te\u010daj uklju\u00ad\u010du\u00adje te\u010daj jezi\u00adka i ori\u00adjen\u00adta\u00adcij\u00adski te\u010daj koji vam daje va\u017e\u00adne povi\u00adjes\u00adne, poli\u00adti\u010d\u00adke i kul\u00adtur\u00adne poza\u00addin\u00adske&nbsp;vidi vi\u0161e","_links":{"self":[{"href":"https:\/\/www.anika-net.de\/hr\/wp-json\/wp\/v2\/pages\/20404","targetHints":{"allow":["GET"]}}],"collection":[{"href":"https:\/\/www.anika-net.de\/hr\/wp-json\/wp\/v2\/pages"}],"about":[{"href":"https:\/\/www.anika-net.de\/hr\/wp-json\/wp\/v2\/types\/page"}],"author":[{"embeddable":true,"href":"https:\/\/www.anika-net.de\/hr\/wp-json\/wp\/v2\/users\/3"}],"replies":[{"embeddable":true,"href":"https:\/\/www.anika-net.de\/hr\/wp-json\/wp\/v2\/comments?post=20404"}],"version-history":[{"count":0,"href":"https:\/\/www.anika-net.de\/hr\/wp-json\/wp\/v2\/pages\/20404\/revisions"}],"up":[{"embeddable":true,"href":"https:\/\/www.anika-net.de\/hr\/wp-json\/wp\/v2\/pages\/15751"}],"wp:attachment":[{"href":"https:\/\/www.anika-net.de\/hr\/wp-json\/wp\/v2\/media?parent=20404"}],"curies":[{"name":"wp","href":"https:\/\/api.w.org\/{rel}","templated":true}]}}

Tečaj inte­gra­ci­je

<p>Inte­gra­cij­ski teča­je­vi su jezič­ni teča­je­vi koji vam poma­žu da pos­ta­ne­te dio nje­mač­kog druš­tva. Inte­gra­cij­ski tečaj uklju­ču­je tečaj jezi­ka i ori­jen­ta­cij­ski tečaj koji vam daje važ­ne povi­jes­ne, poli­tič­ke i kul­tur­ne poza­din­ske infor­ma­ci­je o zem­lji.<br>Tre­ba­te poha­đa­ti inte­gra­cij­ski tečaj ako još nema­te dovolj­no zna­nja nje­mač­kog jezika:</p>



<ul class="wp-block-list">
<li>Ako ste novi u Kar­l­sru­heu i dola­zi­te iz zem­lje izvan EU‑a, ima­te pra­vo poha­đa­ti jedan inte­gra­cij­ski&nbsp;tečaj.</li>



<li>Ako već duže vri­je­me živi­te u Nje­mač­koj ili ste držav­lja­nin EU‑a, tako­đer može­te biti prim­lje­ni na teča­je­ve ako pos­to­je mjesta.</li>



<li>Ako ste nje­mač­ki držav­lja­nin, ali nema­te dovolj­no zna­nja nje­mač­kog jezi­ka i želi­te se učin­ko­vi­ti­je inte­gri­ra­ti, tako­đer može­te biti prim­lje­ni na teča­je­ve ako pos­to­je mjesta.</li>
</ul>



<p>Više infor­ma­ci­ja može­te pro­na­ći <a href="https://www.anika-net.de/hr/ucenje-njemackog/integracijski-tecajevi/"><strong>na ovoj stranici</strong></a></p>



<p>Potra­ži­te savjet od <strong><em>Migra­ti­on­sbe­ra­tun­g­ss­tel­le </em></strong>ili od <em><strong>Büro für Inte­gra­ti­on</strong></em> (Ure­da za inte­gra­ci­ju) o tome koji je tečaj jezi­ka prik­la­dan za vas. Ured za inte­gra­ci­ju rado će vam dati infor­ma­ci­je putem tele­fo­na ili e‑pošte ako ima­te pita­nja o jezič­nim i inte­gra­cij­skim teča­je­vi­ma: 0721 133‑5727 ili buero.fuer.integration@sjb.karlsruhe.de.</p>

<p>Inte­gra­cij­ski teča­je­vi su jezič­ni teča­je­vi koji vam poma­žu da pos­ta­ne­te dio nje­mač­kog druš­tva. Inte­gra­cij­ski tečaj uklju­ču­je tečaj jezi­ka i ori­jen­ta­cij­ski tečaj koji vam daje važ­ne povi­jes­ne, poli­tič­ke i kul­tur­ne poza­din­ske&nbsp;<a class="moretag" href="https://www.anika-net.de/hr/stigao/njemacki-jezik/tecaj-integracije/">vidi više</a></p>

<p>Inte­gra­cij­ski teča­je­vi su jezič­ni teča­je­vi koji vam poma­žu da pos­ta­ne­te dio nje­mač­kog druš­tva. Inte­gra­cij­ski tečaj uklju­ču­je tečaj jezi­ka i ori­jen­ta­cij­ski tečaj koji vam daje važ­ne povi­jes­ne, poli­tič­ke i kul­tur­ne poza­din­ske infor­ma­ci­je o zem­lji.Tre­ba­te poha­đa­ti inte­gra­cij­ski tečaj ako još nema­te dovolj­no zna­nja nje­mač­kog jezi­ka: Ako ste novi u Kar­l­sru­heu i dola­zi­te iz zem­lje izvan EU‑a, ima­te pra­vo poha­đa­ti jedan inte­gra­cij­ski&nbsp;tečaj. Ako već duže vri­je­me živi­te u Nje­mač­koj ili ste držav­lja­nin EU‑a, tako­đer može­te biti prim­lje­ni na teča­je­ve ako pos­to­je mjes­ta. Ako ste nje­mač­ki držav­lja­nin, ali nema­te dovolj­no zna­nja nje­mač­kog jezi­ka i želi­te se učin­ko­vi­ti­je inte­gri­ra­ti, tako­đer može­te biti prim­lje­ni na tečajeve…</p>

Inte­gra­cij­ski teča­je­vi su jezič­ni teča­je­vi koji vam poma­žu da pos­ta­ne­te dio nje­mač­kog druš­tva. Inte­gra­cij­ski tečaj uklju­ču­je tečaj jezi­ka i ori­jen­ta­cij­ski tečaj koji vam daje važ­ne povi­jes­ne, poli­tič­ke i kul­tur­ne poza­din­ske&nbsp;vidi više
