{"id":63309,"date":"2025-07-10T13:36:20","date_gmt":"2025-07-10T11:36:20","guid":{"rendered":"https:\/\/www.anika-net.de\/event\/stadtpiraten-karlsruhe-djecji-projekt\/"},"modified":"2025-07-10T13:36:21","modified_gmt":"2025-07-10T11:36:21","slug":"stadtpiraten-karlsruhe-djecji-projekt","status":"publish","type":"event","link":"https:\/\/www.anika-net.de\/hr\/event\/stadtpiraten-karlsruhe-djecji-projekt\/","title":{"rendered":"Stad\u00adt\u00adpi\u00adra\u00adten Kar\u00adl\u00adsru\u00adhe \u2014 Dje\u00ad\u010dji projekt"},"content":{"rendered":"\n<h4 class=\"wp-block-heading\"><span style=\"color: #9084a7;\" class=\"stk-highlight\">Tjed\u00adni pro\u00adgram za dje\u00adcu koja \u017eive u izbje\u00adgli\u010d\u00adkim domovima<\/span><\/h4>\n\n<h1 class=\"wp-block-heading\"><span style=\"color: #fcb900;\" class=\"stk-highlight\">Stad\u00adt\u00adpi\u00adra\u00adten Kar\u00adl\u00adsru\u00adhe<\/span> \u2013 <span style=\"color: #828080;\" class=\"stk-highlight\"><em>zaba\u00adva, pri\u00adpad\u00adnost i podr\u00ad\u0161ka za&nbsp;djecu<\/em><\/span><\/h1>\n\n<p><strong>Stad\u00adt\u00adpi\u00adra\u00adten Kar\u00adl\u00adsru\u00adhe<\/strong> je volon\u00adter\u00adski pro\u00adjekt koji dono\u00adsi <strong>radost, kre\u00adativ\u00adnost i pove\u00adza\u00adnost<\/strong> dje\u00adci iz izbje\u00adgli\u010d\u00adkih obi\u00adte\u00adlji koje tre\u00adnut\u00adno bora\u00adve u <strong>cen\u00adtru za po\u010det\u00adni pri\u00adhvat (LEA)<\/strong> u Karlsruheu.<\/p>\n\n<h3 class=\"wp-block-heading\">\u0160to radi\u00admo<\/h3>\n\n<p>Mno\u00adge obi\u00adte\u00adlji s koji\u00adma radi\u00admo suo\u010da\u00adva\u00adju se s neiz\u00advjes\u00adnom budu\u0107\u00adno\u0161\u00ad\u0107u u Nje\u00adma\u010d\u00adkoj. Dje\u00adca \u010des\u00adto \u017eive u sta\u00adnju \u201eizme\u00ad\u0111u\u201c \u2014 izme\u00ad\u0111u svo\u00adjih pro\u0161\u00adlih iskus\u00adta\u00adva i nejas\u00adnog puta koji ih \u010deka. Na\u0161a je misi\u00adja stvo\u00adri\u00adti pros\u00adtor u kojem jed\u00adnos\u00adtav\u00adno mogu <strong>ponov\u00adno biti dje\u00adca<\/strong> .  <\/p>\n\n<p>Sva\u00adki tje\u00addan organiziramo:<\/p>\n\n<ul class=\"wp-block-list\">\n<li>\ud83e\udd38\u200d\u2642\ufe0f Zabav\u00adne i aktiv\u00adne grup\u00adne&nbsp;igre<\/li>\n\n\n\n<li>\ud83c\udfa8 Kre\u00adativ\u00adne radionice<\/li>\n\n\n\n<li>\ud83d\ude8c Uzbud\u00adlji\u00advi izle\u00adti (pe\u010de\u00adnje, posje\u00adti zoolo\u00ad\u0161kom vrtu, kli\u00adza\u00adnje na ledu, penja\u00adnje i jo\u0161 mno\u00adgo&nbsp;toga)<\/li>\n<\/ul>\n\n<h3 class=\"wp-block-heading\">\u017deli\u00adte li se uklju\u010diti?<\/h3>\n\n<p>\u017deli\u00adte li <strong>volon\u00adti\u00adra\u00adti<\/strong> , pos\u00adta\u00advi\u00adti pita\u00adnje ili saz\u00adna\u00adti vi\u0161e o na\u0161em pro\u00adgra\u00admu \u2014 volje\u00adli bismo \u010duti va\u0161e mi\u0161ljenje!<\/p>\n\n<p>\ud83d\udce7 <strong><a>stadtpiraten@fluechtlingshilfe-karlsruhe.de<\/a><\/strong><\/p>\n\n<p><\/p>\n","protected":false},"author":12,"featured_media":63290,"template":"","class_list":["post-63309","event","type-event","status-publish","has-post-thumbnail","hentry","event_category-pomoc"],"acf":{"event-recurring":true,"event-category":140,"event-is-language-course":false,"event-recurring-still-active":true,"event-display-details":true,"event-schedules-recurring":null,"event-schedules-calendar":null,"event-is-online":false,"event-online-url":"","event-location-building":"Fl\u00fcchtlingshilfe Karlsruhe e.V.","event-location-street":"Alten Schlachthof 11","event-location-zip":"76131","event-location-city":"Karlsruhe","event-location-contact-person":"Gertrud Weber (Coordinator)","event-location-phone":"0170\/ 29219 99","event-location-phone-2":"","event-location-mail":"stadtpiraten@fluechtlingshilfe-karlsruhe.de","event-location-mail-2":"","event-location-website":"https:\/\/fluechtlingshilfe-karlsruhe.de\/projekte\/die-stadtpiraten\/","event-target-group":[{"target-group":"all"}],"event-target-group-comment":"","event-free":true,"event-organiser":[16124],"event-header-copyright-overlay":true,"event-copyright-note-description-end":false},"featured_image_urls_v2":{"full":["https:\/\/www.anika-net.de\/wp-content\/uploads\/2025\/07\/AdobeStock_293327591-scaled.jpeg",2560,1707,false],"thumbnail":["https:\/\/www.anika-net.de\/wp-content\/uploads\/2025\/07\/AdobeStock_293327591-150x150.jpeg",150,150,true],"medium":["https:\/\/www.anika-net.de\/wp-content\/uploads\/2025\/07\/AdobeStock_293327591-300x200.jpeg",300,200,true],"medium_large":["https:\/\/www.anika-net.de\/wp-content\/uploads\/2025\/07\/AdobeStock_293327591-768x512.jpeg",640,427,true],"large":["https:\/\/www.anika-net.de\/wp-content\/uploads\/2025\/07\/AdobeStock_293327591-1024x683.jpeg",640,427,true],"1536x1536":["https:\/\/www.anika-net.de\/wp-content\/uploads\/2025\/07\/AdobeStock_293327591-1536x1024.jpeg",1536,1024,true],"2048x2048":["https:\/\/www.anika-net.de\/wp-content\/uploads\/2025\/07\/AdobeStock_293327591-2048x1365.jpeg",2048,1365,true],"event-overview":["https:\/\/www.anika-net.de\/wp-content\/uploads\/2025\/07\/AdobeStock_293327591-960x640.jpeg",960,640,true],"event-archive-thumb":["https:\/\/www.anika-net.de\/wp-content\/uploads\/2025\/07\/AdobeStock_293327591-480x320.jpeg",480,320,true],"grid-item-thumbnail":["https:\/\/www.anika-net.de\/wp-content\/uploads\/2025\/07\/AdobeStock_293327591-360x200.jpeg",360,200,true],"network-partner-icon":["https:\/\/www.anika-net.de\/wp-content\/uploads\/2025\/07\/AdobeStock_293327591-100x100.jpeg",100,100,true],"organiser-icon":["https:\/\/www.anika-net.de\/wp-content\/uploads\/2025\/07\/AdobeStock_293327591-200x200.jpeg",200,200,true],"gform-image-choice-sm":["https:\/\/www.anika-net.de\/wp-content\/uploads\/2025\/07\/AdobeStock_293327591-scaled.jpeg",300,200,false],"gform-image-choice-md":["https:\/\/www.anika-net.de\/wp-content\/uploads\/2025\/07\/AdobeStock_293327591-scaled.jpeg",400,267,false],"gform-image-choice-lg":["https:\/\/www.anika-net.de\/wp-content\/uploads\/2025\/07\/AdobeStock_293327591-scaled.jpeg",600,400,false]},"post_excerpt_stackable_v2":"<p>Tjed\u00adni pro\u00adgram za dje\u00adcu koja \u017eive u izbje\u00adgli\u010d\u00adkim domo\u00advi\u00adma Stad\u00adt\u00adpi\u00adra\u00adten Kar\u00adl\u00adsru\u00adhe \u2013 zaba\u00adva, pri\u00adpad\u00adnost i podr\u00ad\u0161ka za&nbsp;dje\u00adcu Stad\u00adt\u00adpi\u00adra\u00adten Kar\u00adl\u00adsru\u00adhe je volon\u00adter\u00adski pro\u00adjekt koji dono\u00adsi radost, kre\u00adativ\u00adnost i pove\u00adza\u00adnost dje\u00adci iz izbje\u00adgli\u010d\u00adkih obi\u00adte\u00adlji koje tre\u00adnut\u00adno bora\u00adve u cen\u00adtru za po\u010det\u00adni pri\u00adhvat (LEA) u Kar\u00adl\u00adsru\u00adheu. \u0160to radi\u00admo Mno\u00adge obi\u00adte\u00adlji s koji\u00adma radi\u00admo suo\u010da\u00adva\u00adju se s neiz\u00advjes\u00adnom budu\u0107\u00adno\u0161\u00ad\u0107u u Nje\u00adma\u010d\u00adkoj. Dje\u00adca \u010des\u00adto \u017eive u sta\u00adnju \u201eizme\u00ad\u0111u\u201c \u2014 izme\u00ad\u0111u svo\u00adjih pro\u0161\u00adlih iskus\u00adta\u00adva i nejas\u00adnog puta koji ih \u010deka. Na\u0161a je misi\u00adja stvo\u00adri\u00adti pros\u00adtor u kojem jed\u00adnos\u00adtav\u00adno mogu ponov\u00adno biti dje\u00adca . Sva\u00adki tje\u00addan orga\u00adni\u00adzi\u00adra\u00admo: \ud83e\udd38\u200d\u2642\ufe0f Zabav\u00adne i aktiv\u00adne grup\u00adne&nbsp;igre \ud83c\udfa8 Kre\u00adativ\u00adne radi\u00adoni\u00adce \ud83d\ude8c Uzbudljivi\u2026<\/p>\n","category_list_v2":"","author_info_v2":{"name":"Andrea Ramirez","url":"https:\/\/www.anika-net.de\/hr\/author\/andrea-ramirez\/"},"comments_num_v2":"0 comments","uagb_featured_image_src":{"full":["https:\/\/www.anika-net.de\/wp-content\/uploads\/2025\/07\/AdobeStock_293327591-scaled.jpeg",2560,1707,false],"thumbnail":["https:\/\/www.anika-net.de\/wp-content\/uploads\/2025\/07\/AdobeStock_293327591-150x150.jpeg",150,150,true],"medium":["https:\/\/www.anika-net.de\/wp-content\/uploads\/2025\/07\/AdobeStock_293327591-300x200.jpeg",300,200,true],"medium_large":["https:\/\/www.anika-net.de\/wp-content\/uploads\/2025\/07\/AdobeStock_293327591-768x512.jpeg",640,427,true],"large":["https:\/\/www.anika-net.de\/wp-content\/uploads\/2025\/07\/AdobeStock_293327591-1024x683.jpeg",640,427,true],"1536x1536":["https:\/\/www.anika-net.de\/wp-content\/uploads\/2025\/07\/AdobeStock_293327591-1536x1024.jpeg",1536,1024,true],"2048x2048":["https:\/\/www.anika-net.de\/wp-content\/uploads\/2025\/07\/AdobeStock_293327591-2048x1365.jpeg",2048,1365,true],"event-overview":["https:\/\/www.anika-net.de\/wp-content\/uploads\/2025\/07\/AdobeStock_293327591-960x640.jpeg",960,640,true],"event-archive-thumb":["https:\/\/www.anika-net.de\/wp-content\/uploads\/2025\/07\/AdobeStock_293327591-480x320.jpeg",480,320,true],"grid-item-thumbnail":["https:\/\/www.anika-net.de\/wp-content\/uploads\/2025\/07\/AdobeStock_293327591-360x200.jpeg",360,200,true],"network-partner-icon":["https:\/\/www.anika-net.de\/wp-content\/uploads\/2025\/07\/AdobeStock_293327591-100x100.jpeg",100,100,true],"organiser-icon":["https:\/\/www.anika-net.de\/wp-content\/uploads\/2025\/07\/AdobeStock_293327591-200x200.jpeg",200,200,true],"gform-image-choice-sm":["https:\/\/www.anika-net.de\/wp-content\/uploads\/2025\/07\/AdobeStock_293327591-scaled.jpeg",300,200,false],"gform-image-choice-md":["https:\/\/www.anika-net.de\/wp-content\/uploads\/2025\/07\/AdobeStock_293327591-scaled.jpeg",400,267,false],"gform-image-choice-lg":["https:\/\/www.anika-net.de\/wp-content\/uploads\/2025\/07\/AdobeStock_293327591-scaled.jpeg",600,400,false]},"uagb_author_info":{"display_name":"Andrea Ramirez","author_link":"https:\/\/www.anika-net.de\/hr\/author\/andrea-ramirez\/"},"uagb_comment_info":0,"uagb_excerpt":"Tjed\u00adni pro\u00adgram za dje\u00adcu koja \u017eive u izbje\u00adgli\u010d\u00adkim domovima Stad\u00adt\u00adpi\u00adra\u00adten Kar\u00adl\u00adsru\u00adhe \u2013 zaba\u00adva, pri\u00adpad\u00adnost i podr\u00ad\u0161ka za&nbsp;djecu Stad\u00adt\u00adpi\u00adra\u00adten Kar\u00adl\u00adsru\u00adhe je volon\u00adter\u00adski pro\u00adjekt koji dono\u00adsi radost, kre\u00adativ\u00adnost i pove\u00adza\u00adnost dje\u00adci iz&nbsp;vidi vi\u0161e","_links":{"self":[{"href":"https:\/\/www.anika-net.de\/hr\/wp-json\/wp\/v2\/event\/63309","targetHints":{"allow":["GET"]}}],"collection":[{"href":"https:\/\/www.anika-net.de\/hr\/wp-json\/wp\/v2\/event"}],"about":[{"href":"https:\/\/www.anika-net.de\/hr\/wp-json\/wp\/v2\/types\/event"}],"author":[{"embeddable":true,"href":"https:\/\/www.anika-net.de\/hr\/wp-json\/wp\/v2\/users\/12"}],"version-history":[{"count":1,"href":"https:\/\/www.anika-net.de\/hr\/wp-json\/wp\/v2\/event\/63309\/revisions"}],"predecessor-version":[{"id":63310,"href":"https:\/\/www.anika-net.de\/hr\/wp-json\/wp\/v2\/event\/63309\/revisions\/63310"}],"acf:post":[{"embeddable":true,"href":"https:\/\/www.anika-net.de\/hr\/wp-json\/wp\/v2\/organiser\/16124"}],"acf:term":[{"embeddable":true,"taxonomy":"event_category","href":"https:\/\/www.anika-net.de\/hr\/wp-json\/wp\/v2\/event_category\/140"}],"wp:featuredmedia":[{"embeddable":true,"href":"https:\/\/www.anika-net.de\/hr\/wp-json\/wp\/v2\/media\/63290"}],"wp:attachment":[{"href":"https:\/\/www.anika-net.de\/hr\/wp-json\/wp\/v2\/media?parent=63309"}],"curies":[{"name":"wp","href":"https:\/\/api.w.org\/{rel}","templated":true}]}}

Stad­t­pi­ra­ten Kar­l­sru­he — Dje­čji projekt

<h4 class="wp-block-heading"><span style="color: #9084a7;" class="stk-highlight">Tjed­ni pro­gram za dje­cu koja žive u izbje­glič­kim domovima</span></h4>

<h1 class="wp-block-heading"><span style="color: #fcb900;" class="stk-highlight">Stad­t­pi­ra­ten Kar­l­sru­he</span> – <span style="color: #828080;" class="stk-highlight"><em>zaba­va, pri­pad­nost i podr­ška za&nbsp;djecu</em></span></h1>

<p><strong>Stad­t­pi­ra­ten Kar­l­sru­he</strong> je volon­ter­ski pro­jekt koji dono­si <strong>radost, kre­ativ­nost i pove­za­nost</strong> dje­ci iz izbje­glič­kih obi­te­lji koje tre­nut­no bora­ve u <strong>cen­tru za počet­ni pri­hvat (LEA)</strong> u Karlsruheu.</p>

<h3 class="wp-block-heading">Što radi­mo</h3>

<p>Mno­ge obi­te­lji s koji­ma radi­mo suoča­va­ju se s neiz­vjes­nom buduć­noš­ću u Nje­mač­koj. Dje­ca čes­to žive u sta­nju „izme­đu“ — izme­đu svo­jih proš­lih iskus­ta­va i nejas­nog puta koji ih čeka. Naša je misi­ja stvo­ri­ti pros­tor u kojem jed­nos­tav­no mogu <strong>ponov­no biti dje­ca</strong> .  </p>

<p>Sva­ki tje­dan organiziramo:</p>

<ul class="wp-block-list">
<li>🤸‍♂️ Zabav­ne i aktiv­ne grup­ne&nbsp;igre</li>



<li>🎨 Kre­ativ­ne radionice</li>



<li>🚌 Uzbud­lji­vi izle­ti (peče­nje, posje­ti zoolo­škom vrtu, kli­za­nje na ledu, penja­nje i još mno­go&nbsp;toga)</li>
</ul>

<h3 class="wp-block-heading">Želi­te li se uključiti?</h3>

<p>Želi­te li <strong>volon­ti­ra­ti</strong> , pos­ta­vi­ti pita­nje ili saz­na­ti više o našem pro­gra­mu — volje­li bismo čuti vaše mišljenje!</p>

<p>📧 <strong><a>stadtpiraten@fluechtlingshilfe-karlsruhe.de</a></strong></p>

<p></p>

Flüchtlingshilfe Karlsruhe e.V.

<p>Tjed­ni pro­gram za dje­cu koja žive u izbje­glič­kim domo­vi­ma Stad­t­pi­ra­ten Kar­l­sru­he – zaba­va, pri­pad­nost i podr­ška za&nbsp;dje­cu Stad­t­pi­ra­ten Kar­l­sru­he je volon­ter­ski pro­jekt koji dono­si radost, kre­ativ­nost i pove­za­nost dje­ci iz izbje­glič­kih obi­te­lji koje tre­nut­no bora­ve u cen­tru za počet­ni pri­hvat (LEA) u Kar­l­sru­heu. Što radi­mo Mno­ge obi­te­lji s koji­ma radi­mo suoča­va­ju se s neiz­vjes­nom buduć­noš­ću u Nje­mač­koj. Dje­ca čes­to žive u sta­nju „izme­đu“ — izme­đu svo­jih proš­lih iskus­ta­va i nejas­nog puta koji ih čeka. Naša je misi­ja stvo­ri­ti pros­tor u kojem jed­nos­tav­no mogu ponov­no biti dje­ca . Sva­ki tje­dan orga­ni­zi­ra­mo: 🤸‍♂️ Zabav­ne i aktiv­ne grup­ne&nbsp;igre 🎨 Kre­ativ­ne radi­oni­ce 🚌 Uzbudljivi…</p>

Tjed­ni pro­gram za dje­cu koja žive u izbje­glič­kim domovima Stad­t­pi­ra­ten Kar­l­sru­he – zaba­va, pri­pad­nost i podr­ška za&nbsp;djecu Stad­t­pi­ra­ten Kar­l­sru­he je volon­ter­ski pro­jekt koji dono­si radost, kre­ativ­nost i pove­za­nost dje­ci iz&nbsp;vidi više
