{"id":61554,"date":"2025-05-20T14:11:27","date_gmt":"2025-05-20T12:11:27","guid":{"rendered":"https:\/\/www.anika-net.de\/event\/radionica-obitelji-u-knjiznici-sutrasnjice\/"},"modified":"2025-05-20T14:11:27","modified_gmt":"2025-05-20T12:11:27","slug":"radionica-obitelji-u-knjiznici-sutrasnjice","status":"publish","type":"event","link":"https:\/\/www.anika-net.de\/hr\/event\/radionica-obitelji-u-knjiznici-sutrasnjice\/","title":{"rendered":"Radi\u00adoni\u00adca \u2014 Obi\u00adte\u00adlji u knji\u017e\u00adni\u00adci sutra\u0161njice"},"content":{"rendered":"<h3><span style=\"color: #666699;\">Grad\u00adska knji\u017e\u00adni\u00adca Karlsruhe<\/span><\/h3>\n<h1><span style=\"color: #800080;\">Budu\u00ad\u0107a radi\u00adoni\u00adca&nbsp;I:<\/span><br>\n <span style=\"color: #333399;\">\u201eU\u010di\u00adni\u00adte to svo\u00adjim: Obi\u00adte\u00adlji u knji\u017e\u00adni\u00adci sutra\u0161njice\u201c<\/span><\/h1>\n<p><strong>Ima\u00adte li&nbsp;djece?<\/strong><br>\n Pozi\u00adva\u00admo vas da nam se pri\u00addru\u00ad\u017ei\u00adte u raz\u00admi\u0161\u00adlja\u00adnju o knji\u017e\u00adni\u00adci sutra\u0161njice.<br>\n Zani\u00adma nas slo\u00adbod\u00adna raz\u00admje\u00adna i raz\u00admje\u00adna ide\u00adja iz svih perspektiva.<\/p>\n<h4><strong><span style=\"color: #008080;\">Dnev\u00adni ras\u00adpo\u00adred<\/span> <\/strong><\/h4>\n<p>15:00: Dola\u00adzak s obilaskom<br>\n15:30: Radionica<br>\n18 sati: Raz\u00admje\u00adna uz grickalice<\/p>\n<p>\u270d\ud83c\udffc <span style=\"color: #800080;\"><strong>Pri\u00adja\u00advi\u00adte se tele\u00adfo\u00adnom ili e\u2011po\u0161tom<\/strong><\/span> <\/p>\n","protected":false},"author":12,"featured_media":61530,"template":"","class_list":["post-61554","event","type-event","status-publish","has-post-thumbnail","hentry","event_category-slobodno-vrijeme"],"acf":{"event-recurring":false,"event-category":142,"event-is-language-course":false,"event-recurring-still-active":true,"event-display-details":true,"event-schedules-recurring":null,"event-schedules-calendar":[{"event-calendar-day":"20250705","event-calendar-time":"15:00","event-calendar-time-text":""}],"event-is-online":false,"event-online-url":"","event-location-building":" Stadtbibliothek in the new St\u00e4ndehaus","event-location-street":" St\u00e4ndehausstra\u00dfe 2","event-location-zip":"76133","event-location-city":"Karlsruhe","event-location-contact-person":"Franziska Wagne","event-location-phone":"0721 133-1212","event-location-phone-2":"","event-location-mail":"bme@afsta.karlsruhe.de","event-location-mail-2":"bibliothekspaedagogik@kultur.karlsruhe.de","event-location-website":"https:\/\/kalender.karlsruhe.de\/db\/termine\/literatur\/workshop_zukunftsworkshop_i_make_it","event-target-group":[{"target-group":"parents"}],"event-target-group-comment":"","event-free":true,"event-organiser":[50537],"event-header-copyright-overlay":true,"event-copyright-note-description-end":false},"featured_image_urls_v2":{"full":["https:\/\/www.anika-net.de\/wp-content\/uploads\/2025\/05\/Bibliothek.png",786,519,false],"thumbnail":["https:\/\/www.anika-net.de\/wp-content\/uploads\/2025\/05\/Bibliothek-150x150.png",150,150,true],"medium":["https:\/\/www.anika-net.de\/wp-content\/uploads\/2025\/05\/Bibliothek-300x198.png",300,198,true],"medium_large":["https:\/\/www.anika-net.de\/wp-content\/uploads\/2025\/05\/Bibliothek-768x507.png",640,423,true],"large":["https:\/\/www.anika-net.de\/wp-content\/uploads\/2025\/05\/Bibliothek.png",640,423,false],"1536x1536":["https:\/\/www.anika-net.de\/wp-content\/uploads\/2025\/05\/Bibliothek.png",786,519,false],"2048x2048":["https:\/\/www.anika-net.de\/wp-content\/uploads\/2025\/05\/Bibliothek.png",786,519,false],"event-overview":["https:\/\/www.anika-net.de\/wp-content\/uploads\/2025\/05\/Bibliothek.png",786,519,false],"event-archive-thumb":["https:\/\/www.anika-net.de\/wp-content\/uploads\/2025\/05\/Bibliothek-480x317.png",480,317,true],"grid-item-thumbnail":["https:\/\/www.anika-net.de\/wp-content\/uploads\/2025\/05\/Bibliothek-360x200.png",360,200,true],"network-partner-icon":["https:\/\/www.anika-net.de\/wp-content\/uploads\/2025\/05\/Bibliothek-100x100.png",100,100,true],"organiser-icon":["https:\/\/www.anika-net.de\/wp-content\/uploads\/2025\/05\/Bibliothek-200x200.png",200,200,true],"gform-image-choice-sm":["https:\/\/www.anika-net.de\/wp-content\/uploads\/2025\/05\/Bibliothek.png",300,198,false],"gform-image-choice-md":["https:\/\/www.anika-net.de\/wp-content\/uploads\/2025\/05\/Bibliothek.png",400,264,false],"gform-image-choice-lg":["https:\/\/www.anika-net.de\/wp-content\/uploads\/2025\/05\/Bibliothek.png",600,396,false]},"post_excerpt_stackable_v2":"<p>Grad\u00adska knji\u017e\u00adni\u00adca Kar\u00adl\u00adsru\u00adhe Budu\u00ad\u0107a radi\u00adoni\u00adca&nbsp;I: \u201eU\u010di\u00adni\u00adte to svo\u00adjim: Obi\u00adte\u00adlji u knji\u017e\u00adni\u00adci sutra\u0161\u00adnji\u00adce\u201c Ima\u00adte li&nbsp;dje\u00adce? Pozi\u00adva\u00admo vas da nam se pri\u00addru\u00ad\u017ei\u00adte u raz\u00admi\u0161\u00adlja\u00adnju o knji\u017e\u00adni\u00adci sutra\u0161\u00adnji\u00adce. Zani\u00adma nas slo\u00adbod\u00adna raz\u00admje\u00adna i raz\u00admje\u00adna ide\u00adja iz svih per\u00ads\u00adpek\u00adti\u00adva. Dnev\u00adni ras\u00adpo\u00adred 15:00: Dola\u00adzak s obi\u00adla\u00adskom 15:30: Radi\u00adoni\u00adca 18 sati: Raz\u00admje\u00adna uz gric\u00adka\u00adli\u00adce \u270d\ud83c\udffc Pri\u00adja\u00advi\u00adte se tele\u00adfo\u00adnom ili e\u2011po\u0161tom<\/p>\n","category_list_v2":"","author_info_v2":{"name":"Andrea Ramirez","url":"https:\/\/www.anika-net.de\/hr\/author\/andrea-ramirez\/"},"comments_num_v2":"0 comments","uagb_featured_image_src":{"full":["https:\/\/www.anika-net.de\/wp-content\/uploads\/2025\/05\/Bibliothek.png",786,519,false],"thumbnail":["https:\/\/www.anika-net.de\/wp-content\/uploads\/2025\/05\/Bibliothek-150x150.png",150,150,true],"medium":["https:\/\/www.anika-net.de\/wp-content\/uploads\/2025\/05\/Bibliothek-300x198.png",300,198,true],"medium_large":["https:\/\/www.anika-net.de\/wp-content\/uploads\/2025\/05\/Bibliothek-768x507.png",640,423,true],"large":["https:\/\/www.anika-net.de\/wp-content\/uploads\/2025\/05\/Bibliothek.png",640,423,false],"1536x1536":["https:\/\/www.anika-net.de\/wp-content\/uploads\/2025\/05\/Bibliothek.png",786,519,false],"2048x2048":["https:\/\/www.anika-net.de\/wp-content\/uploads\/2025\/05\/Bibliothek.png",786,519,false],"event-overview":["https:\/\/www.anika-net.de\/wp-content\/uploads\/2025\/05\/Bibliothek.png",786,519,false],"event-archive-thumb":["https:\/\/www.anika-net.de\/wp-content\/uploads\/2025\/05\/Bibliothek-480x317.png",480,317,true],"grid-item-thumbnail":["https:\/\/www.anika-net.de\/wp-content\/uploads\/2025\/05\/Bibliothek-360x200.png",360,200,true],"network-partner-icon":["https:\/\/www.anika-net.de\/wp-content\/uploads\/2025\/05\/Bibliothek-100x100.png",100,100,true],"organiser-icon":["https:\/\/www.anika-net.de\/wp-content\/uploads\/2025\/05\/Bibliothek-200x200.png",200,200,true],"gform-image-choice-sm":["https:\/\/www.anika-net.de\/wp-content\/uploads\/2025\/05\/Bibliothek.png",300,198,false],"gform-image-choice-md":["https:\/\/www.anika-net.de\/wp-content\/uploads\/2025\/05\/Bibliothek.png",400,264,false],"gform-image-choice-lg":["https:\/\/www.anika-net.de\/wp-content\/uploads\/2025\/05\/Bibliothek.png",600,396,false]},"uagb_author_info":{"display_name":"Andrea Ramirez","author_link":"https:\/\/www.anika-net.de\/hr\/author\/andrea-ramirez\/"},"uagb_comment_info":0,"uagb_excerpt":"Grad\u00adska knji\u017e\u00adni\u00adca Karlsruhe Budu\u00ad\u0107a radi\u00adoni\u00adca&nbsp;I: \u201eU\u010di\u00adni\u00adte to svo\u00adjim: Obi\u00adte\u00adlji u knji\u017e\u00adni\u00adci sutra\u0161njice\u201c Ima\u00adte li&nbsp;djece? Pozi\u00adva\u00admo vas da nam se pri\u00addru\u00ad\u017ei\u00adte u raz\u00admi\u0161\u00adlja\u00adnju o knji\u017e\u00adni\u00adci sutra\u0161njice. Zani\u00adma nas slo\u00adbod\u00adna raz\u00admje\u00adna i&nbsp;vidi vi\u0161e","_links":{"self":[{"href":"https:\/\/www.anika-net.de\/hr\/wp-json\/wp\/v2\/event\/61554","targetHints":{"allow":["GET"]}}],"collection":[{"href":"https:\/\/www.anika-net.de\/hr\/wp-json\/wp\/v2\/event"}],"about":[{"href":"https:\/\/www.anika-net.de\/hr\/wp-json\/wp\/v2\/types\/event"}],"author":[{"embeddable":true,"href":"https:\/\/www.anika-net.de\/hr\/wp-json\/wp\/v2\/users\/12"}],"version-history":[{"count":0,"href":"https:\/\/www.anika-net.de\/hr\/wp-json\/wp\/v2\/event\/61554\/revisions"}],"acf:post":[{"embeddable":true,"href":"https:\/\/www.anika-net.de\/hr\/wp-json\/wp\/v2\/organiser\/50537"}],"acf:term":[{"embeddable":true,"taxonomy":"event_category","href":"https:\/\/www.anika-net.de\/hr\/wp-json\/wp\/v2\/event_category\/142"}],"wp:featuredmedia":[{"embeddable":true,"href":"https:\/\/www.anika-net.de\/hr\/wp-json\/wp\/v2\/media\/61530"}],"wp:attachment":[{"href":"https:\/\/www.anika-net.de\/hr\/wp-json\/wp\/v2\/media?parent=61554"}],"curies":[{"name":"wp","href":"https:\/\/api.w.org\/{rel}","templated":true}]}}

Radi­oni­ca — Obi­te­lji u knjiž­ni­ci sutrašnjice

<h3><span style="color: #666699;">Grad­ska knjiž­ni­ca Karlsruhe</span></h3>
<h1><span style="color: #800080;">Budu­ća radi­oni­ca&nbsp;I:</span><br>
 <span style="color: #333399;">„Uči­ni­te to svo­jim: Obi­te­lji u knjiž­ni­ci sutrašnjice“</span></h1>
<p><strong>Ima­te li&nbsp;djece?</strong><br>
 Pozi­va­mo vas da nam se pri­dru­ži­te u raz­miš­lja­nju o knjiž­ni­ci sutrašnjice.<br>
 Zani­ma nas slo­bod­na raz­mje­na i raz­mje­na ide­ja iz svih perspektiva.</p>
<h4><strong><span style="color: #008080;">Dnev­ni ras­po­red</span> </strong></h4>
<p>15:00: Dola­zak s obilaskom<br>
15:30: Radionica<br>
18 sati: Raz­mje­na uz grickalice</p>
<p>✍🏼 <span style="color: #800080;"><strong>Pri­ja­vi­te se tele­fo­nom ili e‑poštom</strong></span> </p>

Stadtbibliothek in the new Ständehaus

Ständehausstraße 2

<p>Grad­ska knjiž­ni­ca Kar­l­sru­he Budu­ća radi­oni­ca&nbsp;I: „Uči­ni­te to svo­jim: Obi­te­lji u knjiž­ni­ci sutraš­nji­ce“ Ima­te li&nbsp;dje­ce? Pozi­va­mo vas da nam se pri­dru­ži­te u raz­miš­lja­nju o knjiž­ni­ci sutraš­nji­ce. Zani­ma nas slo­bod­na raz­mje­na i raz­mje­na ide­ja iz svih per­s­pek­ti­va. Dnev­ni ras­po­red 15:00: Dola­zak s obi­la­skom 15:30: Radi­oni­ca 18 sati: Raz­mje­na uz gric­ka­li­ce ✍🏼 Pri­ja­vi­te se tele­fo­nom ili e‑poštom</p>

Grad­ska knjiž­ni­ca Karlsruhe Budu­ća radi­oni­ca&nbsp;I: „Uči­ni­te to svo­jim: Obi­te­lji u knjiž­ni­ci sutrašnjice“ Ima­te li&nbsp;djece? Pozi­va­mo vas da nam se pri­dru­ži­te u raz­miš­lja­nju o knjiž­ni­ci sutrašnjice. Zani­ma nas slo­bod­na raz­mje­na i&nbsp;vidi više
