{"id":58744,"date":"2025-02-19T12:55:42","date_gmt":"2025-02-19T11:55:42","guid":{"rendered":"https:\/\/www.anika-net.de\/event\/vase-ideje-za-vas-grad-11-konferencija-mladih-u-karlsruheu\/"},"modified":"2025-02-19T12:55:42","modified_gmt":"2025-02-19T11:55:42","slug":"vase-ideje-za-vas-grad-11-konferencija-mladih-u-karlsruheu","status":"publish","type":"event","link":"https:\/\/www.anika-net.de\/hr\/event\/vase-ideje-za-vas-grad-11-konferencija-mladih-u-karlsruheu\/","title":{"rendered":"Va\u0161e ide\u00adje za va\u0161 grad \u2014 11. kon\u00adfe\u00adren\u00adci\u00adja mla\u00addih u Karlsruheu"},"content":{"rendered":"<h4><span style=\"color: #666699;\">11. kon\u00adfe\u00adren\u00adci\u00adja mla\u00addih u Karlsruheu<\/span><\/h4>\n<h1><span style=\"color: #333399;\">Va\u0161e ide\u00adje za va\u0161&nbsp;grad<\/span><\/h1>\n<blockquote>\n<p style=\"text-align: center;\"><em>\u201c\u0160to nije u redu s nogo\u00admet\u00adnim igra\u00adli\u00ad\u0161tem u va\u0161em okru\u00adgu? Gdje se mo\u017ee\u00adte na\u0107i? A \u0161to bis\u00adte \u017eelje\u00adli pro\u00admi\u00adje\u00adni\u00adti ili pobolj\u00ad\u0161a\u00adti u vezi s Karlsruheom?\u201d<br>\n Ovo su samo tri od mno\u00adgih pita\u00adnja o koji\u00adma se mo\u017ee govo\u00adri\u00adti na Kon\u00adfe\u00adren\u00adci\u00adji mla\u00addih u Karlsruheu.<\/em><\/p>\n<\/blockquote>\n<p>Na <strong>11. kon\u00adfe\u00adren\u00adci\u00adji mla\u00addih u Kar\u00adl\u00adsru\u00adheu<\/strong> , koja \u0107e se odr\u00ad\u017ea\u00adti 22. o\u017euj\u00adka 2025. u grad\u00adskoj vije\u0107\u00adni\u00adci Kar\u00adl\u00adsru\u00adhea, mla\u00addi \u0107e ponov\u00adno mo\u0107i sudje\u00adlo\u00adva\u00adti u obli\u00adko\u00adva\u00adnju svog gra\u00adda i isku\u00adsi\u00adti demo\u00adkrat\u00adske pro\u00adce\u00adse iz prve&nbsp;ruke.<\/p>\n<p>O izve\u00addi\u00advos\u00adti pri\u00adjed\u00adlo\u00adga raz\u00adgo\u00adva\u00adrat \u0107e se s pred\u00adstav\u00adni\u00adci\u00adma poli\u00adti\u00adke i uprave.<br>\n Pozi\u00adva\u00adju se svi mla\u00addi od 14 godi\u00adna navi\u00ad\u0161e. Bilo bi nam dra\u00adgo kada bi mno\u00adgo mla\u00addih lju\u00addi pro\u00adna\u0161\u00adlo put do grad\u00adske vije\u0107\u00adni\u00adce Kar\u00adl\u00adsru\u00adhea i svo\u00adjim ide\u00adja\u00adma i pri\u00adjed\u00adlo\u00adzi\u00adma sudje\u00adlo\u00adva\u00adlo u razvo\u00adju&nbsp;grada.&nbsp;<\/p>\n","protected":false},"author":12,"featured_media":58726,"template":"","class_list":["post-58744","event","type-event","status-publish","has-post-thumbnail","hentry","event_category-slobodno-vrijeme"],"acf":{"event-recurring":false,"event-category":142,"event-is-language-course":false,"event-recurring-still-active":true,"event-display-details":true,"event-schedules-recurring":null,"event-schedules-calendar":[{"event-calendar-day":"20250322","event-calendar-time":"14:00","event-calendar-time-text":""}],"event-is-online":false,"event-online-url":"","event-location-building":"B\u00fcrgersaal (Rathaus Karlsruhe)","event-location-street":"Karl-Friedrich-Stra\u00dfe 10","event-location-zip":"76133","event-location-city":"Karlsruhe","event-location-contact-person":"Nicolai B\u00f6rckel","event-location-phone":"0721 133 5603","event-location-phone-2":"","event-location-mail":"n.boerckel@stja.de","event-location-mail-2":"","event-location-website":"https:\/\/karlsruherjugendkonferenz.de\/","event-target-group":[{"target-group":"teens"},{"target-group":"students"}],"event-target-group-comment":"","event-free":true,"event-organiser":[16577],"event-header-copyright-overlay":true,"event-copyright-note-description-end":false},"featured_image_urls_v2":{"full":["https:\/\/www.anika-net.de\/wp-content\/uploads\/2025\/02\/Jugendkonferenz.png",1414,2000,false],"thumbnail":["https:\/\/www.anika-net.de\/wp-content\/uploads\/2025\/02\/Jugendkonferenz-150x150.png",150,150,true],"medium":["https:\/\/www.anika-net.de\/wp-content\/uploads\/2025\/02\/Jugendkonferenz-212x300.png",212,300,true],"medium_large":["https:\/\/www.anika-net.de\/wp-content\/uploads\/2025\/02\/Jugendkonferenz-768x1086.png",640,905,true],"large":["https:\/\/www.anika-net.de\/wp-content\/uploads\/2025\/02\/Jugendkonferenz-724x1024.png",640,905,true],"1536x1536":["https:\/\/www.anika-net.de\/wp-content\/uploads\/2025\/02\/Jugendkonferenz-1086x1536.png",1086,1536,true],"2048x2048":["https:\/\/www.anika-net.de\/wp-content\/uploads\/2025\/02\/Jugendkonferenz.png",1414,2000,false],"event-overview":["https:\/\/www.anika-net.de\/wp-content\/uploads\/2025\/02\/Jugendkonferenz-960x640.png",960,640,true],"event-archive-thumb":["https:\/\/www.anika-net.de\/wp-content\/uploads\/2025\/02\/Jugendkonferenz-480x679.png",480,679,true],"grid-item-thumbnail":["https:\/\/www.anika-net.de\/wp-content\/uploads\/2025\/02\/Jugendkonferenz-360x200.png",360,200,true],"network-partner-icon":["https:\/\/www.anika-net.de\/wp-content\/uploads\/2025\/02\/Jugendkonferenz-100x100.png",100,100,true],"organiser-icon":["https:\/\/www.anika-net.de\/wp-content\/uploads\/2025\/02\/Jugendkonferenz-200x200.png",200,200,true],"gform-image-choice-sm":["https:\/\/www.anika-net.de\/wp-content\/uploads\/2025\/02\/Jugendkonferenz.png",212,300,false],"gform-image-choice-md":["https:\/\/www.anika-net.de\/wp-content\/uploads\/2025\/02\/Jugendkonferenz.png",283,400,false],"gform-image-choice-lg":["https:\/\/www.anika-net.de\/wp-content\/uploads\/2025\/02\/Jugendkonferenz.png",424,600,false]},"post_excerpt_stackable_v2":"<p>11. kon\u00adfe\u00adren\u00adci\u00adja mla\u00addih u Kar\u00adl\u00adsru\u00adheu Va\u0161e ide\u00adje za va\u0161&nbsp;grad \u201c\u0160to nije u redu s nogo\u00admet\u00adnim igra\u00adli\u00ad\u0161tem u va\u0161em okru\u00adgu? Gdje se mo\u017ee\u00adte na\u0107i? A \u0161to bis\u00adte \u017eelje\u00adli pro\u00admi\u00adje\u00adni\u00adti ili pobolj\u00ad\u0161a\u00adti u vezi s Kar\u00adl\u00adsru\u00adhe\u00adom?\u201d Ovo su samo tri od mno\u00adgih pita\u00adnja o koji\u00adma se mo\u017ee govo\u00adri\u00adti na Kon\u00adfe\u00adren\u00adci\u00adji mla\u00addih u Kar\u00adl\u00adsru\u00adheu. Na 11. kon\u00adfe\u00adren\u00adci\u00adji mla\u00addih u Kar\u00adl\u00adsru\u00adheu , koja \u0107e se odr\u00ad\u017ea\u00adti 22. o\u017euj\u00adka 2025. u grad\u00adskoj vije\u0107\u00adni\u00adci Kar\u00adl\u00adsru\u00adhea, mla\u00addi \u0107e ponov\u00adno mo\u0107i sudje\u00adlo\u00adva\u00adti u obli\u00adko\u00adva\u00adnju svog gra\u00adda i isku\u00adsi\u00adti demo\u00adkrat\u00adske pro\u00adce\u00adse iz prve&nbsp;ruke. O izve\u00addi\u00advos\u00adti pri\u00adjed\u00adlo\u00adga raz\u00adgo\u00adva\u00adrat \u0107e se s pred\u00adstav\u00adni\u00adci\u00adma poli\u00adti\u00adke i upra\u00adve. Pozi\u00adva\u00adju se svi mla\u00addi&nbsp;od\u2026<\/p>\n","category_list_v2":"","author_info_v2":{"name":"Andrea Ramirez","url":"https:\/\/www.anika-net.de\/hr\/author\/andrea-ramirez\/"},"comments_num_v2":"0 comments","uagb_featured_image_src":{"full":["https:\/\/www.anika-net.de\/wp-content\/uploads\/2025\/02\/Jugendkonferenz.png",1414,2000,false],"thumbnail":["https:\/\/www.anika-net.de\/wp-content\/uploads\/2025\/02\/Jugendkonferenz-150x150.png",150,150,true],"medium":["https:\/\/www.anika-net.de\/wp-content\/uploads\/2025\/02\/Jugendkonferenz-212x300.png",212,300,true],"medium_large":["https:\/\/www.anika-net.de\/wp-content\/uploads\/2025\/02\/Jugendkonferenz-768x1086.png",640,905,true],"large":["https:\/\/www.anika-net.de\/wp-content\/uploads\/2025\/02\/Jugendkonferenz-724x1024.png",640,905,true],"1536x1536":["https:\/\/www.anika-net.de\/wp-content\/uploads\/2025\/02\/Jugendkonferenz-1086x1536.png",1086,1536,true],"2048x2048":["https:\/\/www.anika-net.de\/wp-content\/uploads\/2025\/02\/Jugendkonferenz.png",1414,2000,false],"event-overview":["https:\/\/www.anika-net.de\/wp-content\/uploads\/2025\/02\/Jugendkonferenz-960x640.png",960,640,true],"event-archive-thumb":["https:\/\/www.anika-net.de\/wp-content\/uploads\/2025\/02\/Jugendkonferenz-480x679.png",480,679,true],"grid-item-thumbnail":["https:\/\/www.anika-net.de\/wp-content\/uploads\/2025\/02\/Jugendkonferenz-360x200.png",360,200,true],"network-partner-icon":["https:\/\/www.anika-net.de\/wp-content\/uploads\/2025\/02\/Jugendkonferenz-100x100.png",100,100,true],"organiser-icon":["https:\/\/www.anika-net.de\/wp-content\/uploads\/2025\/02\/Jugendkonferenz-200x200.png",200,200,true],"gform-image-choice-sm":["https:\/\/www.anika-net.de\/wp-content\/uploads\/2025\/02\/Jugendkonferenz.png",212,300,false],"gform-image-choice-md":["https:\/\/www.anika-net.de\/wp-content\/uploads\/2025\/02\/Jugendkonferenz.png",283,400,false],"gform-image-choice-lg":["https:\/\/www.anika-net.de\/wp-content\/uploads\/2025\/02\/Jugendkonferenz.png",424,600,false]},"uagb_author_info":{"display_name":"Andrea Ramirez","author_link":"https:\/\/www.anika-net.de\/hr\/author\/andrea-ramirez\/"},"uagb_comment_info":0,"uagb_excerpt":"11. kon\u00adfe\u00adren\u00adci\u00adja mla\u00addih u Karlsruheu Va\u0161e ide\u00adje za va\u0161&nbsp;grad \u201c\u0160to nije u redu s nogo\u00admet\u00adnim igra\u00adli\u00ad\u0161tem u va\u0161em okru\u00adgu? Gdje se mo\u017ee\u00adte na\u0107i? A \u0161to bis\u00adte \u017eelje\u00adli pro\u00admi\u00adje\u00adni\u00adti ili pobolj\u00ad\u0161a\u00adti&nbsp;vidi vi\u0161e","_links":{"self":[{"href":"https:\/\/www.anika-net.de\/hr\/wp-json\/wp\/v2\/event\/58744","targetHints":{"allow":["GET"]}}],"collection":[{"href":"https:\/\/www.anika-net.de\/hr\/wp-json\/wp\/v2\/event"}],"about":[{"href":"https:\/\/www.anika-net.de\/hr\/wp-json\/wp\/v2\/types\/event"}],"author":[{"embeddable":true,"href":"https:\/\/www.anika-net.de\/hr\/wp-json\/wp\/v2\/users\/12"}],"version-history":[{"count":0,"href":"https:\/\/www.anika-net.de\/hr\/wp-json\/wp\/v2\/event\/58744\/revisions"}],"acf:post":[{"embeddable":true,"href":"https:\/\/www.anika-net.de\/hr\/wp-json\/wp\/v2\/organiser\/16577"}],"acf:term":[{"embeddable":true,"taxonomy":"event_category","href":"https:\/\/www.anika-net.de\/hr\/wp-json\/wp\/v2\/event_category\/142"}],"wp:featuredmedia":[{"embeddable":true,"href":"https:\/\/www.anika-net.de\/hr\/wp-json\/wp\/v2\/media\/58726"}],"wp:attachment":[{"href":"https:\/\/www.anika-net.de\/hr\/wp-json\/wp\/v2\/media?parent=58744"}],"curies":[{"name":"wp","href":"https:\/\/api.w.org\/{rel}","templated":true}]}}

Vaše ide­je za vaš grad — 11. kon­fe­ren­ci­ja mla­dih u Karlsruheu

<h4><span style="color: #666699;">11. kon­fe­ren­ci­ja mla­dih u Karlsruheu</span></h4>
<h1><span style="color: #333399;">Vaše ide­je za vaš&nbsp;grad</span></h1>
<blockquote>
<p style="text-align: center;"><em>“Što nije u redu s nogo­met­nim igra­li­štem u vašem okru­gu? Gdje se može­te naći? A što bis­te želje­li pro­mi­je­ni­ti ili pobolj­ša­ti u vezi s Karlsruheom?”<br>
 Ovo su samo tri od mno­gih pita­nja o koji­ma se može govo­ri­ti na Kon­fe­ren­ci­ji mla­dih u Karlsruheu.</em></p>
</blockquote>
<p>Na <strong>11. kon­fe­ren­ci­ji mla­dih u Kar­l­sru­heu</strong> , koja će se odr­ža­ti 22. ožuj­ka 2025. u grad­skoj vijeć­ni­ci Kar­l­sru­hea, mla­di će ponov­no moći sudje­lo­va­ti u obli­ko­va­nju svog gra­da i isku­si­ti demo­krat­ske pro­ce­se iz prve&nbsp;ruke.</p>
<p>O izve­di­vos­ti pri­jed­lo­ga raz­go­va­rat će se s pred­stav­ni­ci­ma poli­ti­ke i uprave.<br>
 Pozi­va­ju se svi mla­di od 14 godi­na navi­še. Bilo bi nam dra­go kada bi mno­go mla­dih lju­di pro­naš­lo put do grad­ske vijeć­ni­ce Kar­l­sru­hea i svo­jim ide­ja­ma i pri­jed­lo­zi­ma sudje­lo­va­lo u razvo­ju&nbsp;grada.&nbsp;</p>

Bürgersaal (Rathaus Karlsruhe)

Karl-Friedrich-Straße 10

Nicolai Börckel

<p>11. kon­fe­ren­ci­ja mla­dih u Kar­l­sru­heu Vaše ide­je za vaš&nbsp;grad “Što nije u redu s nogo­met­nim igra­li­štem u vašem okru­gu? Gdje se može­te naći? A što bis­te želje­li pro­mi­je­ni­ti ili pobolj­ša­ti u vezi s Kar­l­sru­he­om?” Ovo su samo tri od mno­gih pita­nja o koji­ma se može govo­ri­ti na Kon­fe­ren­ci­ji mla­dih u Kar­l­sru­heu. Na 11. kon­fe­ren­ci­ji mla­dih u Kar­l­sru­heu , koja će se odr­ža­ti 22. ožuj­ka 2025. u grad­skoj vijeć­ni­ci Kar­l­sru­hea, mla­di će ponov­no moći sudje­lo­va­ti u obli­ko­va­nju svog gra­da i isku­si­ti demo­krat­ske pro­ce­se iz prve&nbsp;ruke. O izve­di­vos­ti pri­jed­lo­ga raz­go­va­rat će se s pred­stav­ni­ci­ma poli­ti­ke i upra­ve. Pozi­va­ju se svi mla­di&nbsp;od…</p>

11. kon­fe­ren­ci­ja mla­dih u Karlsruheu Vaše ide­je za vaš&nbsp;grad “Što nije u redu s nogo­met­nim igra­li­štem u vašem okru­gu? Gdje se može­te naći? A što bis­te želje­li pro­mi­je­ni­ti ili pobolj­ša­ti&nbsp;vidi više
