{"id":32233,"date":"2023-02-08T10:58:53","date_gmt":"2023-02-08T09:58:53","guid":{"rendered":"https:\/\/www.anika-net.de\/event\/videozapisi-s-objasnjenjima-o-obrazovnom-sustavu-u-baden-wurttembergu\/"},"modified":"2023-07-04T21:47:13","modified_gmt":"2023-07-04T19:47:13","slug":"videozapisi-s-objasnjenjima-o-obrazovnom-sustavu-u-baden-wurttembergu","status":"publish","type":"event","link":"https:\/\/www.anika-net.de\/hr\/event\/videozapisi-s-objasnjenjima-o-obrazovnom-sustavu-u-baden-wurttembergu\/","title":{"rendered":"Vide\u00adoza\u00adpi\u00adsi s obja\u0161\u00adnje\u00adnji\u00adma o obra\u00adzov\u00adnom sus\u00adta\u00advu u Baden-W\u00fcrttembergu"},"content":{"rendered":"<p>Kako bi podr\u00ad\u017eao novo\u00adpri\u00addo\u0161\u00adle rodi\u00adte\u00adlje, Elter\u00adns\u00adtif\u00adtung Baden-W\u00fcr\u00adt\u00adtem\u00adberg izra\u00addio je vide\u00adoza\u00adpi\u00adse s obja\u0161\u00adnje\u00adnji\u00adma na <strong>dva\u00adna\u00adest jezi\u00adka<\/strong> o obra\u00adzov\u00adnom sus\u00adta\u00advu u Baden-W\u00fcr\u00adt\u00adtem\u00adber\u00adgu. Ovi vide\u00adoza\u00adpi\u00adsi s obja\u0161\u00adnje\u00adnji\u00adma nami\u00adje\u00adnje\u00adni su pru\u00ad\u017ea\u00adnju infor\u00adma\u00adci\u00adja i ori\u00adjen\u00adta\u00adci\u00adje svi\u00adma koji tek dola\u00adze u Kar\u00adl\u00adsru\u00adhe o tema\u00adma kao \u0161to su vrti\u0107, \u0161ko\u00adla i dru\u0161tvo.<\/p>\n<h4>Kome su nami\u00adje\u00adnje\u00adni vide\u00adoza\u00adpi\u00adsi s obja\u0161njenjima?<\/h4>\n<p>Vodi\u010d poma\u00ad\u017ee rodi\u00adte\u00adlji\u00adma da se sna\u00ad\u0111u u svom novom domu i poka\u00adzu\u00adje inte\u00adgra\u00adcij\u00adskim slu\u017e\u00adbe\u00adni\u00adci\u00adma, pred\u00adstav\u00adni\u00adci\u00adma rodi\u00adte\u00adlja, u\u010di\u00adte\u00adlji\u00adma, men\u00adto\u00adri\u00adma rodi\u00adte\u00adlja i dru\u00adgi\u00adma koji su u kon\u00adtak\u00adtu s novo\u00adpri\u00addo\u0161\u00adlim rodi\u00adte\u00adlji\u00adma raz\u00adli\u00ad\u010di\u00adte mogu\u0107\u00adnos\u00adti podr\u0161ke.<\/p>\n<p><a href=\"https:\/\/www.wegweiser-bw.de\/videos\" rel=\"noopener\">Ovdje mo\u017ee\u00adte pro\u00adna\u00ad\u0107i vide\u00adoza\u00adpi\u00adse s obja\u0161njenjima<\/a><\/p>\n","protected":false},"author":12,"featured_media":32199,"template":"","class_list":["post-32233","event","type-event","status-publish","has-post-thumbnail","hentry","event_category-obrazovanje"],"acf":{"event-recurring":true,"event-category":141,"event-is-language-course":false,"event-recurring-still-active":true,"event-display-details":true,"event-schedules-recurring":null,"event-schedules-calendar":null,"event-is-online":false,"event-online-url":"","event-location-building":"Gemeinn\u00fctzige Elternstiftung Baden-W\u00fcrttemberg ","event-location-street":"Silberburgstr. 158 ","event-location-zip":"70178","event-location-city":"Stuttgart","event-location-contact-person":"","event-location-phone":"0711- 27 34 150","event-location-phone-2":"","event-location-mail":"info@elternstiftung.de","event-location-mail-2":"","event-location-website":"https:\/\/www.wegweiser-bw.de\/videos","event-target-group":[{"target-group":"families"},{"target-group":"parents"}],"event-target-group-comment":"","event-free":true,"event-organiser":[32213],"event-header-copyright-overlay":true,"event-copyright-note-description-end":true},"featured_image_urls_v2":{"full":["https:\/\/www.anika-net.de\/wp-content\/uploads\/2023\/02\/Erklaerfilm-Schulformen-Baden-Wuerttemberg-06-scaled.jpg",2560,1440,false],"thumbnail":["https:\/\/www.anika-net.de\/wp-content\/uploads\/2023\/02\/Erklaerfilm-Schulformen-Baden-Wuerttemberg-06-150x150.jpg",150,150,true],"medium":["https:\/\/www.anika-net.de\/wp-content\/uploads\/2023\/02\/Erklaerfilm-Schulformen-Baden-Wuerttemberg-06-300x169.jpg",300,169,true],"medium_large":["https:\/\/www.anika-net.de\/wp-content\/uploads\/2023\/02\/Erklaerfilm-Schulformen-Baden-Wuerttemberg-06-768x432.jpg",640,360,true],"large":["https:\/\/www.anika-net.de\/wp-content\/uploads\/2023\/02\/Erklaerfilm-Schulformen-Baden-Wuerttemberg-06-1024x576.jpg",640,360,true],"1536x1536":["https:\/\/www.anika-net.de\/wp-content\/uploads\/2023\/02\/Erklaerfilm-Schulformen-Baden-Wuerttemberg-06-1536x864.jpg",1536,864,true],"2048x2048":["https:\/\/www.anika-net.de\/wp-content\/uploads\/2023\/02\/Erklaerfilm-Schulformen-Baden-Wuerttemberg-06-2048x1152.jpg",2048,1152,true],"event-overview":["https:\/\/www.anika-net.de\/wp-content\/uploads\/2023\/02\/Erklaerfilm-Schulformen-Baden-Wuerttemberg-06-960x640.jpg",960,640,true],"event-archive-thumb":["https:\/\/www.anika-net.de\/wp-content\/uploads\/2023\/02\/Erklaerfilm-Schulformen-Baden-Wuerttemberg-06-480x270.jpg",480,270,true],"grid-item-thumbnail":["https:\/\/www.anika-net.de\/wp-content\/uploads\/2023\/02\/Erklaerfilm-Schulformen-Baden-Wuerttemberg-06-360x200.jpg",360,200,true],"network-partner-icon":["https:\/\/www.anika-net.de\/wp-content\/uploads\/2023\/02\/Erklaerfilm-Schulformen-Baden-Wuerttemberg-06-100x100.jpg",100,100,true],"organiser-icon":["https:\/\/www.anika-net.de\/wp-content\/uploads\/2023\/02\/Erklaerfilm-Schulformen-Baden-Wuerttemberg-06-200x200.jpg",200,200,true],"gform-image-choice-sm":["https:\/\/www.anika-net.de\/wp-content\/uploads\/2023\/02\/Erklaerfilm-Schulformen-Baden-Wuerttemberg-06-scaled.jpg",300,169,false],"gform-image-choice-md":["https:\/\/www.anika-net.de\/wp-content\/uploads\/2023\/02\/Erklaerfilm-Schulformen-Baden-Wuerttemberg-06-scaled.jpg",400,225,false],"gform-image-choice-lg":["https:\/\/www.anika-net.de\/wp-content\/uploads\/2023\/02\/Erklaerfilm-Schulformen-Baden-Wuerttemberg-06-scaled.jpg",600,338,false]},"post_excerpt_stackable_v2":"<p>Kako bi podr\u00ad\u017eao novo\u00adpri\u00addo\u0161\u00adle rodi\u00adte\u00adlje, Elter\u00adns\u00adtif\u00adtung Baden-W\u00fcr\u00adt\u00adtem\u00adberg izra\u00addio je vide\u00adoza\u00adpi\u00adse s obja\u0161\u00adnje\u00adnji\u00adma na dva\u00adna\u00adest jezi\u00adka o obra\u00adzov\u00adnom sus\u00adta\u00advu u Baden-W\u00fcr\u00adt\u00adtem\u00adber\u00adgu. Ovi vide\u00adoza\u00adpi\u00adsi s obja\u0161\u00adnje\u00adnji\u00adma nami\u00adje\u00adnje\u00adni su pru\u00ad\u017ea\u00adnju infor\u00adma\u00adci\u00adja i ori\u00adjen\u00adta\u00adci\u00adje svi\u00adma koji tek dola\u00adze u Kar\u00adl\u00adsru\u00adhe o tema\u00adma kao \u0161to su vrti\u0107, \u0161ko\u00adla i dru\u0161\u00adtvo. Kome su nami\u00adje\u00adnje\u00adni vide\u00adoza\u00adpi\u00adsi s obja\u0161\u00adnje\u00adnji\u00adma? Vodi\u010d poma\u00ad\u017ee rodi\u00adte\u00adlji\u00adma da se sna\u00ad\u0111u u svom novom domu i poka\u00adzu\u00adje inte\u00adgra\u00adcij\u00adskim slu\u017e\u00adbe\u00adni\u00adci\u00adma, pred\u00adstav\u00adni\u00adci\u00adma rodi\u00adte\u00adlja, u\u010di\u00adte\u00adlji\u00adma, men\u00adto\u00adri\u00adma rodi\u00adte\u00adlja i dru\u00adgi\u00adma koji su u kon\u00adtak\u00adtu s novo\u00adpri\u00addo\u0161\u00adlim rodi\u00adte\u00adlji\u00adma raz\u00adli\u00ad\u010di\u00adte mogu\u0107\u00adnos\u00adti podr\u00ad\u0161ke. Ovdje mo\u017ee\u00adte pro\u00adna\u00ad\u0107i vide\u00adoza\u00adpi\u00adse s obja\u0161njenjima<\/p>\n","category_list_v2":"","author_info_v2":{"name":"Andrea Ramirez","url":"https:\/\/www.anika-net.de\/hr\/author\/andrea-ramirez\/"},"comments_num_v2":"0 comments","uagb_featured_image_src":{"full":["https:\/\/www.anika-net.de\/wp-content\/uploads\/2023\/02\/Erklaerfilm-Schulformen-Baden-Wuerttemberg-06-scaled.jpg",2560,1440,false],"thumbnail":["https:\/\/www.anika-net.de\/wp-content\/uploads\/2023\/02\/Erklaerfilm-Schulformen-Baden-Wuerttemberg-06-150x150.jpg",150,150,true],"medium":["https:\/\/www.anika-net.de\/wp-content\/uploads\/2023\/02\/Erklaerfilm-Schulformen-Baden-Wuerttemberg-06-300x169.jpg",300,169,true],"medium_large":["https:\/\/www.anika-net.de\/wp-content\/uploads\/2023\/02\/Erklaerfilm-Schulformen-Baden-Wuerttemberg-06-768x432.jpg",640,360,true],"large":["https:\/\/www.anika-net.de\/wp-content\/uploads\/2023\/02\/Erklaerfilm-Schulformen-Baden-Wuerttemberg-06-1024x576.jpg",640,360,true],"1536x1536":["https:\/\/www.anika-net.de\/wp-content\/uploads\/2023\/02\/Erklaerfilm-Schulformen-Baden-Wuerttemberg-06-1536x864.jpg",1536,864,true],"2048x2048":["https:\/\/www.anika-net.de\/wp-content\/uploads\/2023\/02\/Erklaerfilm-Schulformen-Baden-Wuerttemberg-06-2048x1152.jpg",2048,1152,true],"event-overview":["https:\/\/www.anika-net.de\/wp-content\/uploads\/2023\/02\/Erklaerfilm-Schulformen-Baden-Wuerttemberg-06-960x640.jpg",960,640,true],"event-archive-thumb":["https:\/\/www.anika-net.de\/wp-content\/uploads\/2023\/02\/Erklaerfilm-Schulformen-Baden-Wuerttemberg-06-480x270.jpg",480,270,true],"grid-item-thumbnail":["https:\/\/www.anika-net.de\/wp-content\/uploads\/2023\/02\/Erklaerfilm-Schulformen-Baden-Wuerttemberg-06-360x200.jpg",360,200,true],"network-partner-icon":["https:\/\/www.anika-net.de\/wp-content\/uploads\/2023\/02\/Erklaerfilm-Schulformen-Baden-Wuerttemberg-06-100x100.jpg",100,100,true],"organiser-icon":["https:\/\/www.anika-net.de\/wp-content\/uploads\/2023\/02\/Erklaerfilm-Schulformen-Baden-Wuerttemberg-06-200x200.jpg",200,200,true],"gform-image-choice-sm":["https:\/\/www.anika-net.de\/wp-content\/uploads\/2023\/02\/Erklaerfilm-Schulformen-Baden-Wuerttemberg-06-scaled.jpg",300,169,false],"gform-image-choice-md":["https:\/\/www.anika-net.de\/wp-content\/uploads\/2023\/02\/Erklaerfilm-Schulformen-Baden-Wuerttemberg-06-scaled.jpg",400,225,false],"gform-image-choice-lg":["https:\/\/www.anika-net.de\/wp-content\/uploads\/2023\/02\/Erklaerfilm-Schulformen-Baden-Wuerttemberg-06-scaled.jpg",600,338,false]},"uagb_author_info":{"display_name":"Andrea Ramirez","author_link":"https:\/\/www.anika-net.de\/hr\/author\/andrea-ramirez\/"},"uagb_comment_info":0,"uagb_excerpt":"Kako bi podr\u00ad\u017eao novo\u00adpri\u00addo\u0161\u00adle rodi\u00adte\u00adlje, Elter\u00adns\u00adtif\u00adtung Baden-W\u00fcr\u00adt\u00adtem\u00adberg izra\u00addio je vide\u00adoza\u00adpi\u00adse s obja\u0161\u00adnje\u00adnji\u00adma na dva\u00adna\u00adest jezi\u00adka o obra\u00adzov\u00adnom sus\u00adta\u00advu u Baden-W\u00fcr\u00adt\u00adtem\u00adber\u00adgu. Ovi vide\u00adoza\u00adpi\u00adsi s obja\u0161\u00adnje\u00adnji\u00adma nami\u00adje\u00adnje\u00adni su pru\u00ad\u017ea\u00adnju infor\u00adma\u00adci\u00adja i ori\u00adjen\u00adta\u00adci\u00adje&nbsp;vidi vi\u0161e","_links":{"self":[{"href":"https:\/\/www.anika-net.de\/hr\/wp-json\/wp\/v2\/event\/32233","targetHints":{"allow":["GET"]}}],"collection":[{"href":"https:\/\/www.anika-net.de\/hr\/wp-json\/wp\/v2\/event"}],"about":[{"href":"https:\/\/www.anika-net.de\/hr\/wp-json\/wp\/v2\/types\/event"}],"author":[{"embeddable":true,"href":"https:\/\/www.anika-net.de\/hr\/wp-json\/wp\/v2\/users\/12"}],"version-history":[{"count":0,"href":"https:\/\/www.anika-net.de\/hr\/wp-json\/wp\/v2\/event\/32233\/revisions"}],"acf:post":[{"embeddable":true,"href":"https:\/\/www.anika-net.de\/hr\/wp-json\/wp\/v2\/organiser\/32213"}],"acf:term":[{"embeddable":true,"taxonomy":"event_category","href":"https:\/\/www.anika-net.de\/hr\/wp-json\/wp\/v2\/event_category\/141"}],"wp:featuredmedia":[{"embeddable":true,"href":"https:\/\/www.anika-net.de\/hr\/wp-json\/wp\/v2\/media\/32199"}],"wp:attachment":[{"href":"https:\/\/www.anika-net.de\/hr\/wp-json\/wp\/v2\/media?parent=32233"}],"curies":[{"name":"wp","href":"https:\/\/api.w.org\/{rel}","templated":true}]}}

Vide­oza­pi­si s objaš­nje­nji­ma o obra­zov­nom sus­ta­vu u Baden-Württembergu

<p>Kako bi podr­žao novo­pri­doš­le rodi­te­lje, Elter­ns­tif­tung Baden-Wür­t­tem­berg izra­dio je vide­oza­pi­se s objaš­nje­nji­ma na <strong>dva­na­est jezi­ka</strong> o obra­zov­nom sus­ta­vu u Baden-Wür­t­tem­ber­gu. Ovi vide­oza­pi­si s objaš­nje­nji­ma nami­je­nje­ni su pru­ža­nju infor­ma­ci­ja i ori­jen­ta­ci­je svi­ma koji tek dola­ze u Kar­l­sru­he o tema­ma kao što su vrtić, ško­la i društvo.</p>
<h4>Kome su nami­je­nje­ni vide­oza­pi­si s objašnjenjima?</h4>
<p>Vodič poma­že rodi­te­lji­ma da se sna­đu u svom novom domu i poka­zu­je inte­gra­cij­skim služ­be­ni­ci­ma, pred­stav­ni­ci­ma rodi­te­lja, uči­te­lji­ma, men­to­ri­ma rodi­te­lja i dru­gi­ma koji su u kon­tak­tu s novo­pri­doš­lim rodi­te­lji­ma raz­li­či­te moguć­nos­ti podrške.</p>
<p><a href="https://www.wegweiser-bw.de/videos" rel="noopener">Ovdje može­te pro­na­ći vide­oza­pi­se s objašnjenjima</a></p>

Gemeinnützige Elternstiftung Baden-Württemberg

<p>Kako bi podr­žao novo­pri­doš­le rodi­te­lje, Elter­ns­tif­tung Baden-Wür­t­tem­berg izra­dio je vide­oza­pi­se s objaš­nje­nji­ma na dva­na­est jezi­ka o obra­zov­nom sus­ta­vu u Baden-Wür­t­tem­ber­gu. Ovi vide­oza­pi­si s objaš­nje­nji­ma nami­je­nje­ni su pru­ža­nju infor­ma­ci­ja i ori­jen­ta­ci­je svi­ma koji tek dola­ze u Kar­l­sru­he o tema­ma kao što su vrtić, ško­la i druš­tvo. Kome su nami­je­nje­ni vide­oza­pi­si s objaš­nje­nji­ma? Vodič poma­že rodi­te­lji­ma da se sna­đu u svom novom domu i poka­zu­je inte­gra­cij­skim služ­be­ni­ci­ma, pred­stav­ni­ci­ma rodi­te­lja, uči­te­lji­ma, men­to­ri­ma rodi­te­lja i dru­gi­ma koji su u kon­tak­tu s novo­pri­doš­lim rodi­te­lji­ma raz­li­či­te moguć­nos­ti podr­ške. Ovdje može­te pro­na­ći vide­oza­pi­se s objašnjenjima</p>

Kako bi podr­žao novo­pri­doš­le rodi­te­lje, Elter­ns­tif­tung Baden-Wür­t­tem­berg izra­dio je vide­oza­pi­se s objaš­nje­nji­ma na dva­na­est jezi­ka o obra­zov­nom sus­ta­vu u Baden-Wür­t­tem­ber­gu. Ovi vide­oza­pi­si s objaš­nje­nji­ma nami­je­nje­ni su pru­ža­nju infor­ma­ci­ja i ori­jen­ta­ci­je&nbsp;vidi više
