{"id":18262,"date":"2019-05-08T11:19:43","date_gmt":"2019-05-08T09:19:43","guid":{"rendered":"https:\/\/www.anika-net.de\/event\/meeting-points-for-moms-and-dads\/"},"modified":"2022-04-03T18:28:29","modified_gmt":"2022-04-03T16:28:29","slug":"mjesta-susreta-za-majke-i-oceve","status":"publish","type":"event","link":"https:\/\/www.anika-net.de\/hr\/event\/mjesta-susreta-za-majke-i-oceve\/","title":{"rendered":"Mjes\u00adta susre\u00adta za maj\u00adke i&nbsp;o\u010deve"},"content":{"rendered":"<p><strong>Kafi\u00ad\u0107i za maj\u00adke, kafi\u00ad\u0107i za rodi\u00adte\u00adlje, po\u010det\u00adni rodi\u00adtelj\u00adski kafi\u00ad\u0107i, sas\u00adtan\u00adci za doje\u00adnje i sas\u00adtan\u00adci za&nbsp;o\u010deve<\/strong><\/p>\n<p>Raz\u00adli\u00ad\u010di\u00adta mjes\u00adta za rodi\u00adtelj\u00adske i obi\u00adtelj\u00adske sas\u00adtan\u00adke nude vam pri\u00adli\u00adku da stu\u00adpi\u00adte u kon\u00adtakt s dru\u00adgim roditeljima.<\/p>\n<p><a href=\"https:\/\/www.anika-net.de\/wp-content\/uploads\/2021\/10\/Flyer_Stadt_Karlsruhe_Kinderbuero_Broschuere_Treffpunkte.pdf\" target=\"_blank\" rel=\"noopener\">Let\u00adci za preuzimanje<\/a><\/p>\n","protected":false},"author":12,"featured_media":11141,"template":"","class_list":["post-18262","event","type-event","status-publish","has-post-thumbnail","hentry","event_category-slobodno-vrijeme"],"acf":{"event-recurring":true,"event-category":142,"event-is-language-course":false,"event-recurring-still-active":true,"event-display-details":true,"event-schedules-recurring":null,"event-schedules-calendar":null,"event-is-online":false,"event-online-url":"","event-location-building":"Kinderb\u00fcro  Fachbereich Familienbildung","event-location-street":"S\u00fcdendstra\u00dfe 42","event-location-zip":"76135","event-location-city":"Karlsruhe","event-location-contact-person":"Kinderb\u00fcro  Fachbereich Familienbildung","event-location-phone":"0721 133-5044","event-location-phone-2":"","event-location-mail":"familienbildung@sjb.karlsruhe.de","event-location-mail-2":"","event-location-website":"https:\/\/www.karlsruhe.de\/kinderbuero","event-target-group":[{"target-group":"children"},{"target-group":"parents"}],"event-target-group-comment":"","event-free":true,"event-organiser":[16484],"event-header-copyright-overlay":true,"event-copyright-note-description-end":true},"featured_image_urls_v2":{"full":["https:\/\/www.anika-net.de\/wp-content\/uploads\/2021\/10\/kindergarten-gbc81269f0_1280.jpg",1280,853,false],"thumbnail":["https:\/\/www.anika-net.de\/wp-content\/uploads\/2021\/10\/kindergarten-gbc81269f0_1280-150x150.jpg",150,150,true],"medium":["https:\/\/www.anika-net.de\/wp-content\/uploads\/2021\/10\/kindergarten-gbc81269f0_1280-300x200.jpg",300,200,true],"medium_large":["https:\/\/www.anika-net.de\/wp-content\/uploads\/2021\/10\/kindergarten-gbc81269f0_1280-768x512.jpg",640,427,true],"large":["https:\/\/www.anika-net.de\/wp-content\/uploads\/2021\/10\/kindergarten-gbc81269f0_1280-1024x682.jpg",640,426,true],"1536x1536":["https:\/\/www.anika-net.de\/wp-content\/uploads\/2021\/10\/kindergarten-gbc81269f0_1280.jpg",1280,853,false],"2048x2048":["https:\/\/www.anika-net.de\/wp-content\/uploads\/2021\/10\/kindergarten-gbc81269f0_1280.jpg",1280,853,false],"event-overview":["https:\/\/www.anika-net.de\/wp-content\/uploads\/2021\/10\/kindergarten-gbc81269f0_1280-960x640.jpg",960,640,true],"event-archive-thumb":["https:\/\/www.anika-net.de\/wp-content\/uploads\/2021\/10\/kindergarten-gbc81269f0_1280-480x320.jpg",480,320,true],"grid-item-thumbnail":["https:\/\/www.anika-net.de\/wp-content\/uploads\/2021\/10\/kindergarten-gbc81269f0_1280-360x200.jpg",360,200,true],"network-partner-icon":["https:\/\/www.anika-net.de\/wp-content\/uploads\/2021\/10\/kindergarten-gbc81269f0_1280-100x100.jpg",100,100,true],"organiser-icon":["https:\/\/www.anika-net.de\/wp-content\/uploads\/2021\/10\/kindergarten-gbc81269f0_1280-200x200.jpg",200,200,true],"gform-image-choice-sm":["https:\/\/www.anika-net.de\/wp-content\/uploads\/2021\/10\/kindergarten-gbc81269f0_1280.jpg",300,200,false],"gform-image-choice-md":["https:\/\/www.anika-net.de\/wp-content\/uploads\/2021\/10\/kindergarten-gbc81269f0_1280.jpg",400,267,false],"gform-image-choice-lg":["https:\/\/www.anika-net.de\/wp-content\/uploads\/2021\/10\/kindergarten-gbc81269f0_1280.jpg",600,400,false]},"post_excerpt_stackable_v2":"<p>Kafi\u00ad\u0107i za maj\u00adke, kafi\u00ad\u0107i za rodi\u00adte\u00adlje, po\u010det\u00adni rodi\u00adtelj\u00adski kafi\u00ad\u0107i, sas\u00adtan\u00adci za doje\u00adnje i sas\u00adtan\u00adci za&nbsp;o\u010de\u00adve Raz\u00adli\u00ad\u010di\u00adta mjes\u00adta za rodi\u00adtelj\u00adske i obi\u00adtelj\u00adske sas\u00adtan\u00adke nude vam pri\u00adli\u00adku da stu\u00adpi\u00adte u kon\u00adtakt s dru\u00adgim rodi\u00adte\u00adlji\u00adma. Let\u00adci za preuzimanje<\/p>\n","category_list_v2":"","author_info_v2":{"name":"Andrea Ramirez","url":"https:\/\/www.anika-net.de\/hr\/author\/andrea-ramirez\/"},"comments_num_v2":"0 comments","uagb_featured_image_src":{"full":["https:\/\/www.anika-net.de\/wp-content\/uploads\/2021\/10\/kindergarten-gbc81269f0_1280.jpg",1280,853,false],"thumbnail":["https:\/\/www.anika-net.de\/wp-content\/uploads\/2021\/10\/kindergarten-gbc81269f0_1280-150x150.jpg",150,150,true],"medium":["https:\/\/www.anika-net.de\/wp-content\/uploads\/2021\/10\/kindergarten-gbc81269f0_1280-300x200.jpg",300,200,true],"medium_large":["https:\/\/www.anika-net.de\/wp-content\/uploads\/2021\/10\/kindergarten-gbc81269f0_1280-768x512.jpg",640,427,true],"large":["https:\/\/www.anika-net.de\/wp-content\/uploads\/2021\/10\/kindergarten-gbc81269f0_1280-1024x682.jpg",640,426,true],"1536x1536":["https:\/\/www.anika-net.de\/wp-content\/uploads\/2021\/10\/kindergarten-gbc81269f0_1280.jpg",1280,853,false],"2048x2048":["https:\/\/www.anika-net.de\/wp-content\/uploads\/2021\/10\/kindergarten-gbc81269f0_1280.jpg",1280,853,false],"event-overview":["https:\/\/www.anika-net.de\/wp-content\/uploads\/2021\/10\/kindergarten-gbc81269f0_1280-960x640.jpg",960,640,true],"event-archive-thumb":["https:\/\/www.anika-net.de\/wp-content\/uploads\/2021\/10\/kindergarten-gbc81269f0_1280-480x320.jpg",480,320,true],"grid-item-thumbnail":["https:\/\/www.anika-net.de\/wp-content\/uploads\/2021\/10\/kindergarten-gbc81269f0_1280-360x200.jpg",360,200,true],"network-partner-icon":["https:\/\/www.anika-net.de\/wp-content\/uploads\/2021\/10\/kindergarten-gbc81269f0_1280-100x100.jpg",100,100,true],"organiser-icon":["https:\/\/www.anika-net.de\/wp-content\/uploads\/2021\/10\/kindergarten-gbc81269f0_1280-200x200.jpg",200,200,true],"gform-image-choice-sm":["https:\/\/www.anika-net.de\/wp-content\/uploads\/2021\/10\/kindergarten-gbc81269f0_1280.jpg",300,200,false],"gform-image-choice-md":["https:\/\/www.anika-net.de\/wp-content\/uploads\/2021\/10\/kindergarten-gbc81269f0_1280.jpg",400,267,false],"gform-image-choice-lg":["https:\/\/www.anika-net.de\/wp-content\/uploads\/2021\/10\/kindergarten-gbc81269f0_1280.jpg",600,400,false]},"uagb_author_info":{"display_name":"Andrea Ramirez","author_link":"https:\/\/www.anika-net.de\/hr\/author\/andrea-ramirez\/"},"uagb_comment_info":0,"uagb_excerpt":"Kafi\u00ad\u0107i za maj\u00adke, kafi\u00ad\u0107i za rodi\u00adte\u00adlje, po\u010det\u00adni rodi\u00adtelj\u00adski kafi\u00ad\u0107i, sas\u00adtan\u00adci za doje\u00adnje i sas\u00adtan\u00adci za&nbsp;o\u010deve Raz\u00adli\u00ad\u010di\u00adta mjes\u00adta za rodi\u00adtelj\u00adske i obi\u00adtelj\u00adske sas\u00adtan\u00adke nude vam pri\u00adli\u00adku da stu\u00adpi\u00adte u kon\u00adtakt s&nbsp;vidi vi\u0161e","_links":{"self":[{"href":"https:\/\/www.anika-net.de\/hr\/wp-json\/wp\/v2\/event\/18262","targetHints":{"allow":["GET"]}}],"collection":[{"href":"https:\/\/www.anika-net.de\/hr\/wp-json\/wp\/v2\/event"}],"about":[{"href":"https:\/\/www.anika-net.de\/hr\/wp-json\/wp\/v2\/types\/event"}],"author":[{"embeddable":true,"href":"https:\/\/www.anika-net.de\/hr\/wp-json\/wp\/v2\/users\/12"}],"version-history":[{"count":0,"href":"https:\/\/www.anika-net.de\/hr\/wp-json\/wp\/v2\/event\/18262\/revisions"}],"acf:post":[{"embeddable":true,"href":"https:\/\/www.anika-net.de\/hr\/wp-json\/wp\/v2\/organiser\/16484"}],"acf:term":[{"embeddable":true,"taxonomy":"event_category","href":"https:\/\/www.anika-net.de\/hr\/wp-json\/wp\/v2\/event_category\/142"}],"wp:featuredmedia":[{"embeddable":true,"href":"https:\/\/www.anika-net.de\/hr\/wp-json\/wp\/v2\/media\/11141"}],"wp:attachment":[{"href":"https:\/\/www.anika-net.de\/hr\/wp-json\/wp\/v2\/media?parent=18262"}],"curies":[{"name":"wp","href":"https:\/\/api.w.org\/{rel}","templated":true}]}}

Mjes­ta susre­ta za maj­ke i&nbsp;očeve

<p><strong>Kafi­ći za maj­ke, kafi­ći za rodi­te­lje, počet­ni rodi­telj­ski kafi­ći, sas­tan­ci za doje­nje i sas­tan­ci za&nbsp;očeve</strong></p>
<p>Raz­li­či­ta mjes­ta za rodi­telj­ske i obi­telj­ske sas­tan­ke nude vam pri­li­ku da stu­pi­te u kon­takt s dru­gim roditeljima.</p>
<p><a href="https://www.anika-net.de/wp-content/uploads/2021/10/Flyer_Stadt_Karlsruhe_Kinderbuero_Broschuere_Treffpunkte.pdf" target="_blank" rel="noopener">Let­ci za preuzimanje</a></p>

Kinderbüro  Fachbereich Familienbildung

Südendstraße 42

<p>Kafi­ći za maj­ke, kafi­ći za rodi­te­lje, počet­ni rodi­telj­ski kafi­ći, sas­tan­ci za doje­nje i sas­tan­ci za&nbsp;oče­ve Raz­li­či­ta mjes­ta za rodi­telj­ske i obi­telj­ske sas­tan­ke nude vam pri­li­ku da stu­pi­te u kon­takt s dru­gim rodi­te­lji­ma. Let­ci za preuzimanje</p>

Kafi­ći za maj­ke, kafi­ći za rodi­te­lje, počet­ni rodi­telj­ski kafi­ći, sas­tan­ci za doje­nje i sas­tan­ci za&nbsp;očeve Raz­li­či­ta mjes­ta za rodi­telj­ske i obi­telj­ske sas­tan­ke nude vam pri­li­ku da stu­pi­te u kon­takt s&nbsp;vidi više
