{"id":18116,"date":"2020-01-07T09:52:29","date_gmt":"2020-01-07T08:52:29","guid":{"rendered":"https:\/\/www.anika-net.de\/event\/de-beratung-zum-wiedereinstieg\/"},"modified":"2024-09-05T13:02:50","modified_gmt":"2024-09-05T11:02:50","slug":"savjeti-za-povratak-na-radno-trziste","status":"publish","type":"event","link":"https:\/\/www.anika-net.de\/hr\/event\/savjeti-za-povratak-na-radno-trziste\/","title":{"rendered":"Savje\u00adti za povra\u00adtak na rad\u00adno tr\u017ei\u0161te"},"content":{"rendered":"<h3><strong><span style=\"color: #008080;\">Povra\u00adtak na rad\u00adno tr\u017ei\u00ad\u0161te<\/span> <\/strong><\/h3>\n<p>Pita\u00adte li se pone\u00adkad ima\u00adte li \u0161an\u00adse na tre\u00adnut\u00adnom tr\u017ei\u00ad\u0161tu&nbsp;rada?<br>\nIli raz\u00admi\u0161\u00adlja\u00adte li o tome da li je mogu\u00ad\u0107e poha\u00ad\u0111a\u00adti neku obu\u00adku? Mo\u017eda \u010dak i na pola rad\u00adnog vremena?<br>\nMo\u017eda u pro\u00adfe\u00adsi\u00adji koja vas ispu\u00adnja\u00adva i omo\u00adgu\u00ad\u0107u\u00adje vam \u017eivot bez finan\u00adcij\u00adske pomo\u0107i?<\/p>\n<h3><span style=\"color: #008080;\"><strong>Bes\u00adplat\u00adno i bez obveze<\/strong><\/span><\/h3>\n<p>Na\u0161i kari\u00adjer\u00adni savjet\u00adni\u00adci sto\u00adje vam na ras\u00adpo\u00adla\u00adga\u00adnju sa svim svo\u00adjim zna\u00adnjem i kon\u00adtak\u00adti\u00adma za ori\u00adjen\u00adta\u00adcij\u00adsko savjetovanje.<br>\nOdva\u00adja\u00adju vri\u00adje\u00adme za va\u0161e bri\u00adge i mogu s vama raz\u00adgo\u00adva\u00adra\u00adti o va\u0161im ide\u00adja\u00adma i mo\u017eda ve\u0107 pokre\u00adnu\u00adti slje\u00adde\u00ad\u0107e korake.<\/p>\n<p>\ud83d\udcce<strong>pre\u00aduzi\u00adma\u00adnje <\/strong><a href=\"https:\/\/www.anika-net.de\/wp-content\/uploads\/2022\/11\/2106_Flyer-BBiE.pdf\"><strong>leta\u00adka<\/strong><\/a><\/p>\n<p>\u00a9Flyer-Bun\u00adde\u00adsa\u00adgen\u00adtur f\u00fcr Arbeit<\/p>\n<p>&nbsp;<\/p>\n","protected":false},"author":12,"featured_media":9003,"template":"","class_list":["post-18116","event","type-event","status-publish","has-post-thumbnail","hentry","event_category-raditi"],"acf":{"event-recurring":true,"event-category":143,"event-is-language-course":false,"event-recurring-still-active":true,"event-display-details":true,"event-schedules-recurring":null,"event-schedules-calendar":null,"event-is-online":false,"event-online-url":"","event-location-building":"Agentur f\u00fcr Arbeit Karlsruhe-Rastatt","event-location-street":"Brauerstr. 10","event-location-zip":"76135","event-location-city":"Karlsruhe","event-location-contact-person":"Berufsberatung im Erwerbsleben (BBiE)","event-location-phone":"+49 721 823 2555 Beratungshotline","event-location-phone-2":"","event-location-mail":"Oberrhein.BBiE@arbeitsagentur.de","event-location-mail-2":"","event-location-website":"https:\/\/www.arbeitsagentur.de\/datei\/die-lebensbegleitende-berufsberatung-der-ba_ba035445.pdf","event-target-group":[{"target-group":"all"}],"event-target-group-comment":"Ljudi prije profesionalnog ponovnog ulaska","event-free":true,"event-organiser":[15940],"event-header-copyright-overlay":false,"event-copyright-note-description-end":true},"featured_image_urls_v2":{"full":["https:\/\/www.anika-net.de\/wp-content\/uploads\/2021\/10\/870x489_bundesagentur_fuer_arbeit_logo-1280x640-1.jpg",870,489,false],"thumbnail":["https:\/\/www.anika-net.de\/wp-content\/uploads\/2021\/10\/870x489_bundesagentur_fuer_arbeit_logo-1280x640-1-150x150.jpg",150,150,true],"medium":["https:\/\/www.anika-net.de\/wp-content\/uploads\/2021\/10\/870x489_bundesagentur_fuer_arbeit_logo-1280x640-1-300x169.jpg",300,169,true],"medium_large":["https:\/\/www.anika-net.de\/wp-content\/uploads\/2021\/10\/870x489_bundesagentur_fuer_arbeit_logo-1280x640-1-768x432.jpg",640,360,true],"large":["https:\/\/www.anika-net.de\/wp-content\/uploads\/2021\/10\/870x489_bundesagentur_fuer_arbeit_logo-1280x640-1.jpg",640,360,false],"1536x1536":["https:\/\/www.anika-net.de\/wp-content\/uploads\/2021\/10\/870x489_bundesagentur_fuer_arbeit_logo-1280x640-1.jpg",870,489,false],"2048x2048":["https:\/\/www.anika-net.de\/wp-content\/uploads\/2021\/10\/870x489_bundesagentur_fuer_arbeit_logo-1280x640-1.jpg",870,489,false],"event-overview":["https:\/\/www.anika-net.de\/wp-content\/uploads\/2021\/10\/870x489_bundesagentur_fuer_arbeit_logo-1280x640-1.jpg",870,489,false],"event-archive-thumb":["https:\/\/www.anika-net.de\/wp-content\/uploads\/2021\/10\/870x489_bundesagentur_fuer_arbeit_logo-1280x640-1-480x270.jpg",480,270,true],"grid-item-thumbnail":["https:\/\/www.anika-net.de\/wp-content\/uploads\/2021\/10\/870x489_bundesagentur_fuer_arbeit_logo-1280x640-1-360x200.jpg",360,200,true],"network-partner-icon":["https:\/\/www.anika-net.de\/wp-content\/uploads\/2021\/10\/870x489_bundesagentur_fuer_arbeit_logo-1280x640-1-100x100.jpg",100,100,true],"organiser-icon":["https:\/\/www.anika-net.de\/wp-content\/uploads\/2021\/10\/870x489_bundesagentur_fuer_arbeit_logo-1280x640-1-200x200.jpg",200,200,true],"gform-image-choice-sm":["https:\/\/www.anika-net.de\/wp-content\/uploads\/2021\/10\/870x489_bundesagentur_fuer_arbeit_logo-1280x640-1.jpg",300,169,false],"gform-image-choice-md":["https:\/\/www.anika-net.de\/wp-content\/uploads\/2021\/10\/870x489_bundesagentur_fuer_arbeit_logo-1280x640-1.jpg",400,225,false],"gform-image-choice-lg":["https:\/\/www.anika-net.de\/wp-content\/uploads\/2021\/10\/870x489_bundesagentur_fuer_arbeit_logo-1280x640-1.jpg",600,337,false]},"post_excerpt_stackable_v2":"<p>Povra\u00adtak na rad\u00adno tr\u017ei\u00ad\u0161te Pita\u00adte li se pone\u00adkad ima\u00adte li \u0161an\u00adse na tre\u00adnut\u00adnom tr\u017ei\u00ad\u0161tu&nbsp;rada? Ili raz\u00admi\u0161\u00adlja\u00adte li o tome da li je mogu\u00ad\u0107e poha\u00ad\u0111a\u00adti neku obu\u00adku? Mo\u017eda \u010dak i na pola rad\u00adnog vre\u00adme\u00adna? Mo\u017eda u pro\u00adfe\u00adsi\u00adji koja vas ispu\u00adnja\u00adva i omo\u00adgu\u00ad\u0107u\u00adje vam \u017eivot bez finan\u00adcij\u00adske pomo\u00ad\u0107i? Bes\u00adplat\u00adno i bez obve\u00adze Na\u0161i kari\u00adjer\u00adni savjet\u00adni\u00adci sto\u00adje vam na ras\u00adpo\u00adla\u00adga\u00adnju sa svim svo\u00adjim zna\u00adnjem i kon\u00adtak\u00adti\u00adma za ori\u00adjen\u00adta\u00adcij\u00adsko savje\u00adto\u00adva\u00adnje. Odva\u00adja\u00adju vri\u00adje\u00adme za va\u0161e bri\u00adge i mogu s vama raz\u00adgo\u00adva\u00adra\u00adti o va\u0161im ide\u00adja\u00adma i mo\u017eda ve\u0107 pokre\u00adnu\u00adti slje\u00adde\u00ad\u0107e kora\u00adke. \ud83d\udccepre\u00aduzi\u00adma\u00adnje leta\u00adka \u00a9Flyer-Bun\u00adde\u00adsa\u00adgen\u00adtur f\u00fcr Arbeit&nbsp;<\/p>\n","category_list_v2":"","author_info_v2":{"name":"Andrea Ramirez","url":"https:\/\/www.anika-net.de\/hr\/author\/andrea-ramirez\/"},"comments_num_v2":"0 comments","uagb_featured_image_src":{"full":["https:\/\/www.anika-net.de\/wp-content\/uploads\/2021\/10\/870x489_bundesagentur_fuer_arbeit_logo-1280x640-1.jpg",870,489,false],"thumbnail":["https:\/\/www.anika-net.de\/wp-content\/uploads\/2021\/10\/870x489_bundesagentur_fuer_arbeit_logo-1280x640-1-150x150.jpg",150,150,true],"medium":["https:\/\/www.anika-net.de\/wp-content\/uploads\/2021\/10\/870x489_bundesagentur_fuer_arbeit_logo-1280x640-1-300x169.jpg",300,169,true],"medium_large":["https:\/\/www.anika-net.de\/wp-content\/uploads\/2021\/10\/870x489_bundesagentur_fuer_arbeit_logo-1280x640-1-768x432.jpg",640,360,true],"large":["https:\/\/www.anika-net.de\/wp-content\/uploads\/2021\/10\/870x489_bundesagentur_fuer_arbeit_logo-1280x640-1.jpg",640,360,false],"1536x1536":["https:\/\/www.anika-net.de\/wp-content\/uploads\/2021\/10\/870x489_bundesagentur_fuer_arbeit_logo-1280x640-1.jpg",870,489,false],"2048x2048":["https:\/\/www.anika-net.de\/wp-content\/uploads\/2021\/10\/870x489_bundesagentur_fuer_arbeit_logo-1280x640-1.jpg",870,489,false],"event-overview":["https:\/\/www.anika-net.de\/wp-content\/uploads\/2021\/10\/870x489_bundesagentur_fuer_arbeit_logo-1280x640-1.jpg",870,489,false],"event-archive-thumb":["https:\/\/www.anika-net.de\/wp-content\/uploads\/2021\/10\/870x489_bundesagentur_fuer_arbeit_logo-1280x640-1-480x270.jpg",480,270,true],"grid-item-thumbnail":["https:\/\/www.anika-net.de\/wp-content\/uploads\/2021\/10\/870x489_bundesagentur_fuer_arbeit_logo-1280x640-1-360x200.jpg",360,200,true],"network-partner-icon":["https:\/\/www.anika-net.de\/wp-content\/uploads\/2021\/10\/870x489_bundesagentur_fuer_arbeit_logo-1280x640-1-100x100.jpg",100,100,true],"organiser-icon":["https:\/\/www.anika-net.de\/wp-content\/uploads\/2021\/10\/870x489_bundesagentur_fuer_arbeit_logo-1280x640-1-200x200.jpg",200,200,true],"gform-image-choice-sm":["https:\/\/www.anika-net.de\/wp-content\/uploads\/2021\/10\/870x489_bundesagentur_fuer_arbeit_logo-1280x640-1.jpg",300,169,false],"gform-image-choice-md":["https:\/\/www.anika-net.de\/wp-content\/uploads\/2021\/10\/870x489_bundesagentur_fuer_arbeit_logo-1280x640-1.jpg",400,225,false],"gform-image-choice-lg":["https:\/\/www.anika-net.de\/wp-content\/uploads\/2021\/10\/870x489_bundesagentur_fuer_arbeit_logo-1280x640-1.jpg",600,337,false]},"uagb_author_info":{"display_name":"Andrea Ramirez","author_link":"https:\/\/www.anika-net.de\/hr\/author\/andrea-ramirez\/"},"uagb_comment_info":0,"uagb_excerpt":"Povra\u00adtak na rad\u00adno tr\u017ei\u00ad\u0161te Pita\u00adte li se pone\u00adkad ima\u00adte li \u0161an\u00adse na tre\u00adnut\u00adnom tr\u017ei\u00ad\u0161tu&nbsp;rada? Ili raz\u00admi\u0161\u00adlja\u00adte li o tome da li je mogu\u00ad\u0107e poha\u00ad\u0111a\u00adti neku obu\u00adku? Mo\u017eda \u010dak i na&nbsp;vidi vi\u0161e","_links":{"self":[{"href":"https:\/\/www.anika-net.de\/hr\/wp-json\/wp\/v2\/event\/18116","targetHints":{"allow":["GET"]}}],"collection":[{"href":"https:\/\/www.anika-net.de\/hr\/wp-json\/wp\/v2\/event"}],"about":[{"href":"https:\/\/www.anika-net.de\/hr\/wp-json\/wp\/v2\/types\/event"}],"author":[{"embeddable":true,"href":"https:\/\/www.anika-net.de\/hr\/wp-json\/wp\/v2\/users\/12"}],"version-history":[{"count":3,"href":"https:\/\/www.anika-net.de\/hr\/wp-json\/wp\/v2\/event\/18116\/revisions"}],"predecessor-version":[{"id":53245,"href":"https:\/\/www.anika-net.de\/hr\/wp-json\/wp\/v2\/event\/18116\/revisions\/53245"}],"acf:post":[{"embeddable":true,"href":"https:\/\/www.anika-net.de\/hr\/wp-json\/wp\/v2\/organiser\/15940"}],"acf:term":[{"embeddable":true,"taxonomy":"event_category","href":"https:\/\/www.anika-net.de\/hr\/wp-json\/wp\/v2\/event_category\/143"}],"wp:featuredmedia":[{"embeddable":true,"href":"https:\/\/www.anika-net.de\/hr\/wp-json\/wp\/v2\/media\/9003"}],"wp:attachment":[{"href":"https:\/\/www.anika-net.de\/hr\/wp-json\/wp\/v2\/media?parent=18116"}],"curies":[{"name":"wp","href":"https:\/\/api.w.org\/{rel}","templated":true}]}}

Savje­ti za povra­tak na rad­no tržište

<h3><strong><span style="color: #008080;">Povra­tak na rad­no trži­šte</span> </strong></h3>
<p>Pita­te li se pone­kad ima­te li šan­se na tre­nut­nom trži­štu&nbsp;rada?<br>
Ili raz­miš­lja­te li o tome da li je mogu­će poha­đa­ti neku obu­ku? Možda čak i na pola rad­nog vremena?<br>
Možda u pro­fe­si­ji koja vas ispu­nja­va i omo­gu­ću­je vam život bez finan­cij­ske pomoći?</p>
<h3><span style="color: #008080;"><strong>Bes­plat­no i bez obveze</strong></span></h3>
<p>Naši kari­jer­ni savjet­ni­ci sto­je vam na ras­po­la­ga­nju sa svim svo­jim zna­njem i kon­tak­ti­ma za ori­jen­ta­cij­sko savjetovanje.<br>
Odva­ja­ju vri­je­me za vaše bri­ge i mogu s vama raz­go­va­ra­ti o vašim ide­ja­ma i možda već pokre­nu­ti slje­de­će korake.</p>
<p>📎<strong>pre­uzi­ma­nje </strong><a href="https://www.anika-net.de/wp-content/uploads/2022/11/2106_Flyer-BBiE.pdf"><strong>leta­ka</strong></a></p>
<p>©Flyer-Bun­de­sa­gen­tur für Arbeit</p>
<p>&nbsp;</p>

Agentur für Arbeit Karlsruhe-Rastatt

<p>Povra­tak na rad­no trži­šte Pita­te li se pone­kad ima­te li šan­se na tre­nut­nom trži­štu&nbsp;rada? Ili raz­miš­lja­te li o tome da li je mogu­će poha­đa­ti neku obu­ku? Možda čak i na pola rad­nog vre­me­na? Možda u pro­fe­si­ji koja vas ispu­nja­va i omo­gu­ću­je vam život bez finan­cij­ske pomo­ći? Bes­plat­no i bez obve­ze Naši kari­jer­ni savjet­ni­ci sto­je vam na ras­po­la­ga­nju sa svim svo­jim zna­njem i kon­tak­ti­ma za ori­jen­ta­cij­sko savje­to­va­nje. Odva­ja­ju vri­je­me za vaše bri­ge i mogu s vama raz­go­va­ra­ti o vašim ide­ja­ma i možda već pokre­nu­ti slje­de­će kora­ke. 📎pre­uzi­ma­nje leta­ka ©Flyer-Bun­de­sa­gen­tur für Arbeit&nbsp;</p>

Povra­tak na rad­no trži­šte Pita­te li se pone­kad ima­te li šan­se na tre­nut­nom trži­štu&nbsp;rada? Ili raz­miš­lja­te li o tome da li je mogu­će poha­đa­ti neku obu­ku? Možda čak i na&nbsp;vidi više
