{"id":18010,"date":"2020-02-25T12:35:14","date_gmt":"2020-02-25T11:35:14","guid":{"rendered":"https:\/\/www.anika-net.de\/event\/lernbox-karlsruhe\/"},"modified":"2024-03-11T12:36:04","modified_gmt":"2024-03-11T11:36:04","slug":"lernbox-karlsruhe","status":"publish","type":"event","link":"https:\/\/www.anika-net.de\/hr\/event\/lernbox-karlsruhe\/","title":{"rendered":"LERNBOX &amp; Wel\u00adco\u00adme Caf\u00e9 tvrt\u00adke Fl\u00fcc\u00adh\u00adtlin\u00adg\u00adshil\u00adfe Karlsruhe"},"content":{"rendered":"<h2><span style=\"color: #ffcc00;\">LERNBOX &amp; Wel\u00adco\u00adme Caf\u00e9 tvrt\u00adke Fl\u00fcc\u00adh\u00adtlin\u00adg\u00adshil\u00adfe Karlsruhe&nbsp;<\/span><\/h2>\n<p>Tre\u00adnut\u00adno se pro\u00adjek\u00adti <strong>LERNBOX<\/strong> i Wel\u00adco\u00adme Caf\u00e9 <strong>SALON RESOURCE<\/strong> Fl\u00fcc\u00adh\u00adtlin\u00adg\u00adshil\u00adfe Kar\u00adl\u00adsru\u00adhe eV odr\u00ad\u017ea\u00adva\u00adju sva\u00adkog pos\u00adli\u00adje\u00adpod\u00adne\u00adva od <strong>pone\u00addjelj\u00adka do pet\u00adka od 15 do 18 sati<\/strong> u ku\u0107i Alter Schlac\u00adh\u00adt\u00adhof 11 u Karlsruheu.<\/p>\n<p>Ovdje u Fl\u00fcc\u00adh\u00adtlin\u00adg\u00adshil\u00adfe Kar\u00adl\u00adsru\u00adhe eV mo\u017ee\u00adte u\u010di\u00adti nje\u00adma\u010d\u00adki, upoz\u00adna\u00adti dru\u00adge lju\u00adde i jo\u0161 mno\u00adgo toga, \u0161to podr\u00ad\u017ea\u00adva izbje\u00adgli\u00adce i omo\u00adgu\u00ad\u0107u\u00adje im sudje\u00adlo\u00adva\u00adnje u na\u0161em dru\u0161tvu.<\/p>\n<p>U Salon Resso\u00adur\u00adceu tako\u00ad\u0111er smo pos\u00adta\u00advi\u00adli neke <strong>pros\u00adto\u00adre za u\u010de\u00adnje<\/strong>.<\/p>\n<p>\u2705 <span style=\"color: #008080;\"><strong>Imaj\u00adte na&nbsp;umu<\/strong><\/span><\/p>\n<p>Regis\u00adtra\u00adci\u00adja je obavezna:<br>\nE\u2011po\u0161tom na: info@fluechtlingshilfe-karlsruhe.de<br>\nili na tele\u00adfon: 0170\u201329219 99<\/p>\n<p><strong>Jako smo uzbu\u00ad\u0111e\u00adni \u0161to vas vidimo!<\/strong><\/p>\n","protected":false},"author":12,"featured_media":117834,"template":"","class_list":["post-18010","event","type-event","status-publish","has-post-thumbnail","hentry","event_category-pomoc"],"acf":{"event-recurring":true,"event-category":140,"event-is-language-course":false,"event-recurring-still-active":true,"event-display-details":true,"event-schedules-recurring":[{"event-recurring-week-day":false,"event-recurring-time":"15:00 - 18:00","event-recurring-time-text":""},{"event-recurring-week-day":"1","event-recurring-time":"15:00 - 18:00","event-recurring-time-text":""},{"event-recurring-week-day":"2","event-recurring-time":"15:00 - 18:00","event-recurring-time-text":""},{"event-recurring-week-day":"3","event-recurring-time":"15:00 - 18:00","event-recurring-time-text":""}],"event-schedules-calendar":null,"event-is-online":false,"event-online-url":"","event-location-building":"Fl\u00fcchtlingshilfe Karlsruhe e.V.","event-location-street":"Alter Schlachthof 11 (Haltestelle Tullastr.)","event-location-zip":"76131","event-location-city":"Karlsruhe","event-location-contact-person":"Gertrud Weber (Coodinator)","event-location-phone":"0170\/ 29219 99","event-location-phone-2":"","event-location-mail":"info@fluechtlingshilfe-karlsruhe.de","event-location-mail-2":"","event-location-website":"https:\/\/fluechtlingshilfe-karlsruhe.de\/","event-target-group":[{"target-group":""}],"event-target-group-comment":"Za sve koji \u017eele u\u010diti njema\u010dki, uklju\u010duju\u0107i i osobe kojima (jo\u0161) nije dopu\u0161teno poha\u0111anje jezi\u010dnih ili integracijskih te\u010dajeva","event-free":true,"event-organiser":[16124],"event-header-copyright-overlay":true,"event-copyright-note-description-end":true},"featured_image_urls_v2":{"full":["https:\/\/www.anika-net.de\/wp-content\/uploads\/2020\/02\/Fluechtlingshilfe-KA.jpeg",1380,1602,false],"thumbnail":["https:\/\/www.anika-net.de\/wp-content\/uploads\/2020\/02\/Fluechtlingshilfe-KA-150x150.jpeg",150,150,true],"medium":["https:\/\/www.anika-net.de\/wp-content\/uploads\/2020\/02\/Fluechtlingshilfe-KA-258x300.jpeg",258,300,true],"medium_large":["https:\/\/www.anika-net.de\/wp-content\/uploads\/2020\/02\/Fluechtlingshilfe-KA-768x892.jpeg",640,743,true],"large":["https:\/\/www.anika-net.de\/wp-content\/uploads\/2020\/02\/Fluechtlingshilfe-KA-882x1024.jpeg",640,743,true],"1536x1536":["https:\/\/www.anika-net.de\/wp-content\/uploads\/2020\/02\/Fluechtlingshilfe-KA-1323x1536.jpeg",1323,1536,true],"2048x2048":["https:\/\/www.anika-net.de\/wp-content\/uploads\/2020\/02\/Fluechtlingshilfe-KA.jpeg",1380,1602,false],"event-overview":["https:\/\/www.anika-net.de\/wp-content\/uploads\/2020\/02\/Fluechtlingshilfe-KA-960x640.jpeg",960,640,true],"event-archive-thumb":["https:\/\/www.anika-net.de\/wp-content\/uploads\/2020\/02\/Fluechtlingshilfe-KA-480x557.jpeg",480,557,true],"grid-item-thumbnail":["https:\/\/www.anika-net.de\/wp-content\/uploads\/2020\/02\/Fluechtlingshilfe-KA-360x200.jpeg",360,200,true],"network-partner-icon":["https:\/\/www.anika-net.de\/wp-content\/uploads\/2020\/02\/Fluechtlingshilfe-KA-100x100.jpeg",100,100,true],"organiser-icon":["https:\/\/www.anika-net.de\/wp-content\/uploads\/2020\/02\/Fluechtlingshilfe-KA-200x200.jpeg",200,200,true],"gform-image-choice-sm":["https:\/\/www.anika-net.de\/wp-content\/uploads\/2020\/02\/Fluechtlingshilfe-KA.jpeg",258,300,false],"gform-image-choice-md":["https:\/\/www.anika-net.de\/wp-content\/uploads\/2020\/02\/Fluechtlingshilfe-KA.jpeg",345,400,false],"gform-image-choice-lg":["https:\/\/www.anika-net.de\/wp-content\/uploads\/2020\/02\/Fluechtlingshilfe-KA.jpeg",517,600,false]},"post_excerpt_stackable_v2":"<p>LERNBOX &amp; Wel\u00adco\u00adme Caf\u00e9 tvrt\u00adke Fl\u00fcc\u00adh\u00adtlin\u00adg\u00adshil\u00adfe Kar\u00adl\u00adsru\u00adhe&nbsp; Tre\u00adnut\u00adno se pro\u00adjek\u00adti LERNBOX i Wel\u00adco\u00adme Caf\u00e9 SALON RESOURCE Fl\u00fcc\u00adh\u00adtlin\u00adg\u00adshil\u00adfe Kar\u00adl\u00adsru\u00adhe eV odr\u00ad\u017ea\u00adva\u00adju sva\u00adkog pos\u00adli\u00adje\u00adpod\u00adne\u00adva od pone\u00addjelj\u00adka do pet\u00adka od 15 do 18 sati u ku\u0107i Alter Schlac\u00adh\u00adt\u00adhof 11 u Kar\u00adl\u00adsru\u00adheu. Ovdje u Fl\u00fcc\u00adh\u00adtlin\u00adg\u00adshil\u00adfe Kar\u00adl\u00adsru\u00adhe eV mo\u017ee\u00adte u\u010di\u00adti nje\u00adma\u010d\u00adki, upoz\u00adna\u00adti dru\u00adge lju\u00adde i jo\u0161 mno\u00adgo toga, \u0161to podr\u00ad\u017ea\u00adva izbje\u00adgli\u00adce i omo\u00adgu\u00ad\u0107u\u00adje im sudje\u00adlo\u00adva\u00adnje u na\u0161em dru\u0161\u00adtvu. U Salon Resso\u00adur\u00adceu tako\u00ad\u0111er smo pos\u00adta\u00advi\u00adli neke pros\u00adto\u00adre za u\u010de\u00adnje. \u2705 Imaj\u00adte na&nbsp;umu Regis\u00adtra\u00adci\u00adja je oba\u00advez\u00adna: E\u2011po\u0161tom na: info@fluechtlingshilfe-karlsruhe.de ili na tele\u00adfon: 0170\u201329219 99 Jako smo uzbu\u00ad\u0111e\u00adni \u0161to vas vidimo!<\/p>\n","category_list_v2":"","author_info_v2":{"name":"Andrea Ramirez","url":"https:\/\/www.anika-net.de\/hr\/author\/andrea-ramirez\/"},"comments_num_v2":"0 comments","uagb_featured_image_src":{"full":["https:\/\/www.anika-net.de\/wp-content\/uploads\/2020\/02\/Fluechtlingshilfe-KA.jpeg",1380,1602,false],"thumbnail":["https:\/\/www.anika-net.de\/wp-content\/uploads\/2020\/02\/Fluechtlingshilfe-KA-150x150.jpeg",150,150,true],"medium":["https:\/\/www.anika-net.de\/wp-content\/uploads\/2020\/02\/Fluechtlingshilfe-KA-258x300.jpeg",258,300,true],"medium_large":["https:\/\/www.anika-net.de\/wp-content\/uploads\/2020\/02\/Fluechtlingshilfe-KA-768x892.jpeg",640,743,true],"large":["https:\/\/www.anika-net.de\/wp-content\/uploads\/2020\/02\/Fluechtlingshilfe-KA-882x1024.jpeg",640,743,true],"1536x1536":["https:\/\/www.anika-net.de\/wp-content\/uploads\/2020\/02\/Fluechtlingshilfe-KA-1323x1536.jpeg",1323,1536,true],"2048x2048":["https:\/\/www.anika-net.de\/wp-content\/uploads\/2020\/02\/Fluechtlingshilfe-KA.jpeg",1380,1602,false],"event-overview":["https:\/\/www.anika-net.de\/wp-content\/uploads\/2020\/02\/Fluechtlingshilfe-KA-960x640.jpeg",960,640,true],"event-archive-thumb":["https:\/\/www.anika-net.de\/wp-content\/uploads\/2020\/02\/Fluechtlingshilfe-KA-480x557.jpeg",480,557,true],"grid-item-thumbnail":["https:\/\/www.anika-net.de\/wp-content\/uploads\/2020\/02\/Fluechtlingshilfe-KA-360x200.jpeg",360,200,true],"network-partner-icon":["https:\/\/www.anika-net.de\/wp-content\/uploads\/2020\/02\/Fluechtlingshilfe-KA-100x100.jpeg",100,100,true],"organiser-icon":["https:\/\/www.anika-net.de\/wp-content\/uploads\/2020\/02\/Fluechtlingshilfe-KA-200x200.jpeg",200,200,true],"gform-image-choice-sm":["https:\/\/www.anika-net.de\/wp-content\/uploads\/2020\/02\/Fluechtlingshilfe-KA.jpeg",258,300,false],"gform-image-choice-md":["https:\/\/www.anika-net.de\/wp-content\/uploads\/2020\/02\/Fluechtlingshilfe-KA.jpeg",345,400,false],"gform-image-choice-lg":["https:\/\/www.anika-net.de\/wp-content\/uploads\/2020\/02\/Fluechtlingshilfe-KA.jpeg",517,600,false]},"uagb_author_info":{"display_name":"Andrea Ramirez","author_link":"https:\/\/www.anika-net.de\/hr\/author\/andrea-ramirez\/"},"uagb_comment_info":0,"uagb_excerpt":"LERNBOX &amp; Wel\u00adco\u00adme Caf\u00e9 tvrt\u00adke Fl\u00fcc\u00adh\u00adtlin\u00adg\u00adshil\u00adfe Karlsruhe&nbsp; Tre\u00adnut\u00adno se pro\u00adjek\u00adti LERNBOX i Wel\u00adco\u00adme Caf\u00e9 SALON RESOURCE Fl\u00fcc\u00adh\u00adtlin\u00adg\u00adshil\u00adfe Kar\u00adl\u00adsru\u00adhe eV odr\u00ad\u017ea\u00adva\u00adju sva\u00adkog pos\u00adli\u00adje\u00adpod\u00adne\u00adva od pone\u00addjelj\u00adka do pet\u00adka od 15 do 18&nbsp;vidi vi\u0161e","_links":{"self":[{"href":"https:\/\/www.anika-net.de\/hr\/wp-json\/wp\/v2\/event\/18010","targetHints":{"allow":["GET"]}}],"collection":[{"href":"https:\/\/www.anika-net.de\/hr\/wp-json\/wp\/v2\/event"}],"about":[{"href":"https:\/\/www.anika-net.de\/hr\/wp-json\/wp\/v2\/types\/event"}],"author":[{"embeddable":true,"href":"https:\/\/www.anika-net.de\/hr\/wp-json\/wp\/v2\/users\/12"}],"version-history":[{"count":0,"href":"https:\/\/www.anika-net.de\/hr\/wp-json\/wp\/v2\/event\/18010\/revisions"}],"acf:post":[{"embeddable":true,"href":"https:\/\/www.anika-net.de\/hr\/wp-json\/wp\/v2\/organiser\/16124"}],"acf:term":[{"embeddable":true,"taxonomy":"event_category","href":"https:\/\/www.anika-net.de\/hr\/wp-json\/wp\/v2\/event_category\/140"}],"wp:featuredmedia":[{"embeddable":true,"href":"https:\/\/www.anika-net.de\/hr\/wp-json\/wp\/v2\/media\/117834"}],"wp:attachment":[{"href":"https:\/\/www.anika-net.de\/hr\/wp-json\/wp\/v2\/media?parent=18010"}],"curies":[{"name":"wp","href":"https:\/\/api.w.org\/{rel}","templated":true}]}}

LERNBOX &amp; Wel­co­me Café tvrt­ke Flüc­h­tlin­g­shil­fe Karlsruhe

<h2><span style="color: #ffcc00;">LERNBOX &amp; Wel­co­me Café tvrt­ke Flüc­h­tlin­g­shil­fe Karlsruhe&nbsp;</span></h2>
<p>Tre­nut­no se pro­jek­ti <strong>LERNBOX</strong> i Wel­co­me Café <strong>SALON RESOURCE</strong> Flüc­h­tlin­g­shil­fe Kar­l­sru­he eV odr­ža­va­ju sva­kog pos­li­je­pod­ne­va od <strong>pone­djelj­ka do pet­ka od 15 do 18 sati</strong> u kući Alter Schlac­h­t­hof 11 u Karlsruheu.</p>
<p>Ovdje u Flüc­h­tlin­g­shil­fe Kar­l­sru­he eV može­te uči­ti nje­mač­ki, upoz­na­ti dru­ge lju­de i još mno­go toga, što podr­ža­va izbje­gli­ce i omo­gu­ću­je im sudje­lo­va­nje u našem društvu.</p>
<p>U Salon Resso­ur­ceu tako­đer smo pos­ta­vi­li neke <strong>pros­to­re za uče­nje</strong>.</p>
<p>✅ <span style="color: #008080;"><strong>Imaj­te na&nbsp;umu</strong></span></p>
<p>Regis­tra­ci­ja je obavezna:<br>
E‑poštom na: info@fluechtlingshilfe-karlsruhe.de<br>
ili na tele­fon: 0170–29219 99</p>
<p><strong>Jako smo uzbu­đe­ni što vas vidimo!</strong></p>

Flüchtlingshilfe Karlsruhe e.V.

Za sve koji žele učiti njemački, uključujući i osobe kojima (još) nije dopušteno pohađanje jezičnih ili integracijskih tečajeva

<p>LERNBOX &amp; Wel­co­me Café tvrt­ke Flüc­h­tlin­g­shil­fe Kar­l­sru­he&nbsp; Tre­nut­no se pro­jek­ti LERNBOX i Wel­co­me Café SALON RESOURCE Flüc­h­tlin­g­shil­fe Kar­l­sru­he eV odr­ža­va­ju sva­kog pos­li­je­pod­ne­va od pone­djelj­ka do pet­ka od 15 do 18 sati u kući Alter Schlac­h­t­hof 11 u Kar­l­sru­heu. Ovdje u Flüc­h­tlin­g­shil­fe Kar­l­sru­he eV može­te uči­ti nje­mač­ki, upoz­na­ti dru­ge lju­de i još mno­go toga, što podr­ža­va izbje­gli­ce i omo­gu­ću­je im sudje­lo­va­nje u našem druš­tvu. U Salon Resso­ur­ceu tako­đer smo pos­ta­vi­li neke pros­to­re za uče­nje. ✅ Imaj­te na&nbsp;umu Regis­tra­ci­ja je oba­vez­na: E‑poštom na: info@fluechtlingshilfe-karlsruhe.de ili na tele­fon: 0170–29219 99 Jako smo uzbu­đe­ni što vas vidimo!</p>

LERNBOX &amp; Wel­co­me Café tvrt­ke Flüc­h­tlin­g­shil­fe Karlsruhe&nbsp; Tre­nut­no se pro­jek­ti LERNBOX i Wel­co­me Café SALON RESOURCE Flüc­h­tlin­g­shil­fe Kar­l­sru­he eV odr­ža­va­ju sva­kog pos­li­je­pod­ne­va od pone­djelj­ka do pet­ka od 15 do 18&nbsp;vidi više
