{"id":17016,"date":"2019-02-07T09:47:05","date_gmt":"2019-02-07T08:47:05","guid":{"rendered":"https:\/\/www.anika-net.de\/event\/kinemathek-karlsruhe\/"},"modified":"2024-07-11T11:33:40","modified_gmt":"2024-07-11T09:33:40","slug":"kinoteka-karlsruhe","status":"publish","type":"event","link":"https:\/\/www.anika-net.de\/hr\/event\/kinoteka-karlsruhe\/","title":{"rendered":"Kine\u00admat\u00adhek Karlsruhe"},"content":{"rendered":"<p>Kine\u00admat\u00adhek je nepro\u00adfit\u00adna film\u00adska umjet\u00adni\u010d\u00adka ku\u0107a u Kar\u00adl\u00adsru\u00adheu koja otkri\u00adva, \u010duva i izla\u00ad\u017ee fil\u00admo\u00adve. Pa\u017e\u00adlji\u00advim i kon\u00adti\u00adnu\u00adira\u00adnim radom, raz\u00admje\u00adnom s dis\u00adtri\u00adbu\u00adte\u00adri\u00adma i arhi\u00advi\u00adma, film\u00adskim povi\u00adjes\u00adnim istra\u00ad\u017ei\u00adva\u00adnji\u00adma i estet\u00adskim pro\u00admi\u0161\u00adlja\u00adnjem, pro\u00adgram\u00adski se cik\u00adlu\u00adsi kus\u00adto\u00adsi\u00adra\u00adju i posreduju.<br>\nZahva\u00adlju\u00adju\u00ad\u0107i entu\u00adzi\u00adjaz\u00admu i dobro\u00advolj\u00adnom anga\u00ad\u017ema\u00adnu, Kine\u00admat\u00adhe\u00adka ve\u0107 vi\u0161e od \u010detr\u00adde\u00adset godi\u00adna mo\u017ee ponu\u00addi\u00adti film\u00adski pro\u00adgram koji poti\u00ad\u010de na raz\u00admi\u0161\u00adlja\u00adnje i ras\u00adpra\u00advu, dr\u017ei prst na pul\u00adsu vre\u00adme\u00adna i uvje\u00adra\u00adva umjet\u00adni\u010d\u00adkom kvalitetom.<\/p>\n<p>Sa 600 doga\u00ad\u0111a\u00adnja i oko 17.000 gle\u00adda\u00adte\u00adlja godi\u0161\u00adnje, Kine\u00admat\u00adhek se sma\u00adtra plat\u00adfor\u00admom za dru\u0161\u00adtve\u00adnu raz\u00admje\u00adnu i mjes\u00adtom susre\u00adta raz\u00adli\u00ad\u010di\u00adtih gene\u00adra\u00adci\u00adja, ali i \u0161ko\u00adlom vizi\u00adje usred suvre\u00adme\u00adne medij\u00adske poplave.<\/p>\n<p><span style=\"color: #008080;\"><strong>\ud83c\udf9e\ufe0f <a href=\"https:\/\/kinemathek-karlsruhe.de\/spielplan\/\" rel=\"noopener\">Film\u00adski program<\/a><\/strong><\/span><\/p>\n<h3><span style=\"color: #008080;\">Cije\u00adna<\/span><\/h3>\n<p><strong>Redov\u00adna cije\u00adna:<\/strong> 8&nbsp;\u20ac<br>\n<strong>Sni\u00ad\u017ee\u00adno:<\/strong> 7&nbsp;\u20ac<br>\n<strong>\u010cla\u00adno\u00advi:<\/strong> 6&nbsp;\u20ac<br>\n3,00 \u20ac za dje\u00ad\u010dje&nbsp;kino<br>\n2,00 \u20ac za dje\u00ad\u010dji kino&nbsp;klub<\/p>\n<p>\ud83d\udca1 <strong>Fil\u00admo\u00advi se pri\u00adka\u00adzu\u00adju na izvor\u00adnom jezi\u00adku<\/strong> s nje\u00adma\u010d\u00adkim titlo\u00advi\u00adma (gdje su dos\u00adtup\u00adni). Izu\u00adze\u00adtak od ovo\u00adga je jun\u00adge Kinemathek.<\/p>\n<p>\ud83c\udfac Pom\u00adno oda\u00adbra\u00adne <span style=\"color: #008080;\"><strong><a href=\"https:\/\/kinemathek-karlsruhe.de\/junge-kinemathek\/\" rel=\"noopener\">dje\u00ad\u010dje fil\u00admo\u00adve<\/a> pri\u00adka\u00adzu\u00adje\u00admo sva\u00adki tje\u00addan nedje\u00adljom u 15 sati po poseb\u00adnoj obi\u00adtelj\u00adskoj cijeni.<\/strong><\/span><\/p>\n","protected":false},"author":12,"featured_media":13043,"template":"","class_list":["post-17016","event","type-event","status-publish","has-post-thumbnail","hentry","event_category-slobodno-vrijeme"],"acf":{"event-recurring":true,"event-category":142,"event-is-language-course":false,"event-recurring-still-active":true,"event-display-details":true,"event-schedules-recurring":[{"event-recurring-week-day":"3","event-recurring-time":"18:00 - 22:00","event-recurring-time-text":""},{"event-recurring-week-day":"4","event-recurring-time":"18:00 - 22:00","event-recurring-time-text":""},{"event-recurring-week-day":"5","event-recurring-time":"14:00 - 22:00","event-recurring-time-text":""},{"event-recurring-week-day":"6","event-recurring-time":"14:00 - 22:00","event-recurring-time-text":""}],"event-schedules-calendar":null,"event-is-online":false,"event-online-url":"","event-location-building":"Kinemathek Karlsruhe","event-location-street":"Kaiserpassage 6","event-location-zip":"76133","event-location-city":"Karlsruhe","event-location-contact-person":"","event-location-phone":"+49 721 83189585 (Cinema box office)","event-location-phone-2":"","event-location-mail":"info@kinemathek-karlsruhe.de","event-location-mail-2":"","event-location-website":"http:\/\/kinemathek-karlsruhe.de","event-target-group":[{"target-group":"all"}],"event-target-group-comment":"","event-free":false,"event-organiser":[16294],"event-header-copyright-overlay":true,"event-copyright-note-description-end":true},"featured_image_urls_v2":{"full":["https:\/\/www.anika-net.de\/wp-content\/uploads\/2021\/12\/42019-09-26-Kinemathek-Logo-schwarz-RGB.png",356,356,false],"thumbnail":["https:\/\/www.anika-net.de\/wp-content\/uploads\/2021\/12\/42019-09-26-Kinemathek-Logo-schwarz-RGB-150x150.png",150,150,true],"medium":["https:\/\/www.anika-net.de\/wp-content\/uploads\/2021\/12\/42019-09-26-Kinemathek-Logo-schwarz-RGB-300x300.png",300,300,true],"medium_large":["https:\/\/www.anika-net.de\/wp-content\/uploads\/2021\/12\/42019-09-26-Kinemathek-Logo-schwarz-RGB.png",356,356,false],"large":["https:\/\/www.anika-net.de\/wp-content\/uploads\/2021\/12\/42019-09-26-Kinemathek-Logo-schwarz-RGB.png",356,356,false],"1536x1536":["https:\/\/www.anika-net.de\/wp-content\/uploads\/2021\/12\/42019-09-26-Kinemathek-Logo-schwarz-RGB.png",356,356,false],"2048x2048":["https:\/\/www.anika-net.de\/wp-content\/uploads\/2021\/12\/42019-09-26-Kinemathek-Logo-schwarz-RGB.png",356,356,false],"event-overview":["https:\/\/www.anika-net.de\/wp-content\/uploads\/2021\/12\/42019-09-26-Kinemathek-Logo-schwarz-RGB.png",356,356,false],"event-archive-thumb":["https:\/\/www.anika-net.de\/wp-content\/uploads\/2021\/12\/42019-09-26-Kinemathek-Logo-schwarz-RGB.png",356,356,false],"grid-item-thumbnail":["https:\/\/www.anika-net.de\/wp-content\/uploads\/2021\/12\/42019-09-26-Kinemathek-Logo-schwarz-RGB-356x200.png",356,200,true],"network-partner-icon":["https:\/\/www.anika-net.de\/wp-content\/uploads\/2021\/12\/42019-09-26-Kinemathek-Logo-schwarz-RGB-100x100.png",100,100,true],"organiser-icon":["https:\/\/www.anika-net.de\/wp-content\/uploads\/2021\/12\/42019-09-26-Kinemathek-Logo-schwarz-RGB-200x200.png",200,200,true],"gform-image-choice-sm":["https:\/\/www.anika-net.de\/wp-content\/uploads\/2021\/12\/42019-09-26-Kinemathek-Logo-schwarz-RGB.png",300,300,false],"gform-image-choice-md":["https:\/\/www.anika-net.de\/wp-content\/uploads\/2021\/12\/42019-09-26-Kinemathek-Logo-schwarz-RGB.png",356,356,false],"gform-image-choice-lg":["https:\/\/www.anika-net.de\/wp-content\/uploads\/2021\/12\/42019-09-26-Kinemathek-Logo-schwarz-RGB.png",356,356,false]},"post_excerpt_stackable_v2":"<p>Kine\u00admat\u00adhek je nepro\u00adfit\u00adna film\u00adska umjet\u00adni\u010d\u00adka ku\u0107a u Kar\u00adl\u00adsru\u00adheu koja otkri\u00adva, \u010duva i izla\u00ad\u017ee fil\u00admo\u00adve. Pa\u017e\u00adlji\u00advim i kon\u00adti\u00adnu\u00adira\u00adnim radom, raz\u00admje\u00adnom s dis\u00adtri\u00adbu\u00adte\u00adri\u00adma i arhi\u00advi\u00adma, film\u00adskim povi\u00adjes\u00adnim istra\u00ad\u017ei\u00adva\u00adnji\u00adma i estet\u00adskim pro\u00admi\u0161\u00adlja\u00adnjem, pro\u00adgram\u00adski se cik\u00adlu\u00adsi kus\u00adto\u00adsi\u00adra\u00adju i posre\u00addu\u00adju. Zahva\u00adlju\u00adju\u00ad\u0107i entu\u00adzi\u00adjaz\u00admu i dobro\u00advolj\u00adnom anga\u00ad\u017ema\u00adnu, Kine\u00admat\u00adhe\u00adka ve\u0107 vi\u0161e od \u010detr\u00adde\u00adset godi\u00adna mo\u017ee ponu\u00addi\u00adti film\u00adski pro\u00adgram koji poti\u00ad\u010de na raz\u00admi\u0161\u00adlja\u00adnje i ras\u00adpra\u00advu, dr\u017ei prst na pul\u00adsu vre\u00adme\u00adna i uvje\u00adra\u00adva umjet\u00adni\u010d\u00adkom kva\u00adli\u00adte\u00adtom. Sa 600 doga\u00ad\u0111a\u00adnja i oko 17.000 gle\u00adda\u00adte\u00adlja godi\u0161\u00adnje, Kine\u00admat\u00adhek se sma\u00adtra plat\u00adfor\u00admom za dru\u0161\u00adtve\u00adnu raz\u00admje\u00adnu i mjes\u00adtom susre\u00adta raz\u00adli\u00ad\u010di\u00adtih gene\u00adra\u00adci\u00adja, ali i \u0161ko\u00adlom vizi\u00adje usred suvre\u00adme\u00adne medij\u00adske popla\u00adve. \ud83c\udf9e\ufe0f Film\u00adski pro\u00adgram Cije\u00adna Redov\u00adna cije\u00adna:&nbsp;8&nbsp;\u20ac\u2026<\/p>\n","category_list_v2":"","author_info_v2":{"name":"Andrea Ramirez","url":"https:\/\/www.anika-net.de\/hr\/author\/andrea-ramirez\/"},"comments_num_v2":"0 comments","uagb_featured_image_src":{"full":["https:\/\/www.anika-net.de\/wp-content\/uploads\/2021\/12\/42019-09-26-Kinemathek-Logo-schwarz-RGB.png",356,356,false],"thumbnail":["https:\/\/www.anika-net.de\/wp-content\/uploads\/2021\/12\/42019-09-26-Kinemathek-Logo-schwarz-RGB-150x150.png",150,150,true],"medium":["https:\/\/www.anika-net.de\/wp-content\/uploads\/2021\/12\/42019-09-26-Kinemathek-Logo-schwarz-RGB-300x300.png",300,300,true],"medium_large":["https:\/\/www.anika-net.de\/wp-content\/uploads\/2021\/12\/42019-09-26-Kinemathek-Logo-schwarz-RGB.png",356,356,false],"large":["https:\/\/www.anika-net.de\/wp-content\/uploads\/2021\/12\/42019-09-26-Kinemathek-Logo-schwarz-RGB.png",356,356,false],"1536x1536":["https:\/\/www.anika-net.de\/wp-content\/uploads\/2021\/12\/42019-09-26-Kinemathek-Logo-schwarz-RGB.png",356,356,false],"2048x2048":["https:\/\/www.anika-net.de\/wp-content\/uploads\/2021\/12\/42019-09-26-Kinemathek-Logo-schwarz-RGB.png",356,356,false],"event-overview":["https:\/\/www.anika-net.de\/wp-content\/uploads\/2021\/12\/42019-09-26-Kinemathek-Logo-schwarz-RGB.png",356,356,false],"event-archive-thumb":["https:\/\/www.anika-net.de\/wp-content\/uploads\/2021\/12\/42019-09-26-Kinemathek-Logo-schwarz-RGB.png",356,356,false],"grid-item-thumbnail":["https:\/\/www.anika-net.de\/wp-content\/uploads\/2021\/12\/42019-09-26-Kinemathek-Logo-schwarz-RGB-356x200.png",356,200,true],"network-partner-icon":["https:\/\/www.anika-net.de\/wp-content\/uploads\/2021\/12\/42019-09-26-Kinemathek-Logo-schwarz-RGB-100x100.png",100,100,true],"organiser-icon":["https:\/\/www.anika-net.de\/wp-content\/uploads\/2021\/12\/42019-09-26-Kinemathek-Logo-schwarz-RGB-200x200.png",200,200,true],"gform-image-choice-sm":["https:\/\/www.anika-net.de\/wp-content\/uploads\/2021\/12\/42019-09-26-Kinemathek-Logo-schwarz-RGB.png",300,300,false],"gform-image-choice-md":["https:\/\/www.anika-net.de\/wp-content\/uploads\/2021\/12\/42019-09-26-Kinemathek-Logo-schwarz-RGB.png",356,356,false],"gform-image-choice-lg":["https:\/\/www.anika-net.de\/wp-content\/uploads\/2021\/12\/42019-09-26-Kinemathek-Logo-schwarz-RGB.png",356,356,false]},"uagb_author_info":{"display_name":"Andrea Ramirez","author_link":"https:\/\/www.anika-net.de\/hr\/author\/andrea-ramirez\/"},"uagb_comment_info":0,"uagb_excerpt":"Kine\u00admat\u00adhek je nepro\u00adfit\u00adna film\u00adska umjet\u00adni\u010d\u00adka ku\u0107a u Kar\u00adl\u00adsru\u00adheu koja otkri\u00adva, \u010duva i izla\u00ad\u017ee fil\u00admo\u00adve. Pa\u017e\u00adlji\u00advim i kon\u00adti\u00adnu\u00adira\u00adnim radom, raz\u00admje\u00adnom s dis\u00adtri\u00adbu\u00adte\u00adri\u00adma i arhi\u00advi\u00adma, film\u00adskim povi\u00adjes\u00adnim istra\u00ad\u017ei\u00adva\u00adnji\u00adma i estet\u00adskim pro\u00admi\u0161\u00adlja\u00adnjem, pro\u00adgram\u00adski&nbsp;vidi vi\u0161e","_links":{"self":[{"href":"https:\/\/www.anika-net.de\/hr\/wp-json\/wp\/v2\/event\/17016","targetHints":{"allow":["GET"]}}],"collection":[{"href":"https:\/\/www.anika-net.de\/hr\/wp-json\/wp\/v2\/event"}],"about":[{"href":"https:\/\/www.anika-net.de\/hr\/wp-json\/wp\/v2\/types\/event"}],"author":[{"embeddable":true,"href":"https:\/\/www.anika-net.de\/hr\/wp-json\/wp\/v2\/users\/12"}],"version-history":[{"count":0,"href":"https:\/\/www.anika-net.de\/hr\/wp-json\/wp\/v2\/event\/17016\/revisions"}],"acf:post":[{"embeddable":true,"href":"https:\/\/www.anika-net.de\/hr\/wp-json\/wp\/v2\/organiser\/16294"}],"acf:term":[{"embeddable":true,"taxonomy":"event_category","href":"https:\/\/www.anika-net.de\/hr\/wp-json\/wp\/v2\/event_category\/142"}],"wp:featuredmedia":[{"embeddable":true,"href":"https:\/\/www.anika-net.de\/hr\/wp-json\/wp\/v2\/media\/13043"}],"wp:attachment":[{"href":"https:\/\/www.anika-net.de\/hr\/wp-json\/wp\/v2\/media?parent=17016"}],"curies":[{"name":"wp","href":"https:\/\/api.w.org\/{rel}","templated":true}]}}

<p>Kine­mat­hek je nepro­fit­na film­ska umjet­nič­ka kuća u Kar­l­sru­heu koja otkri­va, čuva i izla­že fil­mo­ve. Paž­lji­vim i kon­ti­nu­ira­nim radom, raz­mje­nom s dis­tri­bu­te­ri­ma i arhi­vi­ma, film­skim povi­jes­nim istra­ži­va­nji­ma i estet­skim pro­miš­lja­njem, pro­gram­ski se cik­lu­si kus­to­si­ra­ju i posreduju.<br>
Zahva­lju­ju­ći entu­zi­jaz­mu i dobro­volj­nom anga­žma­nu, Kine­mat­he­ka već više od četr­de­set godi­na može ponu­di­ti film­ski pro­gram koji poti­če na raz­miš­lja­nje i ras­pra­vu, drži prst na pul­su vre­me­na i uvje­ra­va umjet­nič­kom kvalitetom.</p>
<p>Sa 600 doga­đa­nja i oko 17.000 gle­da­te­lja godiš­nje, Kine­mat­hek se sma­tra plat­for­mom za druš­tve­nu raz­mje­nu i mjes­tom susre­ta raz­li­či­tih gene­ra­ci­ja, ali i ško­lom vizi­je usred suvre­me­ne medij­ske poplave.</p>
<p><span style="color: #008080;"><strong>🎞️ <a href="https://kinemathek-karlsruhe.de/spielplan/" rel="noopener">Film­ski program</a></strong></span></p>
<h3><span style="color: #008080;">Cije­na</span></h3>
<p><strong>Redov­na cije­na:</strong> 8&nbsp;€<br>
<strong>Sni­že­no:</strong> 7&nbsp;€<br>
<strong>Čla­no­vi:</strong> 6&nbsp;€<br>
3,00 € za dje­čje&nbsp;kino<br>
2,00 € za dje­čji kino&nbsp;klub</p>
<p>💡 <strong>Fil­mo­vi se pri­ka­zu­ju na izvor­nom jezi­ku</strong> s nje­mač­kim titlo­vi­ma (gdje su dos­tup­ni). Izu­ze­tak od ovo­ga je jun­ge Kinemathek.</p>
<p>🎬 Pom­no oda­bra­ne <span style="color: #008080;"><strong><a href="https://kinemathek-karlsruhe.de/junge-kinemathek/" rel="noopener">dje­čje fil­mo­ve</a> pri­ka­zu­je­mo sva­ki tje­dan nedje­ljom u 15 sati po poseb­noj obi­telj­skoj cijeni.</strong></span></p>

<p>Kine­mat­hek je nepro­fit­na film­ska umjet­nič­ka kuća u Kar­l­sru­heu koja otkri­va, čuva i izla­že fil­mo­ve. Paž­lji­vim i kon­ti­nu­ira­nim radom, raz­mje­nom s dis­tri­bu­te­ri­ma i arhi­vi­ma, film­skim povi­jes­nim istra­ži­va­nji­ma i estet­skim pro­miš­lja­njem, pro­gram­ski se cik­lu­si kus­to­si­ra­ju i posre­du­ju. Zahva­lju­ju­ći entu­zi­jaz­mu i dobro­volj­nom anga­žma­nu, Kine­mat­he­ka već više od četr­de­set godi­na može ponu­di­ti film­ski pro­gram koji poti­če na raz­miš­lja­nje i ras­pra­vu, drži prst na pul­su vre­me­na i uvje­ra­va umjet­nič­kom kva­li­te­tom. Sa 600 doga­đa­nja i oko 17.000 gle­da­te­lja godiš­nje, Kine­mat­hek se sma­tra plat­for­mom za druš­tve­nu raz­mje­nu i mjes­tom susre­ta raz­li­či­tih gene­ra­ci­ja, ali i ško­lom vizi­je usred suvre­me­ne medij­ske popla­ve. 🎞️ Film­ski pro­gram Cije­na Redov­na cije­na:&nbsp;8&nbsp;€…</p>

Kine­mat­hek je nepro­fit­na film­ska umjet­nič­ka kuća u Kar­l­sru­heu koja otkri­va, čuva i izla­že fil­mo­ve. Paž­lji­vim i kon­ti­nu­ira­nim radom, raz­mje­nom s dis­tri­bu­te­ri­ma i arhi­vi­ma, film­skim povi­jes­nim istra­ži­va­nji­ma i estet­skim pro­miš­lja­njem, pro­gram­ski&nbsp;vidi više
