{"id":64508,"date":"2025-09-02T12:43:45","date_gmt":"2025-09-02T10:43:45","guid":{"rendered":"https:\/\/www.anika-net.de\/event\/la-situation-des-minorites-en-syrie-apres-la-chute-dassad\/"},"modified":"2025-09-02T12:48:14","modified_gmt":"2025-09-02T10:48:14","slug":"la-situation-des-minorites-en-syrie-apres-la-chute-dassad","status":"publish","type":"event","link":"https:\/\/www.anika-net.de\/fr\/event\/la-situation-des-minorites-en-syrie-apres-la-chute-dassad\/","title":{"rendered":"La situa\u00adtion des mino\u00adri\u00adt\u00e9s en Syrie apr\u00e8s la chute d\u2019Assad"},"content":{"rendered":"\n<p><strong>Conf\u00e9\u00adrence et rap\u00adport du Dr. Kamal Sido, expert du Moyen-Orient \u00e0 la Soci\u00e9\u00adt\u00e9 pour les peuples menac\u00e9s.<\/strong><\/p>\n\n<p>Apr\u00e8s dix ans, Kamal Sido est retour\u00adn\u00e9 secr\u00e8\u00adte\u00adment \u00e0 Afrin, sa ville natale dans le nord-ouest de la Syrie. Cette r\u00e9gion syro-kurde est occu\u00adp\u00e9e par la Tur\u00adquie depuis 2018. Qu\u2019y a\u2011t-il trou\u00adv\u00e9 et com\u00adment se portent les habi\u00adtants d\u2019A\u00adfrin et d\u2019autres r\u00e9gions de Syrie&nbsp;? La ques\u00adtion du retour des r\u00e9fu\u00adgi\u00e9s en Syrie et des condi\u00adtions qui y sont li\u00e9es sera \u00e9ga\u00adle\u00adment abord\u00e9e.&nbsp;<\/p>\n","protected":false},"author":12,"featured_media":64519,"template":"","class_list":["post-64508","event","type-event","status-publish","has-post-thumbnail","hentry","event_category-loisirs"],"acf":{"event-recurring":false,"event-category":50,"event-is-language-course":false,"event-recurring-still-active":true,"event-display-details":true,"event-schedules-recurring":null,"event-schedules-calendar":[{"event-calendar-day":"20250924","event-calendar-time":"19:00","event-calendar-time-text":""}],"event-is-online":false,"event-online-url":"","event-location-building":"ibz, EG, Gro\u00dfer Saal","event-location-street":"Kaiserallee 12 d","event-location-zip":"76133","event-location-city":"Karlsruhe","event-location-contact-person":"","event-location-phone":" 721 89 33 37 10","event-location-phone-2":"","event-location-mail":"info@ibz-karlsruhe.de","event-location-mail-2":"","event-location-website":"https:\/\/www.ibz-karlsruhe.de\/programm\/#","event-target-group":[{"target-group":"all"}],"event-target-group-comment":"","event-free":true,"event-organiser":[11462,64502],"event-header-copyright-overlay":true,"event-copyright-note-description-end":false},"featured_image_urls_v2":{"full":["https:\/\/www.anika-net.de\/wp-content\/uploads\/2025\/09\/Gesellschaft_fuer_bedrohte_Voelker_Logo.svg.png",753,501,false],"thumbnail":["https:\/\/www.anika-net.de\/wp-content\/uploads\/2025\/09\/Gesellschaft_fuer_bedrohte_Voelker_Logo.svg-150x150.png",150,150,true],"medium":["https:\/\/www.anika-net.de\/wp-content\/uploads\/2025\/09\/Gesellschaft_fuer_bedrohte_Voelker_Logo.svg-300x200.png",300,200,true],"medium_large":["https:\/\/www.anika-net.de\/wp-content\/uploads\/2025\/09\/Gesellschaft_fuer_bedrohte_Voelker_Logo.svg.png",640,426,false],"large":["https:\/\/www.anika-net.de\/wp-content\/uploads\/2025\/09\/Gesellschaft_fuer_bedrohte_Voelker_Logo.svg.png",640,426,false],"1536x1536":["https:\/\/www.anika-net.de\/wp-content\/uploads\/2025\/09\/Gesellschaft_fuer_bedrohte_Voelker_Logo.svg.png",753,501,false],"2048x2048":["https:\/\/www.anika-net.de\/wp-content\/uploads\/2025\/09\/Gesellschaft_fuer_bedrohte_Voelker_Logo.svg.png",753,501,false],"event-overview":["https:\/\/www.anika-net.de\/wp-content\/uploads\/2025\/09\/Gesellschaft_fuer_bedrohte_Voelker_Logo.svg.png",753,501,false],"event-archive-thumb":["https:\/\/www.anika-net.de\/wp-content\/uploads\/2025\/09\/Gesellschaft_fuer_bedrohte_Voelker_Logo.svg-480x319.png",480,319,true],"grid-item-thumbnail":["https:\/\/www.anika-net.de\/wp-content\/uploads\/2025\/09\/Gesellschaft_fuer_bedrohte_Voelker_Logo.svg-360x200.png",360,200,true],"network-partner-icon":["https:\/\/www.anika-net.de\/wp-content\/uploads\/2025\/09\/Gesellschaft_fuer_bedrohte_Voelker_Logo.svg-100x100.png",100,100,true],"organiser-icon":["https:\/\/www.anika-net.de\/wp-content\/uploads\/2025\/09\/Gesellschaft_fuer_bedrohte_Voelker_Logo.svg-200x200.png",200,200,true],"gform-image-choice-sm":["https:\/\/www.anika-net.de\/wp-content\/uploads\/2025\/09\/Gesellschaft_fuer_bedrohte_Voelker_Logo.svg.png",300,200,false],"gform-image-choice-md":["https:\/\/www.anika-net.de\/wp-content\/uploads\/2025\/09\/Gesellschaft_fuer_bedrohte_Voelker_Logo.svg.png",400,266,false],"gform-image-choice-lg":["https:\/\/www.anika-net.de\/wp-content\/uploads\/2025\/09\/Gesellschaft_fuer_bedrohte_Voelker_Logo.svg.png",600,399,false]},"post_excerpt_stackable_v2":"<p>Conf\u00e9\u00adrence et rap\u00adport du Dr. Kamal Sido, expert du Moyen-Orient \u00e0 la Soci\u00e9\u00adt\u00e9 pour les peuples mena\u00adc\u00e9s. Apr\u00e8s dix ans, Kamal Sido est retour\u00adn\u00e9 secr\u00e8\u00adte\u00adment \u00e0 Afrin, sa ville natale dans le nord-ouest de la Syrie. Cette r\u00e9gion syro-kurde est occu\u00adp\u00e9e par la Tur\u00adquie depuis 2018. Qu\u2019y a\u2011t\u2011il trou\u00adv\u00e9 et com\u00adment se portent les habi\u00adtants d\u2019A\u00adfrin et d\u2019autres r\u00e9gions de Syrie&nbsp;? La ques\u00adtion du retour des r\u00e9fu\u00adgi\u00e9s en Syrie et des condi\u00adtions qui y sont li\u00e9es sera \u00e9ga\u00adle\u00adment abord\u00e9e.&nbsp;<\/p>\n","category_list_v2":"","author_info_v2":{"name":"Andrea Ramirez","url":"https:\/\/www.anika-net.de\/fr\/author\/andrea-ramirez\/"},"comments_num_v2":"0 commentaire","uagb_featured_image_src":{"full":["https:\/\/www.anika-net.de\/wp-content\/uploads\/2025\/09\/Gesellschaft_fuer_bedrohte_Voelker_Logo.svg.png",753,501,false],"thumbnail":["https:\/\/www.anika-net.de\/wp-content\/uploads\/2025\/09\/Gesellschaft_fuer_bedrohte_Voelker_Logo.svg-150x150.png",150,150,true],"medium":["https:\/\/www.anika-net.de\/wp-content\/uploads\/2025\/09\/Gesellschaft_fuer_bedrohte_Voelker_Logo.svg-300x200.png",300,200,true],"medium_large":["https:\/\/www.anika-net.de\/wp-content\/uploads\/2025\/09\/Gesellschaft_fuer_bedrohte_Voelker_Logo.svg.png",640,426,false],"large":["https:\/\/www.anika-net.de\/wp-content\/uploads\/2025\/09\/Gesellschaft_fuer_bedrohte_Voelker_Logo.svg.png",640,426,false],"1536x1536":["https:\/\/www.anika-net.de\/wp-content\/uploads\/2025\/09\/Gesellschaft_fuer_bedrohte_Voelker_Logo.svg.png",753,501,false],"2048x2048":["https:\/\/www.anika-net.de\/wp-content\/uploads\/2025\/09\/Gesellschaft_fuer_bedrohte_Voelker_Logo.svg.png",753,501,false],"event-overview":["https:\/\/www.anika-net.de\/wp-content\/uploads\/2025\/09\/Gesellschaft_fuer_bedrohte_Voelker_Logo.svg.png",753,501,false],"event-archive-thumb":["https:\/\/www.anika-net.de\/wp-content\/uploads\/2025\/09\/Gesellschaft_fuer_bedrohte_Voelker_Logo.svg-480x319.png",480,319,true],"grid-item-thumbnail":["https:\/\/www.anika-net.de\/wp-content\/uploads\/2025\/09\/Gesellschaft_fuer_bedrohte_Voelker_Logo.svg-360x200.png",360,200,true],"network-partner-icon":["https:\/\/www.anika-net.de\/wp-content\/uploads\/2025\/09\/Gesellschaft_fuer_bedrohte_Voelker_Logo.svg-100x100.png",100,100,true],"organiser-icon":["https:\/\/www.anika-net.de\/wp-content\/uploads\/2025\/09\/Gesellschaft_fuer_bedrohte_Voelker_Logo.svg-200x200.png",200,200,true],"gform-image-choice-sm":["https:\/\/www.anika-net.de\/wp-content\/uploads\/2025\/09\/Gesellschaft_fuer_bedrohte_Voelker_Logo.svg.png",300,200,false],"gform-image-choice-md":["https:\/\/www.anika-net.de\/wp-content\/uploads\/2025\/09\/Gesellschaft_fuer_bedrohte_Voelker_Logo.svg.png",400,266,false],"gform-image-choice-lg":["https:\/\/www.anika-net.de\/wp-content\/uploads\/2025\/09\/Gesellschaft_fuer_bedrohte_Voelker_Logo.svg.png",600,399,false]},"uagb_author_info":{"display_name":"Andrea Ramirez","author_link":"https:\/\/www.anika-net.de\/fr\/author\/andrea-ramirez\/"},"uagb_comment_info":0,"uagb_excerpt":"Conf\u00e9\u00adrence et rap\u00adport du Dr. Kamal Sido, expert du Moyen-Orient \u00e0 la Soci\u00e9\u00adt\u00e9 pour les peuples menac\u00e9s. Apr\u00e8s dix ans, Kamal Sido est retour\u00adn\u00e9 secr\u00e8\u00adte\u00adment \u00e0 Afrin, sa ville natale&nbsp;lire plus","_links":{"self":[{"href":"https:\/\/www.anika-net.de\/fr\/wp-json\/wp\/v2\/event\/64508","targetHints":{"allow":["GET"]}}],"collection":[{"href":"https:\/\/www.anika-net.de\/fr\/wp-json\/wp\/v2\/event"}],"about":[{"href":"https:\/\/www.anika-net.de\/fr\/wp-json\/wp\/v2\/types\/event"}],"author":[{"embeddable":true,"href":"https:\/\/www.anika-net.de\/fr\/wp-json\/wp\/v2\/users\/12"}],"version-history":[{"count":1,"href":"https:\/\/www.anika-net.de\/fr\/wp-json\/wp\/v2\/event\/64508\/revisions"}],"predecessor-version":[{"id":64509,"href":"https:\/\/www.anika-net.de\/fr\/wp-json\/wp\/v2\/event\/64508\/revisions\/64509"}],"acf:post":[{"embeddable":true,"href":"https:\/\/www.anika-net.de\/fr\/wp-json\/wp\/v2\/organiser\/64502"},{"embeddable":true,"href":"https:\/\/www.anika-net.de\/fr\/wp-json\/wp\/v2\/organiser\/11462"}],"acf:term":[{"embeddable":true,"taxonomy":"event_category","href":"https:\/\/www.anika-net.de\/fr\/wp-json\/wp\/v2\/event_category\/50"}],"wp:featuredmedia":[{"embeddable":true,"href":"https:\/\/www.anika-net.de\/fr\/wp-json\/wp\/v2\/media\/64519"}],"wp:attachment":[{"href":"https:\/\/www.anika-net.de\/fr\/wp-json\/wp\/v2\/media?parent=64508"}],"curies":[{"name":"wp","href":"https:\/\/api.w.org\/{rel}","templated":true}]}}

La situa­tion des mino­ri­tés en Syrie après la chute d’Assad

<p><strong>Confé­rence et rap­port du Dr. Kamal Sido, expert du Moyen-Orient à la Socié­té pour les peuples menacés.</strong></p>

<p>Après dix ans, Kamal Sido est retour­né secrè­te­ment à Afrin, sa ville natale dans le nord-ouest de la Syrie. Cette région syro-kurde est occu­pée par la Tur­quie depuis 2018. Qu’y a‑t-il trou­vé et com­ment se portent les habi­tants d’A­frin et d’autres régions de Syrie&nbsp;? La ques­tion du retour des réfu­giés en Syrie et des condi­tions qui y sont liées sera éga­le­ment abordée.&nbsp;</p>

ibz, EG, Großer Saal

<p>Confé­rence et rap­port du Dr. Kamal Sido, expert du Moyen-Orient à la Socié­té pour les peuples mena­cés. Après dix ans, Kamal Sido est retour­né secrè­te­ment à Afrin, sa ville natale dans le nord-ouest de la Syrie. Cette région syro-kurde est occu­pée par la Tur­quie depuis 2018. Qu’y a‑t‑il trou­vé et com­ment se portent les habi­tants d’A­frin et d’autres régions de Syrie&nbsp;? La ques­tion du retour des réfu­giés en Syrie et des condi­tions qui y sont liées sera éga­le­ment abordée.&nbsp;</p>

Confé­rence et rap­port du Dr. Kamal Sido, expert du Moyen-Orient à la Socié­té pour les peuples menacés. Après dix ans, Kamal Sido est retour­né secrè­te­ment à Afrin, sa ville natale&nbsp;lire plus
