{"id":63047,"date":"2025-07-07T12:23:33","date_gmt":"2025-07-07T10:23:33","guid":{"rendered":"https:\/\/www.anika-net.de\/event\/activite-pour-les-enfants-a-mondo-2025\/"},"modified":"2025-07-07T12:23:34","modified_gmt":"2025-07-07T10:23:34","slug":"activite-pour-les-enfants-a-mondo-2025","status":"publish","type":"event","link":"https:\/\/www.anika-net.de\/fr\/event\/activite-pour-les-enfants-a-mondo-2025\/","title":{"rendered":"Acti\u00advi\u00adt\u00e9 pour les enfants \u00e0 MONDO&nbsp;2025"},"content":{"rendered":"\n<p><strong>Venez peindre avec nous&nbsp;! \u2013 Vos endroits pr\u00e9\u00adf\u00e9\u00adr\u00e9s \u00e0 Karls\u00adruhe <\/strong>  \ud83c\udff0<\/p>\n\n<h1 class=\"wp-block-heading\"><strong><span style=\"color: #076ae3;\" class=\"stk-highlight\">Acti\u00advi\u00adt\u00e9 pour les enfants \u00e0 MONDO&nbsp;2025<\/span><\/strong><\/h1>\n\n<p>Vous aimez \u00eatre cr\u00e9a\u00adtif&nbsp;? \u270f\ufe0f\ud83d\udd8d\ufe0f Alors par\u00adti\u00adci\u00adpez \u00e0 notre acti\u00advi\u00adt\u00e9 de pein\u00adture amu\u00adsante sur le stand <strong>Ani\u00adKA<\/strong>&nbsp;! <\/p>\n\n<h2 class=\"wp-block-heading\"><strong><span style=\"color: #07937e;\" class=\"stk-highlight\">Des\u00adsi\u00adnez votre lieu pr\u00e9\u00adf\u00e9\u00adr\u00e9 \u00e0 Karlsruhe&nbsp;!<\/span><\/strong><\/h2>\n\n<p>O\u00f9 aimez-vous pas\u00adser du temps avec vos parents, vos grands-parents ou vos amis&nbsp;? Est-ce le zoo&nbsp;? Les jar\u00addins du palais&nbsp;? Ou peut-\u00eatre le ter\u00adrain de jeu au coin de la rue&nbsp;? Mon\u00adtrez-nous votre endroit pr\u00e9\u00adf\u00e9\u00adr\u00e9 avec votre des\u00adsin&nbsp;! \ud83c\udfde\ufe0f\ud83c\udfa1     <\/p>\n\n<p>\ud83d\udcee <strong>Quelque chose de sp\u00e9cial&nbsp;:<\/strong><\/p>\n\n<p>Cinq \u0153uvres seront s\u00e9lec\u00adtion\u00adn\u00e9es et impri\u00adm\u00e9es au dos de la <strong>carte pos\u00adtale<\/strong> offi\u00adcielle <strong>Ani\u00adKA<\/strong>&nbsp;! \ud83d\ude0d\ud83c\udf89<\/p>\n\n<p>\u2728 Un petit cadeau vous attend&nbsp;!&nbsp;\ud83c\udf81<\/p>\n\n<p>\ud83d\udc49 Tous les enfants sont les bien\u00adve\u00adnus \u2013 du monde entier&nbsp;!&nbsp;\ud83c\udf0d\ud83e\udef6&nbsp;<\/p>\n\n<p>\ud83d\udcc5 Venez nous rendre visite \u00e0 MONDO 2025 et pei\u00adgnez avec&nbsp;nous&nbsp;!<\/p>\n\n<p><strong>12 juillet 2025, \u00e0 par\u00adtir de 14 heures \u2013 Marktplatz<\/strong><\/p>\n\n<p>Nous sommes impa\u00adtients de vous voir, vous et vos \u0153uvres&nbsp;! \ud83d\uddbc\ufe0f\u2764\ufe0f <\/p>\n","protected":false},"author":12,"featured_media":63017,"template":"","class_list":["post-63047","event","type-event","status-publish","has-post-thumbnail","hentry","event_category-loisirs"],"acf":{"event-recurring":false,"event-category":50,"event-is-language-course":false,"event-recurring-still-active":true,"event-display-details":true,"event-schedules-recurring":null,"event-schedules-calendar":[{"event-calendar-day":"20250712","event-calendar-time":"14:00 - 17:00","event-calendar-time-text":""}],"event-is-online":false,"event-online-url":"","event-location-building":"Markplatz ","event-location-street":"","event-location-zip":"76133","event-location-city":"Karlsruhe","event-location-contact-person":"","event-location-phone":"","event-location-phone-2":"","event-location-mail":"","event-location-mail-2":"","event-location-website":"https:\/\/www.anika-net.de\/","event-target-group":[{"target-group":"children"}],"event-target-group-comment":"","event-free":true,"event-organiser":[63013],"event-header-copyright-overlay":true,"event-copyright-note-description-end":false},"featured_image_urls_v2":{"full":["https:\/\/www.anika-net.de\/wp-content\/uploads\/2025\/07\/Mal-Aktion-Mondo-2025.png",869,869,false],"thumbnail":["https:\/\/www.anika-net.de\/wp-content\/uploads\/2025\/07\/Mal-Aktion-Mondo-2025-150x150.png",150,150,true],"medium":["https:\/\/www.anika-net.de\/wp-content\/uploads\/2025\/07\/Mal-Aktion-Mondo-2025-300x300.png",300,300,true],"medium_large":["https:\/\/www.anika-net.de\/wp-content\/uploads\/2025\/07\/Mal-Aktion-Mondo-2025-768x768.png",640,640,true],"large":["https:\/\/www.anika-net.de\/wp-content\/uploads\/2025\/07\/Mal-Aktion-Mondo-2025.png",640,640,false],"1536x1536":["https:\/\/www.anika-net.de\/wp-content\/uploads\/2025\/07\/Mal-Aktion-Mondo-2025.png",869,869,false],"2048x2048":["https:\/\/www.anika-net.de\/wp-content\/uploads\/2025\/07\/Mal-Aktion-Mondo-2025.png",869,869,false],"event-overview":["https:\/\/www.anika-net.de\/wp-content\/uploads\/2025\/07\/Mal-Aktion-Mondo-2025-869x640.png",869,640,true],"event-archive-thumb":["https:\/\/www.anika-net.de\/wp-content\/uploads\/2025\/07\/Mal-Aktion-Mondo-2025-480x480.png",480,480,true],"grid-item-thumbnail":["https:\/\/www.anika-net.de\/wp-content\/uploads\/2025\/07\/Mal-Aktion-Mondo-2025-360x200.png",360,200,true],"network-partner-icon":["https:\/\/www.anika-net.de\/wp-content\/uploads\/2025\/07\/Mal-Aktion-Mondo-2025-100x100.png",100,100,true],"organiser-icon":["https:\/\/www.anika-net.de\/wp-content\/uploads\/2025\/07\/Mal-Aktion-Mondo-2025-200x200.png",200,200,true],"gform-image-choice-sm":["https:\/\/www.anika-net.de\/wp-content\/uploads\/2025\/07\/Mal-Aktion-Mondo-2025.png",300,300,false],"gform-image-choice-md":["https:\/\/www.anika-net.de\/wp-content\/uploads\/2025\/07\/Mal-Aktion-Mondo-2025.png",400,400,false],"gform-image-choice-lg":["https:\/\/www.anika-net.de\/wp-content\/uploads\/2025\/07\/Mal-Aktion-Mondo-2025.png",600,600,false]},"post_excerpt_stackable_v2":"<p>Venez peindre avec nous&nbsp;! \u2013 Vos endroits pr\u00e9\u00adf\u00e9\u00adr\u00e9s \u00e0 Karls\u00adruhe \ud83c\udff0 Acti\u00advi\u00adt\u00e9 pour les enfants \u00e0 MONDO&nbsp;2025 Vous aimez \u00eatre cr\u00e9a\u00adtif&nbsp;? \u270f\ufe0f\ud83d\udd8d\ufe0f Alors par\u00adti\u00adci\u00adpez \u00e0 notre acti\u00advi\u00adt\u00e9 de pein\u00adture amu\u00adsante sur le stand Ani\u00adKA&nbsp;! Des\u00adsi\u00adnez votre lieu pr\u00e9\u00adf\u00e9\u00adr\u00e9 \u00e0 Karls\u00adruhe&nbsp;! O\u00f9 aimez-vous pas\u00adser du temps avec vos parents, vos grands-parents ou vos amis&nbsp;? Est-ce le zoo&nbsp;? Les jar\u00addins du palais&nbsp;? Ou peut-\u00eatre le ter\u00adrain de jeu au coin de la rue&nbsp;? Mon\u00ad\u00adtrez-nous votre endroit pr\u00e9\u00adf\u00e9\u00adr\u00e9 avec votre des\u00adsin&nbsp;! \ud83c\udfde\ufe0f\ud83c\udfa1 \ud83d\udcee Quelque chose de sp\u00e9\u00adcial&nbsp;: Cinq \u0153uvres seront s\u00e9lec\u00adtion\u00adn\u00e9es et impri\u00adm\u00e9es au dos de la carte pos\u00adtale offi\u00adcielle AniKA&nbsp;!&nbsp;\ud83d\ude0d\ud83c\udf89&nbsp;\u2728\u2026<\/p>\n","category_list_v2":"","author_info_v2":{"name":"Andrea Ramirez","url":"https:\/\/www.anika-net.de\/fr\/author\/andrea-ramirez\/"},"comments_num_v2":"0 commentaire","uagb_featured_image_src":{"full":["https:\/\/www.anika-net.de\/wp-content\/uploads\/2025\/07\/Mal-Aktion-Mondo-2025.png",869,869,false],"thumbnail":["https:\/\/www.anika-net.de\/wp-content\/uploads\/2025\/07\/Mal-Aktion-Mondo-2025-150x150.png",150,150,true],"medium":["https:\/\/www.anika-net.de\/wp-content\/uploads\/2025\/07\/Mal-Aktion-Mondo-2025-300x300.png",300,300,true],"medium_large":["https:\/\/www.anika-net.de\/wp-content\/uploads\/2025\/07\/Mal-Aktion-Mondo-2025-768x768.png",640,640,true],"large":["https:\/\/www.anika-net.de\/wp-content\/uploads\/2025\/07\/Mal-Aktion-Mondo-2025.png",640,640,false],"1536x1536":["https:\/\/www.anika-net.de\/wp-content\/uploads\/2025\/07\/Mal-Aktion-Mondo-2025.png",869,869,false],"2048x2048":["https:\/\/www.anika-net.de\/wp-content\/uploads\/2025\/07\/Mal-Aktion-Mondo-2025.png",869,869,false],"event-overview":["https:\/\/www.anika-net.de\/wp-content\/uploads\/2025\/07\/Mal-Aktion-Mondo-2025-869x640.png",869,640,true],"event-archive-thumb":["https:\/\/www.anika-net.de\/wp-content\/uploads\/2025\/07\/Mal-Aktion-Mondo-2025-480x480.png",480,480,true],"grid-item-thumbnail":["https:\/\/www.anika-net.de\/wp-content\/uploads\/2025\/07\/Mal-Aktion-Mondo-2025-360x200.png",360,200,true],"network-partner-icon":["https:\/\/www.anika-net.de\/wp-content\/uploads\/2025\/07\/Mal-Aktion-Mondo-2025-100x100.png",100,100,true],"organiser-icon":["https:\/\/www.anika-net.de\/wp-content\/uploads\/2025\/07\/Mal-Aktion-Mondo-2025-200x200.png",200,200,true],"gform-image-choice-sm":["https:\/\/www.anika-net.de\/wp-content\/uploads\/2025\/07\/Mal-Aktion-Mondo-2025.png",300,300,false],"gform-image-choice-md":["https:\/\/www.anika-net.de\/wp-content\/uploads\/2025\/07\/Mal-Aktion-Mondo-2025.png",400,400,false],"gform-image-choice-lg":["https:\/\/www.anika-net.de\/wp-content\/uploads\/2025\/07\/Mal-Aktion-Mondo-2025.png",600,600,false]},"uagb_author_info":{"display_name":"Andrea Ramirez","author_link":"https:\/\/www.anika-net.de\/fr\/author\/andrea-ramirez\/"},"uagb_comment_info":0,"uagb_excerpt":"Venez peindre avec nous&nbsp;! \u2013 Vos endroits pr\u00e9\u00adf\u00e9\u00adr\u00e9s \u00e0 Karls\u00adruhe \ud83c\udff0 Acti\u00advi\u00adt\u00e9 pour les enfants \u00e0 MONDO&nbsp;2025 Vous aimez \u00eatre cr\u00e9a\u00adtif&nbsp;? \u270f\ufe0f\ud83d\udd8d\ufe0f Alors par\u00adti\u00adci\u00adpez \u00e0 notre acti\u00advi\u00adt\u00e9 de pein\u00adture amu\u00adsante&nbsp;lire plus","_links":{"self":[{"href":"https:\/\/www.anika-net.de\/fr\/wp-json\/wp\/v2\/event\/63047","targetHints":{"allow":["GET"]}}],"collection":[{"href":"https:\/\/www.anika-net.de\/fr\/wp-json\/wp\/v2\/event"}],"about":[{"href":"https:\/\/www.anika-net.de\/fr\/wp-json\/wp\/v2\/types\/event"}],"author":[{"embeddable":true,"href":"https:\/\/www.anika-net.de\/fr\/wp-json\/wp\/v2\/users\/12"}],"version-history":[{"count":1,"href":"https:\/\/www.anika-net.de\/fr\/wp-json\/wp\/v2\/event\/63047\/revisions"}],"predecessor-version":[{"id":63048,"href":"https:\/\/www.anika-net.de\/fr\/wp-json\/wp\/v2\/event\/63047\/revisions\/63048"}],"acf:post":[{"embeddable":true,"href":"https:\/\/www.anika-net.de\/fr\/wp-json\/wp\/v2\/organiser\/63013"}],"acf:term":[{"embeddable":true,"taxonomy":"event_category","href":"https:\/\/www.anika-net.de\/fr\/wp-json\/wp\/v2\/event_category\/50"}],"wp:featuredmedia":[{"embeddable":true,"href":"https:\/\/www.anika-net.de\/fr\/wp-json\/wp\/v2\/media\/63017"}],"wp:attachment":[{"href":"https:\/\/www.anika-net.de\/fr\/wp-json\/wp\/v2\/media?parent=63047"}],"curies":[{"name":"wp","href":"https:\/\/api.w.org\/{rel}","templated":true}]}}

Acti­vi­té pour les enfants à MONDO&nbsp;2025

<p><strong>Venez peindre avec nous&nbsp;! – Vos endroits pré­fé­rés à Karls­ruhe </strong>  🏰</p>

<h1 class="wp-block-heading"><strong><span style="color: #076ae3;" class="stk-highlight">Acti­vi­té pour les enfants à MONDO&nbsp;2025</span></strong></h1>

<p>Vous aimez être créa­tif&nbsp;? ✏️🖍️ Alors par­ti­ci­pez à notre acti­vi­té de pein­ture amu­sante sur le stand <strong>Ani­KA</strong>&nbsp;! </p>

<h2 class="wp-block-heading"><strong><span style="color: #07937e;" class="stk-highlight">Des­si­nez votre lieu pré­fé­ré à Karlsruhe&nbsp;!</span></strong></h2>

<p>Où aimez-vous pas­ser du temps avec vos parents, vos grands-parents ou vos amis&nbsp;? Est-ce le zoo&nbsp;? Les jar­dins du palais&nbsp;? Ou peut-être le ter­rain de jeu au coin de la rue&nbsp;? Mon­trez-nous votre endroit pré­fé­ré avec votre des­sin&nbsp;! 🏞️🎡     </p>

<p>📮 <strong>Quelque chose de spécial&nbsp;:</strong></p>

<p>Cinq œuvres seront sélec­tion­nées et impri­mées au dos de la <strong>carte pos­tale</strong> offi­cielle <strong>Ani­KA</strong>&nbsp;! 😍🎉</p>

<p>✨ Un petit cadeau vous attend&nbsp;!&nbsp;🎁</p>

<p>👉 Tous les enfants sont les bien­ve­nus – du monde entier&nbsp;!&nbsp;🌍🫶&nbsp;</p>

<p>📅 Venez nous rendre visite à MONDO 2025 et pei­gnez avec&nbsp;nous&nbsp;!</p>

<p><strong>12 juillet 2025, à par­tir de 14 heures – Marktplatz</strong></p>

<p>Nous sommes impa­tients de vous voir, vous et vos œuvres&nbsp;! 🖼️❤️ </p>

<p>Venez peindre avec nous&nbsp;! – Vos endroits pré­fé­rés à Karls­ruhe 🏰 Acti­vi­té pour les enfants à MONDO&nbsp;2025 Vous aimez être créa­tif&nbsp;? ✏️🖍️ Alors par­ti­ci­pez à notre acti­vi­té de pein­ture amu­sante sur le stand Ani­KA&nbsp;! Des­si­nez votre lieu pré­fé­ré à Karls­ruhe&nbsp;! Où aimez-vous pas­ser du temps avec vos parents, vos grands-parents ou vos amis&nbsp;? Est-ce le zoo&nbsp;? Les jar­dins du palais&nbsp;? Ou peut-être le ter­rain de jeu au coin de la rue&nbsp;? Mon­­trez-nous votre endroit pré­fé­ré avec votre des­sin&nbsp;! 🏞️🎡 📮 Quelque chose de spé­cial&nbsp;: Cinq œuvres seront sélec­tion­nées et impri­mées au dos de la carte pos­tale offi­cielle AniKA&nbsp;!&nbsp;😍🎉&nbsp;✨…</p>

Venez peindre avec nous&nbsp;! – Vos endroits pré­fé­rés à Karls­ruhe 🏰 Acti­vi­té pour les enfants à MONDO&nbsp;2025 Vous aimez être créa­tif&nbsp;? ✏️🖍️ Alors par­ti­ci­pez à notre acti­vi­té de pein­ture amu­sante&nbsp;lire plus
