{"id":61548,"date":"2025-05-20T14:07:20","date_gmt":"2025-05-20T12:07:20","guid":{"rendered":"https:\/\/www.anika-net.de\/event\/atelier-les-familles-dans-la-bibliotheque-de-demain\/"},"modified":"2025-05-20T14:07:20","modified_gmt":"2025-05-20T12:07:20","slug":"atelier-les-familles-dans-la-bibliotheque-de-demain","status":"publish","type":"event","link":"https:\/\/www.anika-net.de\/fr\/event\/atelier-les-familles-dans-la-bibliotheque-de-demain\/","title":{"rendered":"Ate\u00adlier \u2013 Les familles dans la biblio\u00adth\u00e8que de demain"},"content":{"rendered":"<h3><span style=\"color: #666699;\">Biblio\u00adth\u00e8que muni\u00adci\u00adpale de Karlsruhe<\/span><\/h3>\n<h1><span style=\"color: #800080;\">Futur ate\u00adlier&nbsp;I&nbsp;:<\/span><br>\n<span style=\"color: #333399;\">\u00ab&nbsp;Faites-la v\u00f4tre&nbsp;: Les familles dans la biblio\u00adth\u00e8que de demain<\/span><\/h1>\n<p><strong>Avez-vous des enfants&nbsp;?<\/strong><br>\nNous vous invi\u00adtons \u00e0 nous rejoindre pour r\u00e9fl\u00e9\u00adchir \u00e0 la biblio\u00adth\u00e8que de demain.<br>\nNous sommes int\u00e9\u00adres\u00ads\u00e9s par le libre \u00e9change et les id\u00e9es de tous les points de&nbsp;vue.<\/p>\n<h4><strong><span style=\"color: #008080;\">Pro\u00adgramme jour\u00adna\u00adlier<\/span> <\/strong><\/h4>\n<p>15 heures&nbsp;: Arri\u00adv\u00e9e avec visite<br>\n15 h 30&nbsp;: Atelier<br>\n18 heures&nbsp;: \u00c9change avec des collations<\/p>\n<p>\u270d\ud83c\udffc <span style=\"color: #800080;\"><strong>S\u2019ins\u00adcrire par t\u00e9l\u00e9\u00adphone ou par e\u2011mail<\/strong> <\/span> <\/p>\n","protected":false},"author":12,"featured_media":61531,"template":"","class_list":["post-61548","event","type-event","status-publish","has-post-thumbnail","hentry","event_category-loisirs"],"acf":{"event-recurring":false,"event-category":50,"event-is-language-course":false,"event-recurring-still-active":true,"event-display-details":true,"event-schedules-recurring":null,"event-schedules-calendar":[{"event-calendar-day":"20250705","event-calendar-time":"15:00","event-calendar-time-text":""}],"event-is-online":false,"event-online-url":"","event-location-building":" Stadtbibliothek in the new St\u00e4ndehaus","event-location-street":" St\u00e4ndehausstra\u00dfe 2","event-location-zip":"76133","event-location-city":"Karlsruhe","event-location-contact-person":"Franziska Wagne","event-location-phone":"0721 133-1212","event-location-phone-2":"","event-location-mail":"bme@afsta.karlsruhe.de","event-location-mail-2":"bibliothekspaedagogik@kultur.karlsruhe.de","event-location-website":"https:\/\/kalender.karlsruhe.de\/db\/termine\/literatur\/workshop_zukunftsworkshop_i_make_it","event-target-group":[{"target-group":"parents"}],"event-target-group-comment":"","event-free":true,"event-organiser":[50537],"event-header-copyright-overlay":true,"event-copyright-note-description-end":false},"featured_image_urls_v2":{"full":["https:\/\/www.anika-net.de\/wp-content\/uploads\/2025\/05\/Bibliothek.png",786,519,false],"thumbnail":["https:\/\/www.anika-net.de\/wp-content\/uploads\/2025\/05\/Bibliothek-150x150.png",150,150,true],"medium":["https:\/\/www.anika-net.de\/wp-content\/uploads\/2025\/05\/Bibliothek-300x198.png",300,198,true],"medium_large":["https:\/\/www.anika-net.de\/wp-content\/uploads\/2025\/05\/Bibliothek-768x507.png",640,423,true],"large":["https:\/\/www.anika-net.de\/wp-content\/uploads\/2025\/05\/Bibliothek.png",640,423,false],"1536x1536":["https:\/\/www.anika-net.de\/wp-content\/uploads\/2025\/05\/Bibliothek.png",786,519,false],"2048x2048":["https:\/\/www.anika-net.de\/wp-content\/uploads\/2025\/05\/Bibliothek.png",786,519,false],"event-overview":["https:\/\/www.anika-net.de\/wp-content\/uploads\/2025\/05\/Bibliothek.png",786,519,false],"event-archive-thumb":["https:\/\/www.anika-net.de\/wp-content\/uploads\/2025\/05\/Bibliothek-480x317.png",480,317,true],"grid-item-thumbnail":["https:\/\/www.anika-net.de\/wp-content\/uploads\/2025\/05\/Bibliothek-360x200.png",360,200,true],"network-partner-icon":["https:\/\/www.anika-net.de\/wp-content\/uploads\/2025\/05\/Bibliothek-100x100.png",100,100,true],"organiser-icon":["https:\/\/www.anika-net.de\/wp-content\/uploads\/2025\/05\/Bibliothek-200x200.png",200,200,true],"gform-image-choice-sm":["https:\/\/www.anika-net.de\/wp-content\/uploads\/2025\/05\/Bibliothek.png",300,198,false],"gform-image-choice-md":["https:\/\/www.anika-net.de\/wp-content\/uploads\/2025\/05\/Bibliothek.png",400,264,false],"gform-image-choice-lg":["https:\/\/www.anika-net.de\/wp-content\/uploads\/2025\/05\/Bibliothek.png",600,396,false]},"post_excerpt_stackable_v2":"<p>Biblio\u00adth\u00e8que muni\u00adci\u00adpale de Karls\u00adruhe Futur ate\u00adlier&nbsp;I&nbsp;: \u00ab&nbsp;Faites-la v\u00f4tre&nbsp;: Les familles dans la biblio\u00adth\u00e8que de demain Avez-vous des enfants&nbsp;? Nous vous invi\u00adtons \u00e0 nous rejoindre pour r\u00e9fl\u00e9\u00adchir \u00e0 la biblio\u00adth\u00e8que de demain. Nous sommes int\u00e9\u00adres\u00ads\u00e9s par le libre \u00e9change et les id\u00e9es de tous les points de&nbsp;vue. Pro\u00adgramme jour\u00adna\u00adlier 15 heures&nbsp;: Arri\u00adv\u00e9e avec visite 15 h 30&nbsp;: Ate\u00adlier 18 heures&nbsp;: \u00c9change avec des col\u00adla\u00adtions \u270d\ud83c\udffc S\u2019ins\u00adcrire par t\u00e9l\u00e9\u00adphone ou par e\u2011mail<\/p>\n","category_list_v2":"","author_info_v2":{"name":"Andrea Ramirez","url":"https:\/\/www.anika-net.de\/fr\/author\/andrea-ramirez\/"},"comments_num_v2":"0 commentaire","uagb_featured_image_src":{"full":["https:\/\/www.anika-net.de\/wp-content\/uploads\/2025\/05\/Bibliothek.png",786,519,false],"thumbnail":["https:\/\/www.anika-net.de\/wp-content\/uploads\/2025\/05\/Bibliothek-150x150.png",150,150,true],"medium":["https:\/\/www.anika-net.de\/wp-content\/uploads\/2025\/05\/Bibliothek-300x198.png",300,198,true],"medium_large":["https:\/\/www.anika-net.de\/wp-content\/uploads\/2025\/05\/Bibliothek-768x507.png",640,423,true],"large":["https:\/\/www.anika-net.de\/wp-content\/uploads\/2025\/05\/Bibliothek.png",640,423,false],"1536x1536":["https:\/\/www.anika-net.de\/wp-content\/uploads\/2025\/05\/Bibliothek.png",786,519,false],"2048x2048":["https:\/\/www.anika-net.de\/wp-content\/uploads\/2025\/05\/Bibliothek.png",786,519,false],"event-overview":["https:\/\/www.anika-net.de\/wp-content\/uploads\/2025\/05\/Bibliothek.png",786,519,false],"event-archive-thumb":["https:\/\/www.anika-net.de\/wp-content\/uploads\/2025\/05\/Bibliothek-480x317.png",480,317,true],"grid-item-thumbnail":["https:\/\/www.anika-net.de\/wp-content\/uploads\/2025\/05\/Bibliothek-360x200.png",360,200,true],"network-partner-icon":["https:\/\/www.anika-net.de\/wp-content\/uploads\/2025\/05\/Bibliothek-100x100.png",100,100,true],"organiser-icon":["https:\/\/www.anika-net.de\/wp-content\/uploads\/2025\/05\/Bibliothek-200x200.png",200,200,true],"gform-image-choice-sm":["https:\/\/www.anika-net.de\/wp-content\/uploads\/2025\/05\/Bibliothek.png",300,198,false],"gform-image-choice-md":["https:\/\/www.anika-net.de\/wp-content\/uploads\/2025\/05\/Bibliothek.png",400,264,false],"gform-image-choice-lg":["https:\/\/www.anika-net.de\/wp-content\/uploads\/2025\/05\/Bibliothek.png",600,396,false]},"uagb_author_info":{"display_name":"Andrea Ramirez","author_link":"https:\/\/www.anika-net.de\/fr\/author\/andrea-ramirez\/"},"uagb_comment_info":0,"uagb_excerpt":"Biblio\u00adth\u00e8que muni\u00adci\u00adpale de Karlsruhe Futur ate\u00adlier&nbsp;I&nbsp;: \u00ab&nbsp;Faites-la v\u00f4tre&nbsp;: Les familles dans la biblio\u00adth\u00e8que de demain Avez-vous des enfants&nbsp;? Nous vous invi\u00adtons \u00e0 nous rejoindre pour r\u00e9fl\u00e9\u00adchir \u00e0 la biblio\u00adth\u00e8que de&nbsp;lire plus","_links":{"self":[{"href":"https:\/\/www.anika-net.de\/fr\/wp-json\/wp\/v2\/event\/61548","targetHints":{"allow":["GET"]}}],"collection":[{"href":"https:\/\/www.anika-net.de\/fr\/wp-json\/wp\/v2\/event"}],"about":[{"href":"https:\/\/www.anika-net.de\/fr\/wp-json\/wp\/v2\/types\/event"}],"author":[{"embeddable":true,"href":"https:\/\/www.anika-net.de\/fr\/wp-json\/wp\/v2\/users\/12"}],"version-history":[{"count":0,"href":"https:\/\/www.anika-net.de\/fr\/wp-json\/wp\/v2\/event\/61548\/revisions"}],"acf:post":[{"embeddable":true,"href":"https:\/\/www.anika-net.de\/fr\/wp-json\/wp\/v2\/organiser\/50537"}],"acf:term":[{"embeddable":true,"taxonomy":"event_category","href":"https:\/\/www.anika-net.de\/fr\/wp-json\/wp\/v2\/event_category\/50"}],"wp:featuredmedia":[{"embeddable":true,"href":"https:\/\/www.anika-net.de\/fr\/wp-json\/wp\/v2\/media\/61531"}],"wp:attachment":[{"href":"https:\/\/www.anika-net.de\/fr\/wp-json\/wp\/v2\/media?parent=61548"}],"curies":[{"name":"wp","href":"https:\/\/api.w.org\/{rel}","templated":true}]}}

Ate­lier – Les familles dans la biblio­thèque de demain

<h3><span style="color: #666699;">Biblio­thèque muni­ci­pale de Karlsruhe</span></h3>
<h1><span style="color: #800080;">Futur ate­lier&nbsp;I&nbsp;:</span><br>
<span style="color: #333399;">«&nbsp;Faites-la vôtre&nbsp;: Les familles dans la biblio­thèque de demain</span></h1>
<p><strong>Avez-vous des enfants&nbsp;?</strong><br>
Nous vous invi­tons à nous rejoindre pour réflé­chir à la biblio­thèque de demain.<br>
Nous sommes inté­res­sés par le libre échange et les idées de tous les points de&nbsp;vue.</p>
<h4><strong><span style="color: #008080;">Pro­gramme jour­na­lier</span> </strong></h4>
<p>15 heures&nbsp;: Arri­vée avec visite<br>
15 h 30&nbsp;: Atelier<br>
18 heures&nbsp;: Échange avec des collations</p>
<p>✍🏼 <span style="color: #800080;"><strong>S’ins­crire par télé­phone ou par e‑mail</strong> </span> </p>

Stadtbibliothek in the new Ständehaus

Ständehausstraße 2

<p>Biblio­thèque muni­ci­pale de Karls­ruhe Futur ate­lier&nbsp;I&nbsp;: «&nbsp;Faites-la vôtre&nbsp;: Les familles dans la biblio­thèque de demain Avez-vous des enfants&nbsp;? Nous vous invi­tons à nous rejoindre pour réflé­chir à la biblio­thèque de demain. Nous sommes inté­res­sés par le libre échange et les idées de tous les points de&nbsp;vue. Pro­gramme jour­na­lier 15 heures&nbsp;: Arri­vée avec visite 15 h 30&nbsp;: Ate­lier 18 heures&nbsp;: Échange avec des col­la­tions ✍🏼 S’ins­crire par télé­phone ou par e‑mail</p>

Biblio­thèque muni­ci­pale de Karlsruhe Futur ate­lier&nbsp;I&nbsp;: «&nbsp;Faites-la vôtre&nbsp;: Les familles dans la biblio­thèque de demain Avez-vous des enfants&nbsp;? Nous vous invi­tons à nous rejoindre pour réflé­chir à la biblio­thèque de&nbsp;lire plus
