{"id":59265,"date":"2025-03-03T14:58:14","date_gmt":"2025-03-03T13:58:14","guid":{"rendered":"https:\/\/www.anika-net.de\/event\/cours-dallemand-par-asta-kit-2025\/"},"modified":"2025-03-03T14:58:14","modified_gmt":"2025-03-03T13:58:14","slug":"cours-dallemand-par-asta-kit-2025","status":"publish","type":"event","link":"https:\/\/www.anika-net.de\/fr\/event\/cours-dallemand-par-asta-kit-2025\/","title":{"rendered":"Cours d\u2019al\u00adle\u00admand par AStA \u2013 KIT&nbsp;2025"},"content":{"rendered":"<h1><span style=\"color: #ffcc00;\">Cours d\u2019al\u00adle\u00admand par AStA&nbsp;2025<\/span><\/h1>\n<div><strong>Vous sou\u00adhai\u00adtez vous ins\u00adcrire \u00e0 l\u2019u\u00adni\u00adver\u00adsi\u00adt\u00e9 en Allemagne&nbsp;?<\/strong><br>\nSi votre niveau de langue est sup\u00e9\u00adrieur \u00e0 A2, vous pou\u00advez vous ins\u00adcrire \u00e0 notre cours d\u2019allemand.<\/div>\n<div><\/div>\n<div><strong>Groupe cible&nbsp;:<\/strong> Nos cours s\u2019a\u00addressent aux \u00e9tu\u00addiants ins\u00adcrits et aux non-\u00e9tu\u00addiants qui sou\u00adhaitent \u00e9tu\u00addier en Alle\u00admagne \u00e0 un stade ult\u00e9rieur.<\/div>\n<h3><strong><a href=\"https:\/\/www.asta-kit.de\/de\/angebote\/deutschkurs\/aktuelle-kurse\" rel=\"noopener\">Dates et prix des&nbsp;cours<\/a><\/strong><\/h3>\n<p>\ud83d\udcc6 <span style=\"color: #808080;\"><strong> Date du cours&nbsp;:<\/strong><\/span> <strong>05.05.2025<\/strong> <strong>jus\u00adqu\u2019au d\u00e9but du mois d\u2019ao\u00fbt<\/strong> <\/p>\n<p><span style=\"color: #666699;\"><strong>Test d\u2019\u00e9\u00adva\u00adlua\u00adtion&nbsp;: 29.04.2025 (\u00e9crit)<\/strong><\/span><\/p>\n<p>\ud83d\udcc6<span style=\"color: #808080;\"><strong> Date du cours&nbsp;: <\/strong><\/span><strong>16.09.2025 jus\u00adqu\u2019\u00e0 la mi-d\u00e9cembre<\/strong><br>\n<span style=\"color: #666699;\"><strong>Test de niveau&nbsp;:<\/strong><\/span> 10.09.2025 (\u00e9crit)<\/p>\n<p><a href=\"https:\/\/www.asta-kit.de\/de\/angebote\/deutschkurs\/anmeldung\" rel=\"noopener\"><strong>Appli\u00adca\u00adtion<\/strong><\/a><\/p>\n<div>\n<h3><span style=\"color: #008080;\"><strong>Sys\u00adt\u00e8me de&nbsp;cours<\/strong><\/span><\/h3>\n<p>Les \u00e9tu\u00addiants \u00e9tran\u00adgers doivent four\u00adnir la preuve d\u2019un dipl\u00f4me d\u2019en\u00adtr\u00e9e \u00e0 l\u2019u\u00adni\u00adver\u00adsi\u00adt\u00e9 pour pou\u00advoir com\u00admen\u00adcer leurs \u00e9tudes en Allemagne.<\/p>\n<p>Apr\u00e8s avoir pas\u00ads\u00e9 avec suc\u00adc\u00e8s le <strong>test DSH2 ou le test DAF TDN 4<\/strong>, ils peuvent \u00eatre inscrits.<br>\n<strong>Nous les pr\u00e9\u00adpa\u00adrons inten\u00adsi\u00adve\u00adment \u00e0 cet&nbsp;effet.<\/strong><\/p>\n<p><span style=\"color: #666699;\"><strong>Les cours durent 12 semaines et com\u00adprennent 240 uni\u00adt\u00e9s d\u2019en\u00adsei\u00adgne\u00adment chacune<\/strong><\/span><\/p>\n<ul>\n<li>Les cours ont lieu du lun\u00addi au vendredi<\/li>\n<li>La dur\u00e9e du cours est de 4 uni\u00adt\u00e9s d\u2019en\u00adsei\u00adgne\u00adment par&nbsp;jour.<\/li>\n<li>Nous tra\u00advaillons avec la gram\u00admaire d\u2019exer\u00adcice publi\u00e9e par Lie\u00adbaug-Dart\u00admann Verlag<\/li>\n<li>L\u2019en\u00adtra\u00ee\u00adne\u00adment pour la BT, la HT et le voca\u00adbu\u00adlaire est pra\u00adti\u00adqu\u00e9 avec les copies correspondantes.<\/li>\n<\/ul>\n<p><strong><a href=\"https:\/\/www.asta-kit.de\/de\/angebote\/deutschkurs\/kursinhalt\" rel=\"noopener\">Conte\u00adnu du&nbsp;cours<\/a><\/strong><\/p>\n<\/div>\n","protected":false},"author":12,"featured_media":59245,"template":"","class_list":["post-59265","event","type-event","status-publish","has-post-thumbnail","hentry","event_category-education"],"acf":{"event-recurring":false,"event-category":49,"event-is-language-course":false,"event-recurring-still-active":true,"event-display-details":true,"event-schedules-recurring":[{"event-recurring-week-day":"3","event-recurring-time":"10:00 - 12:00","event-recurring-time-text":""}],"event-schedules-calendar":[{"event-calendar-day":"20250910","event-calendar-time":"","event-calendar-time-text":""}],"event-is-online":false,"event-online-url":"","event-location-building":"AStA am KIT","event-location-street":"Adenauerring 7","event-location-zip":"76131","event-location-city":"Karlsruhe","event-location-contact-person":"Beat Nizam","event-location-phone":"0721 18123800","event-location-phone-2":"","event-location-mail":"deutschkurse@asta-kit.de","event-location-mail-2":"","event-location-website":"https:\/\/www.asta-kit.de\/angebote\/deutschkurs","event-target-group":[{"target-group":"students"}],"event-target-group-comment":"","event-free":false,"event-organiser":[59239],"event-header-copyright-overlay":true,"event-copyright-note-description-end":false},"featured_image_urls_v2":{"full":["https:\/\/www.anika-net.de\/wp-content\/uploads\/2025\/03\/Asta_kit.png",300,300,false],"thumbnail":["https:\/\/www.anika-net.de\/wp-content\/uploads\/2025\/03\/Asta_kit-150x150.png",150,150,true],"medium":["https:\/\/www.anika-net.de\/wp-content\/uploads\/2025\/03\/Asta_kit.png",300,300,false],"medium_large":["https:\/\/www.anika-net.de\/wp-content\/uploads\/2025\/03\/Asta_kit.png",300,300,false],"large":["https:\/\/www.anika-net.de\/wp-content\/uploads\/2025\/03\/Asta_kit.png",300,300,false],"1536x1536":["https:\/\/www.anika-net.de\/wp-content\/uploads\/2025\/03\/Asta_kit.png",300,300,false],"2048x2048":["https:\/\/www.anika-net.de\/wp-content\/uploads\/2025\/03\/Asta_kit.png",300,300,false],"event-overview":["https:\/\/www.anika-net.de\/wp-content\/uploads\/2025\/03\/Asta_kit.png",300,300,false],"event-archive-thumb":["https:\/\/www.anika-net.de\/wp-content\/uploads\/2025\/03\/Asta_kit.png",300,300,false],"grid-item-thumbnail":["https:\/\/www.anika-net.de\/wp-content\/uploads\/2025\/03\/Asta_kit-300x200.png",300,200,true],"network-partner-icon":["https:\/\/www.anika-net.de\/wp-content\/uploads\/2025\/03\/Asta_kit-100x100.png",100,100,true],"organiser-icon":["https:\/\/www.anika-net.de\/wp-content\/uploads\/2025\/03\/Asta_kit-200x200.png",200,200,true],"gform-image-choice-sm":["https:\/\/www.anika-net.de\/wp-content\/uploads\/2025\/03\/Asta_kit.png",300,300,false],"gform-image-choice-md":["https:\/\/www.anika-net.de\/wp-content\/uploads\/2025\/03\/Asta_kit.png",300,300,false],"gform-image-choice-lg":["https:\/\/www.anika-net.de\/wp-content\/uploads\/2025\/03\/Asta_kit.png",300,300,false]},"post_excerpt_stackable_v2":"<p>Cours d\u2019al\u00adle\u00admand par AStA&nbsp;2025 Vous sou\u00adhai\u00adtez vous ins\u00adcrire \u00e0 l\u2019u\u00adni\u00adver\u00adsi\u00adt\u00e9 en Alle\u00admagne&nbsp;? Si votre niveau de langue est sup\u00e9\u00adrieur \u00e0 A2, vous pou\u00advez vous ins\u00adcrire \u00e0 notre cours d\u2019allemand. Groupe cible&nbsp;: Nos cours s\u2019a\u00addressent aux \u00e9tu\u00addiants ins\u00adcrits et aux non-\u00e9tu\u00ad\u00addiants qui sou\u00adhaitent \u00e9tu\u00addier en Alle\u00admagne \u00e0 un stade ult\u00e9\u00adrieur. Dates et prix des&nbsp;cours \ud83d\udcc6 Date du cours&nbsp;: 05.05.2025 jus\u00adqu\u2019au d\u00e9but du mois d\u2019ao\u00fbt Test d\u2019\u00e9\u00adva\u00adlua\u00adtion&nbsp;: 29.04.2025 (\u00e9crit) \ud83d\udcc6 Date du cours&nbsp;: 16.09.2025 jus\u00adqu\u2019\u00e0 la mi-d\u00e9cembre Test de niveau&nbsp;: 10.09.2025 (\u00e9crit) Appli\u00adca\u00adtion Sys\u00adt\u00e8me de&nbsp;cours Les \u00e9tu\u00addiants \u00e9tran\u00adgers doivent four\u00adnir la preuve d\u2019un dipl\u00f4me d\u2019en\u00adtr\u00e9e \u00e0 l\u2019u\u00adni\u00adver\u00adsi\u00adt\u00e9 pour pou\u00advoir com\u00admen\u00adcer leurs \u00e9tudes\u2026<\/p>\n","category_list_v2":"","author_info_v2":{"name":"Andrea Ramirez","url":"https:\/\/www.anika-net.de\/fr\/author\/andrea-ramirez\/"},"comments_num_v2":"0 commentaire","uagb_featured_image_src":{"full":["https:\/\/www.anika-net.de\/wp-content\/uploads\/2025\/03\/Asta_kit.png",300,300,false],"thumbnail":["https:\/\/www.anika-net.de\/wp-content\/uploads\/2025\/03\/Asta_kit-150x150.png",150,150,true],"medium":["https:\/\/www.anika-net.de\/wp-content\/uploads\/2025\/03\/Asta_kit.png",300,300,false],"medium_large":["https:\/\/www.anika-net.de\/wp-content\/uploads\/2025\/03\/Asta_kit.png",300,300,false],"large":["https:\/\/www.anika-net.de\/wp-content\/uploads\/2025\/03\/Asta_kit.png",300,300,false],"1536x1536":["https:\/\/www.anika-net.de\/wp-content\/uploads\/2025\/03\/Asta_kit.png",300,300,false],"2048x2048":["https:\/\/www.anika-net.de\/wp-content\/uploads\/2025\/03\/Asta_kit.png",300,300,false],"event-overview":["https:\/\/www.anika-net.de\/wp-content\/uploads\/2025\/03\/Asta_kit.png",300,300,false],"event-archive-thumb":["https:\/\/www.anika-net.de\/wp-content\/uploads\/2025\/03\/Asta_kit.png",300,300,false],"grid-item-thumbnail":["https:\/\/www.anika-net.de\/wp-content\/uploads\/2025\/03\/Asta_kit-300x200.png",300,200,true],"network-partner-icon":["https:\/\/www.anika-net.de\/wp-content\/uploads\/2025\/03\/Asta_kit-100x100.png",100,100,true],"organiser-icon":["https:\/\/www.anika-net.de\/wp-content\/uploads\/2025\/03\/Asta_kit-200x200.png",200,200,true],"gform-image-choice-sm":["https:\/\/www.anika-net.de\/wp-content\/uploads\/2025\/03\/Asta_kit.png",300,300,false],"gform-image-choice-md":["https:\/\/www.anika-net.de\/wp-content\/uploads\/2025\/03\/Asta_kit.png",300,300,false],"gform-image-choice-lg":["https:\/\/www.anika-net.de\/wp-content\/uploads\/2025\/03\/Asta_kit.png",300,300,false]},"uagb_author_info":{"display_name":"Andrea Ramirez","author_link":"https:\/\/www.anika-net.de\/fr\/author\/andrea-ramirez\/"},"uagb_comment_info":0,"uagb_excerpt":"Cours d\u2019al\u00adle\u00admand par AStA&nbsp;2025 Vous sou\u00adhai\u00adtez vous ins\u00adcrire \u00e0 l\u2019u\u00adni\u00adver\u00adsi\u00adt\u00e9 en Allemagne&nbsp;? Si votre niveau de langue est sup\u00e9\u00adrieur \u00e0 A2, vous pou\u00advez vous ins\u00adcrire \u00e0 notre cours d\u2019allemand. Groupe&nbsp;lire plus","_links":{"self":[{"href":"https:\/\/www.anika-net.de\/fr\/wp-json\/wp\/v2\/event\/59265","targetHints":{"allow":["GET"]}}],"collection":[{"href":"https:\/\/www.anika-net.de\/fr\/wp-json\/wp\/v2\/event"}],"about":[{"href":"https:\/\/www.anika-net.de\/fr\/wp-json\/wp\/v2\/types\/event"}],"author":[{"embeddable":true,"href":"https:\/\/www.anika-net.de\/fr\/wp-json\/wp\/v2\/users\/12"}],"version-history":[{"count":0,"href":"https:\/\/www.anika-net.de\/fr\/wp-json\/wp\/v2\/event\/59265\/revisions"}],"acf:post":[{"embeddable":true,"href":"https:\/\/www.anika-net.de\/fr\/wp-json\/wp\/v2\/organiser\/59239"}],"acf:term":[{"embeddable":true,"taxonomy":"event_category","href":"https:\/\/www.anika-net.de\/fr\/wp-json\/wp\/v2\/event_category\/49"}],"wp:featuredmedia":[{"embeddable":true,"href":"https:\/\/www.anika-net.de\/fr\/wp-json\/wp\/v2\/media\/59245"}],"wp:attachment":[{"href":"https:\/\/www.anika-net.de\/fr\/wp-json\/wp\/v2\/media?parent=59265"}],"curies":[{"name":"wp","href":"https:\/\/api.w.org\/{rel}","templated":true}]}}

<h1><span style="color: #ffcc00;">Cours d’al­le­mand par AStA&nbsp;2025</span></h1>
<div><strong>Vous sou­hai­tez vous ins­crire à l’u­ni­ver­si­té en Allemagne&nbsp;?</strong><br>
Si votre niveau de langue est supé­rieur à A2, vous pou­vez vous ins­crire à notre cours d’allemand.</div>
<div></div>
<div><strong>Groupe cible&nbsp;:</strong> Nos cours s’a­dressent aux étu­diants ins­crits et aux non-étu­diants qui sou­haitent étu­dier en Alle­magne à un stade ultérieur.</div>
<h3><strong><a href="https://www.asta-kit.de/de/angebote/deutschkurs/aktuelle-kurse" rel="noopener">Dates et prix des&nbsp;cours</a></strong></h3>
<p>📆 <span style="color: #808080;"><strong> Date du cours&nbsp;:</strong></span> <strong>05.05.2025</strong> <strong>jus­qu’au début du mois d’août</strong> </p>
<p><span style="color: #666699;"><strong>Test d’é­va­lua­tion&nbsp;: 29.04.2025 (écrit)</strong></span></p>
<p>📆<span style="color: #808080;"><strong> Date du cours&nbsp;: </strong></span><strong>16.09.2025 jus­qu’à la mi-décembre</strong><br>
<span style="color: #666699;"><strong>Test de niveau&nbsp;:</strong></span> 10.09.2025 (écrit)</p>
<p><a href="https://www.asta-kit.de/de/angebote/deutschkurs/anmeldung" rel="noopener"><strong>Appli­ca­tion</strong></a></p>
<div>
<h3><span style="color: #008080;"><strong>Sys­tème de&nbsp;cours</strong></span></h3>
<p>Les étu­diants étran­gers doivent four­nir la preuve d’un diplôme d’en­trée à l’u­ni­ver­si­té pour pou­voir com­men­cer leurs études en Allemagne.</p>
<p>Après avoir pas­sé avec suc­cès le <strong>test DSH2 ou le test DAF TDN 4</strong>, ils peuvent être inscrits.<br>
<strong>Nous les pré­pa­rons inten­si­ve­ment à cet&nbsp;effet.</strong></p>
<p><span style="color: #666699;"><strong>Les cours durent 12 semaines et com­prennent 240 uni­tés d’en­sei­gne­ment chacune</strong></span></p>
<ul>
<li>Les cours ont lieu du lun­di au vendredi</li>
<li>La durée du cours est de 4 uni­tés d’en­sei­gne­ment par&nbsp;jour.</li>
<li>Nous tra­vaillons avec la gram­maire d’exer­cice publiée par Lie­baug-Dart­mann Verlag</li>
<li>L’en­traî­ne­ment pour la BT, la HT et le voca­bu­laire est pra­ti­qué avec les copies correspondantes.</li>
</ul>
<p><strong><a href="https://www.asta-kit.de/de/angebote/deutschkurs/kursinhalt" rel="noopener">Conte­nu du&nbsp;cours</a></strong></p>
</div>

<p>Cours d’al­le­mand par AStA&nbsp;2025 Vous sou­hai­tez vous ins­crire à l’u­ni­ver­si­té en Alle­magne&nbsp;? Si votre niveau de langue est supé­rieur à A2, vous pou­vez vous ins­crire à notre cours d’allemand. Groupe cible&nbsp;: Nos cours s’a­dressent aux étu­diants ins­crits et aux non-étu­­diants qui sou­haitent étu­dier en Alle­magne à un stade ulté­rieur. Dates et prix des&nbsp;cours 📆 Date du cours&nbsp;: 05.05.2025 jus­qu’au début du mois d’août Test d’é­va­lua­tion&nbsp;: 29.04.2025 (écrit) 📆 Date du cours&nbsp;: 16.09.2025 jus­qu’à la mi-décembre Test de niveau&nbsp;: 10.09.2025 (écrit) Appli­ca­tion Sys­tème de&nbsp;cours Les étu­diants étran­gers doivent four­nir la preuve d’un diplôme d’en­trée à l’u­ni­ver­si­té pour pou­voir com­men­cer leurs études…</p>

Cours d’al­le­mand par AStA&nbsp;2025 Vous sou­hai­tez vous ins­crire à l’u­ni­ver­si­té en Allemagne&nbsp;? Si votre niveau de langue est supé­rieur à A2, vous pou­vez vous ins­crire à notre cours d’allemand. Groupe&nbsp;lire plus
