{"id":58374,"date":"2025-02-10T14:57:20","date_gmt":"2025-02-10T13:57:20","guid":{"rendered":"https:\/\/www.anika-net.de\/event\/nous-voulons-cuisiner-des-plats-turcs\/"},"modified":"2026-04-21T12:07:43","modified_gmt":"2026-04-21T10:07:43","slug":"nous-voulons-cuisiner-des-plats-turcs","status":"publish","type":"event","link":"https:\/\/www.anika-net.de\/fr\/event\/nous-voulons-cuisiner-des-plats-turcs\/","title":{"rendered":"Cui\u00adsi\u00adnons ensemble des plats s\u00e9n\u00e9galais&nbsp;!"},"content":{"rendered":"<h2><span style=\"color: #333399;\">Nous vou\u00adlons cui\u00adsi\u00adner des plats s\u00e9n\u00e9galais&nbsp;!<\/span><\/h2>\n<p>\u00c0 <strong><em>\u00dcber den Tel\u00adler\u00adrand<\/em><\/strong>nous cr\u00e9ons des espaces qui per\u00admettent des ren\u00adcontres et des \u00e9changes \u00e0 hau\u00adteur d\u2019yeux et favo\u00adrisent les ami\u00adti\u00e9s entre per\u00adsonnes d\u2019ho\u00adri\u00adzons diff\u00e9rents.<\/p>\n<p><strong>Cette fois-ci, nous vou\u00adlons cui\u00adsi\u00adner des plats s\u00e9n\u00e9\u00adga\u00adlais&nbsp;!<br>C\u2019est gra\u00adtuit, et tout ce que vous devez appor\u00adter, c\u2019est un esprit ouvert, de la bonne humeur et de l\u2019app\u00e9tit&nbsp;\ud83d\ude42&nbsp;.&nbsp;<br><\/strong><\/p>\n<p>Nous nous ser\u00advons de la cui\u00adsine et des repas comme d\u2019une porte ouverte pour apprendre \u00e0 nous conna\u00eetre.<br>Nous pen\u00adsons que la bonne nour\u00adri\u00adture&nbsp;unit&nbsp;!<\/p>\n\n<p><strong>Veuillez vous ins\u00adcrire jus\u00adqu\u2019au 13 mai, afin que nous ayons suf\u00adfi\u00adsam\u00adment de nour\u00adri\u00adture pour tout le monde&nbsp;!<br><\/strong>Vous pou\u00advez vous ins\u00adcrire par cour\u00adriel ou en rejoi\u00adgnant le groupe What\u00adsApp via ce <strong><a href=\"https:\/\/chat.whatsapp.com\/HiPVlze51ATHYVUaeA2NCY?mode=gi_t\" rel=\"noopener\">lien<\/a><\/strong><br><br>Tout le monde est cor\u00addia\u00adle\u00adment invit\u00e9.<\/p>\n\n<p><strong>Impor\u00adtant&nbsp;: <\/strong>veuillez arri\u00adver \u00e0 l\u2019heure et res\u00adter jus\u00adqu\u2019\u00e0 la fin si pos\u00adsible&nbsp;! Nous vou\u00adlons com\u00admen\u00adcer ensemble, cui\u00adsi\u00adner ensemble, man\u00adger ensemble et net\u00adtoyer ensemble&nbsp;!&nbsp;<\/p>\n\n<h3 class=\"wp-block-heading\">Nous sommes impa\u00adtients de vous&nbsp;voir&nbsp;!<\/h3>\n\n<p><\/p>\n","protected":false},"author":12,"featured_media":121103,"template":"","class_list":["post-58374","event","type-event","status-publish","has-post-thumbnail","hentry","event_category-loisirs"],"acf":{"event-recurring":false,"event-category":50,"event-is-language-course":false,"event-recurring-still-active":true,"event-display-details":true,"event-schedules-recurring":null,"event-schedules-calendar":[{"event-calendar-day":"20260516","event-calendar-time":"15:00","event-calendar-time-text":""}],"event-is-online":false,"event-online-url":"","event-location-building":"Gemeindezentrum der Evangelischen Gemeinde","event-location-street":"Diakonissenstr. 26","event-location-zip":"76199","event-location-city":"Karlsruhe-R\u00fcppurr","event-location-contact-person":"\u00dcber den Tellerrand Karlsruhe","event-location-phone":"","event-location-phone-2":"","event-location-mail":"karlsruhe@ueberdentellerrand.org","event-location-mail-2":"","event-location-website":"https:\/\/ueberdentellerrand.org\/satelliten\/karlsruhe\/","event-target-group":[{"target-group":"all"}],"event-target-group-comment":"","event-free":true,"event-organiser":[11304],"event-header-copyright-overlay":true,"event-copyright-note-description-end":false},"featured_image_urls_v2":{"full":["https:\/\/www.anika-net.de\/wp-content\/uploads\/2025\/02\/senegalese-food-scaled-e1776730210482.jpg",2462,1323,false],"thumbnail":["https:\/\/www.anika-net.de\/wp-content\/uploads\/2025\/02\/senegalese-food-scaled-e1776730210482-150x150.jpg",150,150,true],"medium":["https:\/\/www.anika-net.de\/wp-content\/uploads\/2025\/02\/senegalese-food-scaled-e1776730210482-300x161.jpg",300,161,true],"medium_large":["https:\/\/www.anika-net.de\/wp-content\/uploads\/2025\/02\/senegalese-food-scaled-e1776730210482-768x413.jpg",640,344,true],"large":["https:\/\/www.anika-net.de\/wp-content\/uploads\/2025\/02\/senegalese-food-scaled-e1776730210482-1024x550.jpg",640,344,true],"1536x1536":["https:\/\/www.anika-net.de\/wp-content\/uploads\/2025\/02\/senegalese-food-scaled-e1776730210482-1536x825.jpg",1536,825,true],"2048x2048":["https:\/\/www.anika-net.de\/wp-content\/uploads\/2025\/02\/senegalese-food-scaled-e1776730210482-2048x1101.jpg",2048,1101,true],"event-overview":["https:\/\/www.anika-net.de\/wp-content\/uploads\/2025\/02\/senegalese-food-scaled-e1776730210482-960x640.jpg",960,640,true],"event-archive-thumb":["https:\/\/www.anika-net.de\/wp-content\/uploads\/2025\/02\/senegalese-food-scaled-e1776730210482-480x258.jpg",480,258,true],"grid-item-thumbnail":["https:\/\/www.anika-net.de\/wp-content\/uploads\/2025\/02\/senegalese-food-scaled-e1776730210482-360x200.jpg",360,200,true],"network-partner-icon":["https:\/\/www.anika-net.de\/wp-content\/uploads\/2025\/02\/senegalese-food-scaled-e1776730210482-100x100.jpg",100,100,true],"organiser-icon":["https:\/\/www.anika-net.de\/wp-content\/uploads\/2025\/02\/senegalese-food-scaled-e1776730210482-200x200.jpg",200,200,true],"gform-image-choice-sm":["https:\/\/www.anika-net.de\/wp-content\/uploads\/2025\/02\/senegalese-food-scaled-e1776730210482-300x300.jpg",300,300,true],"gform-image-choice-md":["https:\/\/www.anika-net.de\/wp-content\/uploads\/2025\/02\/senegalese-food-scaled-e1776730210482-400x400.jpg",400,400,true],"gform-image-choice-lg":["https:\/\/www.anika-net.de\/wp-content\/uploads\/2025\/02\/senegalese-food-scaled-e1776730210482-600x600.jpg",600,600,true]},"post_excerpt_stackable_v2":"<p>Nous vou\u00adlons cui\u00adsi\u00adner des plats s\u00e9n\u00e9\u00adga\u00adlais&nbsp;! \u00c0 \u00dcber den Tel\u00adler\u00adrandnous cr\u00e9ons des espaces qui per\u00admettent des ren\u00adcontres et des \u00e9changes \u00e0 hau\u00adteur d\u2019yeux et favo\u00adrisent les ami\u00adti\u00e9s entre per\u00adsonnes d\u2019ho\u00adri\u00adzons dif\u00adf\u00e9\u00adrents. Cette fois-ci, nous vou\u00adlons cui\u00adsi\u00adner des plats s\u00e9n\u00e9\u00adga\u00adlais&nbsp;!C\u2019est gra\u00adtuit, et tout ce que vous devez appor\u00adter, c\u2019est un esprit ouvert, de la bonne humeur et de l\u2019app\u00e9tit&nbsp;\ud83d\ude42&nbsp;.&nbsp; Nous nous ser\u00advons de la cui\u00adsine et des repas comme d\u2019une porte ouverte pour apprendre \u00e0 nous conna\u00eetre.Nous pen\u00adsons que la bonne nour\u00adri\u00adture&nbsp;unit&nbsp;! Veuillez vous ins\u00adcrire jus\u00adqu\u2019au 13 mai, afin que nous ayons suf\u00adfi\u00adsam\u00adment de nour\u00adri\u00adture pour tout le monde&nbsp;!Vous pou\u00advez&nbsp;vous\u2026<\/p>\n","category_list_v2":"","author_info_v2":{"name":"Andrea Ramirez","url":"https:\/\/www.anika-net.de\/fr\/author\/andrea-ramirez\/"},"comments_num_v2":"0 commentaire","uagb_featured_image_src":{"full":["https:\/\/www.anika-net.de\/wp-content\/uploads\/2025\/02\/senegalese-food-scaled-e1776730210482.jpg",2462,1323,false],"thumbnail":["https:\/\/www.anika-net.de\/wp-content\/uploads\/2025\/02\/senegalese-food-scaled-e1776730210482-150x150.jpg",150,150,true],"medium":["https:\/\/www.anika-net.de\/wp-content\/uploads\/2025\/02\/senegalese-food-scaled-e1776730210482-300x161.jpg",300,161,true],"medium_large":["https:\/\/www.anika-net.de\/wp-content\/uploads\/2025\/02\/senegalese-food-scaled-e1776730210482-768x413.jpg",640,344,true],"large":["https:\/\/www.anika-net.de\/wp-content\/uploads\/2025\/02\/senegalese-food-scaled-e1776730210482-1024x550.jpg",640,344,true],"1536x1536":["https:\/\/www.anika-net.de\/wp-content\/uploads\/2025\/02\/senegalese-food-scaled-e1776730210482-1536x825.jpg",1536,825,true],"2048x2048":["https:\/\/www.anika-net.de\/wp-content\/uploads\/2025\/02\/senegalese-food-scaled-e1776730210482-2048x1101.jpg",2048,1101,true],"event-overview":["https:\/\/www.anika-net.de\/wp-content\/uploads\/2025\/02\/senegalese-food-scaled-e1776730210482-960x640.jpg",960,640,true],"event-archive-thumb":["https:\/\/www.anika-net.de\/wp-content\/uploads\/2025\/02\/senegalese-food-scaled-e1776730210482-480x258.jpg",480,258,true],"grid-item-thumbnail":["https:\/\/www.anika-net.de\/wp-content\/uploads\/2025\/02\/senegalese-food-scaled-e1776730210482-360x200.jpg",360,200,true],"network-partner-icon":["https:\/\/www.anika-net.de\/wp-content\/uploads\/2025\/02\/senegalese-food-scaled-e1776730210482-100x100.jpg",100,100,true],"organiser-icon":["https:\/\/www.anika-net.de\/wp-content\/uploads\/2025\/02\/senegalese-food-scaled-e1776730210482-200x200.jpg",200,200,true],"gform-image-choice-sm":["https:\/\/www.anika-net.de\/wp-content\/uploads\/2025\/02\/senegalese-food-scaled-e1776730210482-300x300.jpg",300,300,true],"gform-image-choice-md":["https:\/\/www.anika-net.de\/wp-content\/uploads\/2025\/02\/senegalese-food-scaled-e1776730210482-400x400.jpg",400,400,true],"gform-image-choice-lg":["https:\/\/www.anika-net.de\/wp-content\/uploads\/2025\/02\/senegalese-food-scaled-e1776730210482-600x600.jpg",600,600,true]},"uagb_author_info":{"display_name":"Andrea Ramirez","author_link":"https:\/\/www.anika-net.de\/fr\/author\/andrea-ramirez\/"},"uagb_comment_info":0,"uagb_excerpt":"Nous vou\u00adlons cui\u00adsi\u00adner des plats s\u00e9n\u00e9galais&nbsp;! \u00c0 \u00dcber den Tel\u00adler\u00adrandnous cr\u00e9ons des espaces qui per\u00admettent des ren\u00adcontres et des \u00e9changes \u00e0 hau\u00adteur d\u2019yeux et favo\u00adrisent les ami\u00adti\u00e9s entre per\u00adsonnes d\u2019ho\u00adri\u00adzons&nbsp;lire plus","_links":{"self":[{"href":"https:\/\/www.anika-net.de\/fr\/wp-json\/wp\/v2\/event\/58374","targetHints":{"allow":["GET"]}}],"collection":[{"href":"https:\/\/www.anika-net.de\/fr\/wp-json\/wp\/v2\/event"}],"about":[{"href":"https:\/\/www.anika-net.de\/fr\/wp-json\/wp\/v2\/types\/event"}],"author":[{"embeddable":true,"href":"https:\/\/www.anika-net.de\/fr\/wp-json\/wp\/v2\/users\/12"}],"version-history":[{"count":4,"href":"https:\/\/www.anika-net.de\/fr\/wp-json\/wp\/v2\/event\/58374\/revisions"}],"predecessor-version":[{"id":121290,"href":"https:\/\/www.anika-net.de\/fr\/wp-json\/wp\/v2\/event\/58374\/revisions\/121290"}],"acf:post":[{"embeddable":true,"href":"https:\/\/www.anika-net.de\/fr\/wp-json\/wp\/v2\/organiser\/11304"}],"acf:term":[{"embeddable":true,"taxonomy":"event_category","href":"https:\/\/www.anika-net.de\/fr\/wp-json\/wp\/v2\/event_category\/50"}],"wp:featuredmedia":[{"embeddable":true,"href":"https:\/\/www.anika-net.de\/fr\/wp-json\/wp\/v2\/media\/121103"}],"wp:attachment":[{"href":"https:\/\/www.anika-net.de\/fr\/wp-json\/wp\/v2\/media?parent=58374"}],"curies":[{"name":"wp","href":"https:\/\/api.w.org\/{rel}","templated":true}]}}

Cui­si­nons ensemble des plats sénégalais&nbsp;!

<h2><span style="color: #333399;">Nous vou­lons cui­si­ner des plats sénégalais&nbsp;!</span></h2>
<p>À <strong><em>Über den Tel­ler­rand</em></strong>nous créons des espaces qui per­mettent des ren­contres et des échanges à hau­teur d’yeux et favo­risent les ami­tiés entre per­sonnes d’ho­ri­zons différents.</p>
<p><strong>Cette fois-ci, nous vou­lons cui­si­ner des plats séné­ga­lais&nbsp;!<br>C’est gra­tuit, et tout ce que vous devez appor­ter, c’est un esprit ouvert, de la bonne humeur et de l’appétit&nbsp;🙂&nbsp;.&nbsp;<br></strong></p>
<p>Nous nous ser­vons de la cui­sine et des repas comme d’une porte ouverte pour apprendre à nous connaître.<br>Nous pen­sons que la bonne nour­ri­ture&nbsp;unit&nbsp;!</p>

<p><strong>Veuillez vous ins­crire jus­qu’au 13 mai, afin que nous ayons suf­fi­sam­ment de nour­ri­ture pour tout le monde&nbsp;!<br></strong>Vous pou­vez vous ins­crire par cour­riel ou en rejoi­gnant le groupe What­sApp via ce <strong><a href="https://chat.whatsapp.com/HiPVlze51ATHYVUaeA2NCY?mode=gi_t" rel="noopener">lien</a></strong><br><br>Tout le monde est cor­dia­le­ment invité.</p>

<p><strong>Impor­tant&nbsp;: </strong>veuillez arri­ver à l’heure et res­ter jus­qu’à la fin si pos­sible&nbsp;! Nous vou­lons com­men­cer ensemble, cui­si­ner ensemble, man­ger ensemble et net­toyer ensemble&nbsp;!&nbsp;</p>

<h3 class="wp-block-heading">Nous sommes impa­tients de vous&nbsp;voir&nbsp;!</h3>

<p></p>

Karlsruhe-Rüppurr

Über den Tellerrand Karlsruhe

<p>Nous vou­lons cui­si­ner des plats séné­ga­lais&nbsp;! À Über den Tel­ler­randnous créons des espaces qui per­mettent des ren­contres et des échanges à hau­teur d’yeux et favo­risent les ami­tiés entre per­sonnes d’ho­ri­zons dif­fé­rents. Cette fois-ci, nous vou­lons cui­si­ner des plats séné­ga­lais&nbsp;!C’est gra­tuit, et tout ce que vous devez appor­ter, c’est un esprit ouvert, de la bonne humeur et de l’appétit&nbsp;🙂&nbsp;.&nbsp; Nous nous ser­vons de la cui­sine et des repas comme d’une porte ouverte pour apprendre à nous connaître.Nous pen­sons que la bonne nour­ri­ture&nbsp;unit&nbsp;! Veuillez vous ins­crire jus­qu’au 13 mai, afin que nous ayons suf­fi­sam­ment de nour­ri­ture pour tout le monde&nbsp;!Vous pou­vez&nbsp;vous…</p>

Nous vou­lons cui­si­ner des plats sénégalais&nbsp;! À Über den Tel­ler­randnous créons des espaces qui per­mettent des ren­contres et des échanges à hau­teur d’yeux et favo­risent les ami­tiés entre per­sonnes d’ho­ri­zons&nbsp;lire plus
