{"id":49120,"date":"2024-05-14T11:15:43","date_gmt":"2024-05-14T09:15:43","guid":{"rendered":"https:\/\/www.anika-net.de\/event\/cours-dallemand-dete-pour-adolescents-et-jeunes-adultes\/"},"modified":"2025-05-12T10:32:41","modified_gmt":"2025-05-12T08:32:41","slug":"cours-dallemand-dete-pour-adolescents-et-jeunes-adultes","status":"publish","type":"event","link":"https:\/\/www.anika-net.de\/fr\/event\/cours-dallemand-dete-pour-adolescents-et-jeunes-adultes\/","title":{"rendered":"Cours d\u2019al\u00adle\u00admand d\u2019\u00e9\u00adt\u00e9 pour ado\u00adles\u00adcents et jeunes adultes"},"content":{"rendered":"<h3><em><span style=\"color: #008080;\">Pour les ado\u00adles\u00adcents et les jeunes adultes<\/span><\/em><\/h3>\n<h2>Cours d\u2019al\u00adle\u00admand d\u2019\u00e9\u00adt\u00e9 avec exa\u00admens finaux cer\u00adti\u00adfi\u00e9s B1 ou&nbsp;plus<br>\n \u2013 <span style=\"color: #ffcc00;\">c\u2019est abso\u00adlu\u00adment incroyable&nbsp;!<\/span><\/h2>\n<h3><span style=\"color: #008080;\">\ud83d\udc49\ud83c\udffd <span style=\"color: #800080;\">Ins\u00adcrip\u00adtion et consul\u00adta\u00adtion au plus tard le 30 juin&nbsp;2025<\/span><br>\n<\/span><\/h3>\n<p><strong>Qui peut participer&nbsp;?<\/strong><br>\nAdo\u00adles\u00adcents et jeunes adultes (\u00e0 par\u00adtir de 15 ans) ayant une bonne connais\u00adsance de l\u2019al\u00adle\u00admand au niveau A2 ou sup\u00e9rieur.<\/p>\n<p><strong>Dur\u00e9e du&nbsp;cours<\/strong><br>\n150 uni\u00adt\u00e9s d\u2019en\u00adsei\u00adgne\u00adment pen\u00addant les vacances d\u2019\u00e9t\u00e9.<\/p>\n<p><strong>Dates des&nbsp;cours<\/strong><br>\n<span style=\"color: #800080;\"><strong>Du 14 juillet au 22 ao\u00fbt&nbsp;2025<\/strong><\/span><br>\nHoraires des cours en fonc\u00adtion de l\u2019emploi du&nbsp;temps<br>\nDu lun\u00addi au ven\u00addre\u00addi de 8h30 \u00e0 12h45 ou de 13h \u00e0&nbsp;17h15<\/p>\n<p><strong>Frais de&nbsp;cours<\/strong><br>\n<strong><span style=\"color: #666699;\">Gra\u00adtuit.<\/span><\/strong>  Assi\u00addui\u00adt\u00e9 requise<\/p>\n<p><strong>Exa\u00admen<\/strong><br>\nLes dates exactes de l\u2019exa\u00admen seront annon\u00adc\u00e9es pen\u00addant le&nbsp;cours.<\/p>\n<blockquote><p>Un test de posi\u00adtion\u00adne\u00adment sera effec\u00adtu\u00e9. Vous serez ensuite pla\u00adc\u00e9 dans un&nbsp;cours&nbsp;<\/p><\/blockquote>\n<p>\ud83d\udcce <a href=\"https:\/\/www.anika-net.de\/wp-content\/uploads\/2025\/05\/2025-Infoblatt-Sommerkurse_Uebergang-Schule-Beruf.pdf\"><strong>Flyer<\/strong> <\/a> <\/p>\n","protected":false},"author":12,"featured_media":49103,"template":"","class_list":["post-49120","event","type-event","status-publish","has-post-thumbnail","hentry","event_category-education"],"acf":{"event-recurring":false,"event-category":49,"event-is-language-course":true,"event-recurring-still-active":true,"event-display-details":true,"event-schedules-recurring":null,"event-schedules-calendar":[{"event-calendar-day":"20250714","event-calendar-time":"","event-calendar-time-text":"bis"},{"event-calendar-day":"20250822","event-calendar-time":"","event-calendar-time-text":""}],"event-is-online":false,"event-online-url":"","event-location-building":"Internationaler Bund Karlsruhe","event-location-street":"Scheffelstra\u00dfe 13, 2. OG, Zimmer 1207","event-location-zip":"76135","event-location-city":"Karlsruhe","event-location-contact-person":"Tea Shamatava - (Availability from 1 pm)","event-location-phone":"0721\/ 850 19 65","event-location-phone-2":"0151\/ 539 416 73","event-location-mail":"tea.shamatava@ib.de","event-location-mail-2":"","event-location-website":"","event-target-group":[{"target-group":"teens"},{"target-group":"adults"}],"event-target-group-comment":"","event-free":true,"event-organiser":[11456,11201,54167],"event-header-copyright-overlay":true,"event-copyright-note-description-end":false},"featured_image_urls_v2":{"full":["https:\/\/www.anika-net.de\/wp-content\/uploads\/2024\/05\/Sommerkurse.png",942,543,false],"thumbnail":["https:\/\/www.anika-net.de\/wp-content\/uploads\/2024\/05\/Sommerkurse-150x150.png",150,150,true],"medium":["https:\/\/www.anika-net.de\/wp-content\/uploads\/2024\/05\/Sommerkurse-300x173.png",300,173,true],"medium_large":["https:\/\/www.anika-net.de\/wp-content\/uploads\/2024\/05\/Sommerkurse-768x443.png",640,369,true],"large":["https:\/\/www.anika-net.de\/wp-content\/uploads\/2024\/05\/Sommerkurse.png",640,369,false],"1536x1536":["https:\/\/www.anika-net.de\/wp-content\/uploads\/2024\/05\/Sommerkurse.png",942,543,false],"2048x2048":["https:\/\/www.anika-net.de\/wp-content\/uploads\/2024\/05\/Sommerkurse.png",942,543,false],"event-overview":["https:\/\/www.anika-net.de\/wp-content\/uploads\/2024\/05\/Sommerkurse.png",942,543,false],"event-archive-thumb":["https:\/\/www.anika-net.de\/wp-content\/uploads\/2024\/05\/Sommerkurse-480x277.png",480,277,true],"grid-item-thumbnail":["https:\/\/www.anika-net.de\/wp-content\/uploads\/2024\/05\/Sommerkurse-360x200.png",360,200,true],"network-partner-icon":["https:\/\/www.anika-net.de\/wp-content\/uploads\/2024\/05\/Sommerkurse-100x100.png",100,100,true],"organiser-icon":["https:\/\/www.anika-net.de\/wp-content\/uploads\/2024\/05\/Sommerkurse-200x200.png",200,200,true],"gform-image-choice-sm":["https:\/\/www.anika-net.de\/wp-content\/uploads\/2024\/05\/Sommerkurse.png",300,173,false],"gform-image-choice-md":["https:\/\/www.anika-net.de\/wp-content\/uploads\/2024\/05\/Sommerkurse.png",400,231,false],"gform-image-choice-lg":["https:\/\/www.anika-net.de\/wp-content\/uploads\/2024\/05\/Sommerkurse.png",600,346,false]},"post_excerpt_stackable_v2":"<p>Pour les ado\u00adles\u00adcents et les jeunes adultes Cours d\u2019al\u00adle\u00admand d\u2019\u00e9\u00adt\u00e9 avec exa\u00admens finaux cer\u00adti\u00adfi\u00e9s B1 ou&nbsp;plus \u2013 c\u2019est abso\u00adlu\u00adment incroyable&nbsp;! \ud83d\udc49\ud83c\udffd Ins\u00adcrip\u00adtion et consul\u00adta\u00adtion au plus tard le 30 juin&nbsp;2025 Qui peut par\u00adti\u00adci\u00adper&nbsp;? Ado\u00adles\u00adcents et jeunes adultes (\u00e0 par\u00adtir de 15 ans) ayant une bonne connais\u00adsance de l\u2019al\u00adle\u00admand au niveau A2 ou sup\u00e9\u00adrieur. Dur\u00e9e du&nbsp;cours 150 uni\u00adt\u00e9s d\u2019en\u00adsei\u00adgne\u00adment pen\u00addant les vacances d\u2019\u00e9t\u00e9. Dates des&nbsp;cours Du 14 juillet au 22 ao\u00fbt&nbsp;2025 Horaires des cours en fonc\u00adtion de l\u2019emploi du&nbsp;temps Du lun\u00addi au ven\u00addre\u00addi de 8h30 \u00e0 12h45 ou de 13h \u00e0&nbsp;17h15 Frais de&nbsp;cours Gra\u00adtuit. Assi\u00addui\u00adt\u00e9 requise Exa\u00admen Les dates exactes de\u2026<\/p>\n","category_list_v2":"","author_info_v2":{"name":"Andrea Ramirez","url":"https:\/\/www.anika-net.de\/fr\/author\/andrea-ramirez\/"},"comments_num_v2":"0 commentaire","uagb_featured_image_src":{"full":["https:\/\/www.anika-net.de\/wp-content\/uploads\/2024\/05\/Sommerkurse.png",942,543,false],"thumbnail":["https:\/\/www.anika-net.de\/wp-content\/uploads\/2024\/05\/Sommerkurse-150x150.png",150,150,true],"medium":["https:\/\/www.anika-net.de\/wp-content\/uploads\/2024\/05\/Sommerkurse-300x173.png",300,173,true],"medium_large":["https:\/\/www.anika-net.de\/wp-content\/uploads\/2024\/05\/Sommerkurse-768x443.png",640,369,true],"large":["https:\/\/www.anika-net.de\/wp-content\/uploads\/2024\/05\/Sommerkurse.png",640,369,false],"1536x1536":["https:\/\/www.anika-net.de\/wp-content\/uploads\/2024\/05\/Sommerkurse.png",942,543,false],"2048x2048":["https:\/\/www.anika-net.de\/wp-content\/uploads\/2024\/05\/Sommerkurse.png",942,543,false],"event-overview":["https:\/\/www.anika-net.de\/wp-content\/uploads\/2024\/05\/Sommerkurse.png",942,543,false],"event-archive-thumb":["https:\/\/www.anika-net.de\/wp-content\/uploads\/2024\/05\/Sommerkurse-480x277.png",480,277,true],"grid-item-thumbnail":["https:\/\/www.anika-net.de\/wp-content\/uploads\/2024\/05\/Sommerkurse-360x200.png",360,200,true],"network-partner-icon":["https:\/\/www.anika-net.de\/wp-content\/uploads\/2024\/05\/Sommerkurse-100x100.png",100,100,true],"organiser-icon":["https:\/\/www.anika-net.de\/wp-content\/uploads\/2024\/05\/Sommerkurse-200x200.png",200,200,true],"gform-image-choice-sm":["https:\/\/www.anika-net.de\/wp-content\/uploads\/2024\/05\/Sommerkurse.png",300,173,false],"gform-image-choice-md":["https:\/\/www.anika-net.de\/wp-content\/uploads\/2024\/05\/Sommerkurse.png",400,231,false],"gform-image-choice-lg":["https:\/\/www.anika-net.de\/wp-content\/uploads\/2024\/05\/Sommerkurse.png",600,346,false]},"uagb_author_info":{"display_name":"Andrea Ramirez","author_link":"https:\/\/www.anika-net.de\/fr\/author\/andrea-ramirez\/"},"uagb_comment_info":0,"uagb_excerpt":"Pour les ado\u00adles\u00adcents et les jeunes adultes Cours d\u2019al\u00adle\u00admand d\u2019\u00e9\u00adt\u00e9 avec exa\u00admens finaux cer\u00adti\u00adfi\u00e9s B1 ou&nbsp;plus \u2013 c\u2019est abso\u00adlu\u00adment incroyable&nbsp;! \ud83d\udc49\ud83c\udffd Ins\u00adcrip\u00adtion et consul\u00adta\u00adtion au plus tard le 30 juin&nbsp;2025&nbsp;lire plus","_links":{"self":[{"href":"https:\/\/www.anika-net.de\/fr\/wp-json\/wp\/v2\/event\/49120","targetHints":{"allow":["GET"]}}],"collection":[{"href":"https:\/\/www.anika-net.de\/fr\/wp-json\/wp\/v2\/event"}],"about":[{"href":"https:\/\/www.anika-net.de\/fr\/wp-json\/wp\/v2\/types\/event"}],"author":[{"embeddable":true,"href":"https:\/\/www.anika-net.de\/fr\/wp-json\/wp\/v2\/users\/12"}],"version-history":[{"count":1,"href":"https:\/\/www.anika-net.de\/fr\/wp-json\/wp\/v2\/event\/49120\/revisions"}],"predecessor-version":[{"id":61000,"href":"https:\/\/www.anika-net.de\/fr\/wp-json\/wp\/v2\/event\/49120\/revisions\/61000"}],"acf:post":[{"embeddable":true,"href":"https:\/\/www.anika-net.de\/fr\/wp-json\/wp\/v2\/organiser\/54167"},{"embeddable":true,"href":"https:\/\/www.anika-net.de\/fr\/wp-json\/wp\/v2\/organiser\/11201"},{"embeddable":true,"href":"https:\/\/www.anika-net.de\/fr\/wp-json\/wp\/v2\/organiser\/11456"}],"acf:term":[{"embeddable":true,"taxonomy":"event_category","href":"https:\/\/www.anika-net.de\/fr\/wp-json\/wp\/v2\/event_category\/49"}],"wp:featuredmedia":[{"embeddable":true,"href":"https:\/\/www.anika-net.de\/fr\/wp-json\/wp\/v2\/media\/49103"}],"wp:attachment":[{"href":"https:\/\/www.anika-net.de\/fr\/wp-json\/wp\/v2\/media?parent=49120"}],"curies":[{"name":"wp","href":"https:\/\/api.w.org\/{rel}","templated":true}]}}

Cours d’al­le­mand d’é­té pour ado­les­cents et jeunes adultes

<h3><em><span style="color: #008080;">Pour les ado­les­cents et les jeunes adultes</span></em></h3>
<h2>Cours d’al­le­mand d’é­té avec exa­mens finaux cer­ti­fiés B1 ou&nbsp;plus<br>
 – <span style="color: #ffcc00;">c’est abso­lu­ment incroyable&nbsp;!</span></h2>
<h3><span style="color: #008080;">👉🏽 <span style="color: #800080;">Ins­crip­tion et consul­ta­tion au plus tard le 30 juin&nbsp;2025</span><br>
</span></h3>
<p><strong>Qui peut participer&nbsp;?</strong><br>
Ado­les­cents et jeunes adultes (à par­tir de 15 ans) ayant une bonne connais­sance de l’al­le­mand au niveau A2 ou supérieur.</p>
<p><strong>Durée du&nbsp;cours</strong><br>
150 uni­tés d’en­sei­gne­ment pen­dant les vacances d’été.</p>
<p><strong>Dates des&nbsp;cours</strong><br>
<span style="color: #800080;"><strong>Du 14 juillet au 22 août&nbsp;2025</strong></span><br>
Horaires des cours en fonc­tion de l’emploi du&nbsp;temps<br>
Du lun­di au ven­dre­di de 8h30 à 12h45 ou de 13h à&nbsp;17h15</p>
<p><strong>Frais de&nbsp;cours</strong><br>
<strong><span style="color: #666699;">Gra­tuit.</span></strong>  Assi­dui­té requise</p>
<p><strong>Exa­men</strong><br>
Les dates exactes de l’exa­men seront annon­cées pen­dant le&nbsp;cours.</p>
<blockquote><p>Un test de posi­tion­ne­ment sera effec­tué. Vous serez ensuite pla­cé dans un&nbsp;cours&nbsp;</p></blockquote>
<p>📎 <a href="https://www.anika-net.de/wp-content/uploads/2025/05/2025-Infoblatt-Sommerkurse_Uebergang-Schule-Beruf.pdf"><strong>Flyer</strong> </a> </p>

Scheffelstraße 13, 2. OG, Zimmer 1207

<p>Pour les ado­les­cents et les jeunes adultes Cours d’al­le­mand d’é­té avec exa­mens finaux cer­ti­fiés B1 ou&nbsp;plus – c’est abso­lu­ment incroyable&nbsp;! 👉🏽 Ins­crip­tion et consul­ta­tion au plus tard le 30 juin&nbsp;2025 Qui peut par­ti­ci­per&nbsp;? Ado­les­cents et jeunes adultes (à par­tir de 15 ans) ayant une bonne connais­sance de l’al­le­mand au niveau A2 ou supé­rieur. Durée du&nbsp;cours 150 uni­tés d’en­sei­gne­ment pen­dant les vacances d’été. Dates des&nbsp;cours Du 14 juillet au 22 août&nbsp;2025 Horaires des cours en fonc­tion de l’emploi du&nbsp;temps Du lun­di au ven­dre­di de 8h30 à 12h45 ou de 13h à&nbsp;17h15 Frais de&nbsp;cours Gra­tuit. Assi­dui­té requise Exa­men Les dates exactes de…</p>

Pour les ado­les­cents et les jeunes adultes Cours d’al­le­mand d’é­té avec exa­mens finaux cer­ti­fiés B1 ou&nbsp;plus – c’est abso­lu­ment incroyable&nbsp;! 👉🏽 Ins­crip­tion et consul­ta­tion au plus tard le 30 juin&nbsp;2025&nbsp;lire plus
