{"id":4599,"date":"2017-05-22T08:51:17","date_gmt":"2017-05-22T06:51:17","guid":{"rendered":"https:\/\/www.anika-net.de\/?post_type=event&#038;p=4599"},"modified":"2025-04-15T13:15:03","modified_gmt":"2025-04-15T11:15:03","slug":"sprechpunkt","status":"publish","type":"event","link":"https:\/\/www.anika-net.de\/fr\/event\/sprechpunkt\/","title":{"rendered":"Sprech\u00adPunkt \u2013 pra\u00adti\u00adquer l\u2019al\u00adle\u00admand ensemble"},"content":{"rendered":"<h3><span style=\"color: #666699;\">Une offre pour par\u00adler alle\u00admand ensemble en petits groupes mod\u00e9r\u00e9s<\/span><\/h3>\n<h1><span style=\"color: #008080;\"><span style=\"color: #ff6600;\">Sprech\u00adPunkt -<\/span> <\/span><span style=\"color: #ff6600;\"><strong>Pra\u00adti\u00adquez l\u2019al\u00adle\u00admand ensemble<\/strong><\/span><\/h1>\n<p>Si vous vou\u00adlez apprendre et pra\u00adti\u00adquer l\u2019al\u00adle\u00admand, nous vous invi\u00adtons cor\u00addia\u00adle\u00adment \u00e0 nos ren\u00addez-vous. Sprech\u00adPunkt est une offre gratuite.&nbsp;<\/p>\n<p>Les groupes sont consti\u00adtu\u00e9s en fonc\u00adtion du niveau de langue.<br>\nLes b\u00e9n\u00e9\u00advoles ger\u00adma\u00adno\u00adphones se r\u00e9jouissent de vous rencontrer&nbsp;!<\/p>\n<p><em><strong>L\u2019ins\u00adcrip\u00adtion n\u2019est pas n\u00e9cessaire&nbsp;!<\/strong><\/em><\/p>\n<hr>\n<p><span style=\"color: #666699;\">Nous orga\u00adni\u00adsons des r\u00e9unions ana\u00adlo\u00adgiques et num\u00e9riques&nbsp;:<\/span><\/p>\n<h2><span style=\"color: #008080;\"><strong><em>LUNDI num\u00e9\u00adrique<\/em><\/strong><\/span><\/h2>\n<p>\ud83d\udcc6 18:30 \u00e0 20:00<\/p>\n<p>Les r\u00e9unions se d\u00e9roulent via <strong>Micro\u00adsoft Teams<\/strong>.<br>\n<strong>Via<\/strong> le lien&nbsp;: https:\/\/teams.live.com\/meet\/9334486701936?p=aoq1s0OJBfFGkmvL0G<br>\nvous pou\u00advez par\u00adti\u00adci\u00adper via un navi\u00adga\u00adteur web ou via l\u2019ap\u00adpli\u00adca\u00adtion&nbsp;Teams.<\/p>\n<h2><span style=\"color: #333399;\"><strong><em>Ana\u00adlo\u00adgique&nbsp;JEUDI<\/em><\/strong><\/span><\/h2>\n<p>\ud83d\udcc6 18:30 \u00e0 20:00<\/p>\n<p>A l\u2019ibz, s\u2019il fait beau dehors<\/p>\n","protected":false},"author":12,"featured_media":11108,"template":"","class_list":["post-4599","event","type-event","status-publish","has-post-thumbnail","hentry","event_category-education"],"acf":{"event-recurring":true,"event-category":49,"event-is-language-course":false,"event-recurring-still-active":true,"event-display-details":true,"event-schedules-recurring":[{"event-recurring-week-day":"0","event-recurring-time":"18:30 - 20:00","event-recurring-time-text":""},{"event-recurring-week-day":"3","event-recurring-time":"18:30 - 20:00","event-recurring-time-text":""}],"event-schedules-calendar":null,"event-is-online":false,"event-online-url":"","event-location-building":"Internationales Begegnungszentrum Karlsruhe e.V. (ibz)","event-location-street":"Kaiserallee 12d","event-location-zip":"76133","event-location-city":"Karlsruhe","event-location-contact-person":"Dr. Gudrun Baumgartner und Maria Dertinger","event-location-phone":"0721 \/ 89 33 37 10","event-location-phone-2":"","event-location-mail":"sprechpunkt@ibz-karlsruhe.org","event-location-mail-2":"","event-location-website":"https:\/\/www.ibz-karlsruhe.de\/ibz-projekte\/sprechpunkt\/","event-target-group":[{"target-group":"all"}],"event-target-group-comment":"","event-free":true,"event-organiser":[11462],"event-header-copyright-overlay":true,"event-copyright-note-description-end":true},"featured_image_urls_v2":{"full":["https:\/\/www.anika-net.de\/wp-content\/uploads\/2021\/10\/20200806_185416-e1776247044533.jpg",1200,800,false],"thumbnail":["https:\/\/www.anika-net.de\/wp-content\/uploads\/2021\/10\/20200806_185416-150x150.jpg",150,150,true],"medium":["https:\/\/www.anika-net.de\/wp-content\/uploads\/2021\/10\/20200806_185416-300x200.jpg",300,200,true],"medium_large":["https:\/\/www.anika-net.de\/wp-content\/uploads\/2021\/10\/20200806_185416-768x512.jpg",640,427,true],"large":["https:\/\/www.anika-net.de\/wp-content\/uploads\/2021\/10\/20200806_185416-1024x683.jpg",640,427,true],"1536x1536":["https:\/\/www.anika-net.de\/wp-content\/uploads\/2021\/10\/20200806_185416-e1776247044533.jpg",1200,800,false],"2048x2048":["https:\/\/www.anika-net.de\/wp-content\/uploads\/2021\/10\/20200806_185416-e1776247044533.jpg",1200,800,false],"event-overview":["https:\/\/www.anika-net.de\/wp-content\/uploads\/2021\/10\/20200806_185416-960x640.jpg",960,640,true],"event-archive-thumb":["https:\/\/www.anika-net.de\/wp-content\/uploads\/2021\/10\/20200806_185416-480x320.jpg",480,320,true],"grid-item-thumbnail":["https:\/\/www.anika-net.de\/wp-content\/uploads\/2021\/10\/20200806_185416-360x200.jpg",360,200,true],"network-partner-icon":["https:\/\/www.anika-net.de\/wp-content\/uploads\/2021\/10\/20200806_185416-100x100.jpg",100,100,true],"organiser-icon":["https:\/\/www.anika-net.de\/wp-content\/uploads\/2021\/10\/20200806_185416-200x200.jpg",200,200,true],"gform-image-choice-sm":["https:\/\/www.anika-net.de\/wp-content\/uploads\/2021\/10\/20200806_185416-e1776247044533.jpg",300,200,false],"gform-image-choice-md":["https:\/\/www.anika-net.de\/wp-content\/uploads\/2021\/10\/20200806_185416-e1776247044533.jpg",400,267,false],"gform-image-choice-lg":["https:\/\/www.anika-net.de\/wp-content\/uploads\/2021\/10\/20200806_185416-e1776247044533.jpg",600,400,false]},"post_excerpt_stackable_v2":"<p>Une offre pour par\u00adler alle\u00admand ensemble en petits groupes mod\u00e9\u00adr\u00e9s Sprech\u00adPunkt \u2013 Pra\u00adti\u00adquez l\u2019al\u00adle\u00admand ensemble Si vous vou\u00adlez apprendre et pra\u00adti\u00adquer l\u2019al\u00adle\u00admand, nous vous invi\u00adtons cor\u00addia\u00adle\u00adment \u00e0 nos ren\u00ad\u00addez-vous. Sprech\u00adPunkt est une offre gra\u00adtuite.&nbsp; Les groupes sont consti\u00adtu\u00e9s en fonc\u00adtion du niveau de langue. Les b\u00e9n\u00e9\u00advoles ger\u00adma\u00adno\u00adphones se r\u00e9jouissent de vous ren\u00adcon\u00adtrer&nbsp;! L\u2019ins\u00adcrip\u00adtion n\u2019est pas n\u00e9ces\u00adsaire&nbsp;! Nous orga\u00adni\u00adsons des r\u00e9unions ana\u00adlo\u00adgiques et num\u00e9\u00adriques&nbsp;: LUNDI num\u00e9\u00adrique \ud83d\udcc6 18:30 \u00e0 20:00 Les r\u00e9unions se d\u00e9roulent via Micro\u00adsoft Teams. Via le lien&nbsp;: https:\/\/teams.live.com\/meet\/9334486701936?p=aoq1s0OJBfFGkmvL0G vous pou\u00advez par\u00adti\u00adci\u00adper via un navi\u00adga\u00adteur web ou via l\u2019ap\u00adpli\u00adca\u00adtion&nbsp;Teams. Ana\u00adlo\u00adgique&nbsp;JEUDI \ud83d\udcc6 18:30 \u00e0 20:00 A l\u2019ibz, s\u2019il fait&nbsp;beau\u2026<\/p>\n","category_list_v2":"","author_info_v2":{"name":"Andrea Ramirez","url":"https:\/\/www.anika-net.de\/fr\/author\/andrea-ramirez\/"},"comments_num_v2":"0 commentaire","uagb_featured_image_src":{"full":["https:\/\/www.anika-net.de\/wp-content\/uploads\/2021\/10\/20200806_185416-e1776247044533.jpg",1200,800,false],"thumbnail":["https:\/\/www.anika-net.de\/wp-content\/uploads\/2021\/10\/20200806_185416-150x150.jpg",150,150,true],"medium":["https:\/\/www.anika-net.de\/wp-content\/uploads\/2021\/10\/20200806_185416-300x200.jpg",300,200,true],"medium_large":["https:\/\/www.anika-net.de\/wp-content\/uploads\/2021\/10\/20200806_185416-768x512.jpg",640,427,true],"large":["https:\/\/www.anika-net.de\/wp-content\/uploads\/2021\/10\/20200806_185416-1024x683.jpg",640,427,true],"1536x1536":["https:\/\/www.anika-net.de\/wp-content\/uploads\/2021\/10\/20200806_185416-e1776247044533.jpg",1200,800,false],"2048x2048":["https:\/\/www.anika-net.de\/wp-content\/uploads\/2021\/10\/20200806_185416-e1776247044533.jpg",1200,800,false],"event-overview":["https:\/\/www.anika-net.de\/wp-content\/uploads\/2021\/10\/20200806_185416-960x640.jpg",960,640,true],"event-archive-thumb":["https:\/\/www.anika-net.de\/wp-content\/uploads\/2021\/10\/20200806_185416-480x320.jpg",480,320,true],"grid-item-thumbnail":["https:\/\/www.anika-net.de\/wp-content\/uploads\/2021\/10\/20200806_185416-360x200.jpg",360,200,true],"network-partner-icon":["https:\/\/www.anika-net.de\/wp-content\/uploads\/2021\/10\/20200806_185416-100x100.jpg",100,100,true],"organiser-icon":["https:\/\/www.anika-net.de\/wp-content\/uploads\/2021\/10\/20200806_185416-200x200.jpg",200,200,true],"gform-image-choice-sm":["https:\/\/www.anika-net.de\/wp-content\/uploads\/2021\/10\/20200806_185416-e1776247044533.jpg",300,200,false],"gform-image-choice-md":["https:\/\/www.anika-net.de\/wp-content\/uploads\/2021\/10\/20200806_185416-e1776247044533.jpg",400,267,false],"gform-image-choice-lg":["https:\/\/www.anika-net.de\/wp-content\/uploads\/2021\/10\/20200806_185416-e1776247044533.jpg",600,400,false]},"uagb_author_info":{"display_name":"Andrea Ramirez","author_link":"https:\/\/www.anika-net.de\/fr\/author\/andrea-ramirez\/"},"uagb_comment_info":0,"uagb_excerpt":"Une offre pour par\u00adler alle\u00admand ensemble en petits groupes mod\u00e9r\u00e9s Sprech\u00adPunkt - Pra\u00adti\u00adquez l\u2019al\u00adle\u00admand ensemble Si vous vou\u00adlez apprendre et pra\u00adti\u00adquer l\u2019al\u00adle\u00admand, nous vous invi\u00adtons cor\u00addia\u00adle\u00adment \u00e0 nos ren\u00addez-vous. Sprech\u00adPunkt&nbsp;lire plus","_links":{"self":[{"href":"https:\/\/www.anika-net.de\/fr\/wp-json\/wp\/v2\/event\/4599","targetHints":{"allow":["GET"]}}],"collection":[{"href":"https:\/\/www.anika-net.de\/fr\/wp-json\/wp\/v2\/event"}],"about":[{"href":"https:\/\/www.anika-net.de\/fr\/wp-json\/wp\/v2\/types\/event"}],"author":[{"embeddable":true,"href":"https:\/\/www.anika-net.de\/fr\/wp-json\/wp\/v2\/users\/12"}],"version-history":[{"count":1,"href":"https:\/\/www.anika-net.de\/fr\/wp-json\/wp\/v2\/event\/4599\/revisions"}],"predecessor-version":[{"id":60528,"href":"https:\/\/www.anika-net.de\/fr\/wp-json\/wp\/v2\/event\/4599\/revisions\/60528"}],"acf:post":[{"embeddable":true,"href":"https:\/\/www.anika-net.de\/fr\/wp-json\/wp\/v2\/organiser\/11462"}],"acf:term":[{"embeddable":true,"taxonomy":"event_category","href":"https:\/\/www.anika-net.de\/fr\/wp-json\/wp\/v2\/event_category\/49"}],"wp:featuredmedia":[{"embeddable":true,"href":"https:\/\/www.anika-net.de\/fr\/wp-json\/wp\/v2\/media\/11108"}],"wp:attachment":[{"href":"https:\/\/www.anika-net.de\/fr\/wp-json\/wp\/v2\/media?parent=4599"}],"curies":[{"name":"wp","href":"https:\/\/api.w.org\/{rel}","templated":true}]}}

<h3><span style="color: #666699;">Une offre pour par­ler alle­mand ensemble en petits groupes modérés</span></h3>
<h1><span style="color: #008080;"><span style="color: #ff6600;">Sprech­Punkt -</span> </span><span style="color: #ff6600;"><strong>Pra­ti­quez l’al­le­mand ensemble</strong></span></h1>
<p>Si vous vou­lez apprendre et pra­ti­quer l’al­le­mand, nous vous invi­tons cor­dia­le­ment à nos ren­dez-vous. Sprech­Punkt est une offre gratuite.&nbsp;</p>
<p>Les groupes sont consti­tués en fonc­tion du niveau de langue.<br>
Les béné­voles ger­ma­no­phones se réjouissent de vous rencontrer&nbsp;!</p>
<p><em><strong>L’ins­crip­tion n’est pas nécessaire&nbsp;!</strong></em></p>
<hr>
<p><span style="color: #666699;">Nous orga­ni­sons des réunions ana­lo­giques et numériques&nbsp;:</span></p>
<h2><span style="color: #008080;"><strong><em>LUNDI numé­rique</em></strong></span></h2>
<p>📆 18:30 à 20:00</p>
<p>Les réunions se déroulent via <strong>Micro­soft Teams</strong>.<br>
<strong>Via</strong> le lien&nbsp;: https://teams.live.com/meet/9334486701936?p=aoq1s0OJBfFGkmvL0G<br>
vous pou­vez par­ti­ci­per via un navi­ga­teur web ou via l’ap­pli­ca­tion&nbsp;Teams.</p>
<h2><span style="color: #333399;"><strong><em>Ana­lo­gique&nbsp;JEUDI</em></strong></span></h2>
<p>📆 18:30 à 20:00</p>
<p>A l’ibz, s’il fait beau dehors</p>

<p>Une offre pour par­ler alle­mand ensemble en petits groupes modé­rés Sprech­Punkt – Pra­ti­quez l’al­le­mand ensemble Si vous vou­lez apprendre et pra­ti­quer l’al­le­mand, nous vous invi­tons cor­dia­le­ment à nos ren­­dez-vous. Sprech­Punkt est une offre gra­tuite.&nbsp; Les groupes sont consti­tués en fonc­tion du niveau de langue. Les béné­voles ger­ma­no­phones se réjouissent de vous ren­con­trer&nbsp;! L’ins­crip­tion n’est pas néces­saire&nbsp;! Nous orga­ni­sons des réunions ana­lo­giques et numé­riques&nbsp;: LUNDI numé­rique 📆 18:30 à 20:00 Les réunions se déroulent via Micro­soft Teams. Via le lien&nbsp;: https://teams.live.com/meet/9334486701936?p=aoq1s0OJBfFGkmvL0G vous pou­vez par­ti­ci­per via un navi­ga­teur web ou via l’ap­pli­ca­tion&nbsp;Teams. Ana­lo­gique&nbsp;JEUDI 📆 18:30 à 20:00 A l’ibz, s’il fait&nbsp;beau…</p>

Une offre pour par­ler alle­mand ensemble en petits groupes modérés Sprech­Punkt - Pra­ti­quez l’al­le­mand ensemble Si vous vou­lez apprendre et pra­ti­quer l’al­le­mand, nous vous invi­tons cor­dia­le­ment à nos ren­dez-vous. Sprech­Punkt&nbsp;lire plus
