{"id":13644,"date":"2022-01-05T19:15:49","date_gmt":"2022-01-05T18:15:49","guid":{"rendered":"https:\/\/www.anika-net.de\/?post_type=event&#038;p=13644"},"modified":"2024-01-24T13:53:38","modified_gmt":"2024-01-24T12:53:38","slug":"petit-dejeuner-des-femmes-femmes-faites-vous-connaitre","status":"publish","type":"event","link":"https:\/\/www.anika-net.de\/fr\/event\/petit-dejeuner-des-femmes-femmes-faites-vous-connaitre\/","title":{"rendered":"Mati\u00adn\u00e9e de femmes pour la Jour\u00adn\u00e9e inter\u00adna\u00adtio\u00adnale de la femme&nbsp;2024"},"content":{"rendered":"<h2><span style=\"color: #800080;\">Mati\u00adn\u00e9e de femmes pour la Jour\u00adn\u00e9e inter\u00adna\u00adtio\u00adnale de la femme&nbsp;2024<\/span><\/h2>\n<blockquote><p><strong>\u00ab&nbsp;Plus que la somme de ses par\u00adties&nbsp;\u00bb est la devise de la mati\u00adn\u00e9e f\u00e9mi\u00adnine de cette&nbsp;ann\u00e9e.<\/strong><\/p><\/blockquote>\n<p>L\u2019\u00e9\u00adga\u00adli\u00adt\u00e9 des droits est ins\u00adcrite dans la consti\u00adtu\u00adtion alle\u00admande depuis 75 ans. Les femmes du monde entier et de Karls\u00adruhe font cam\u00adpagne pour leurs droits depuis plus long\u00adtemps encore. Il a \u00e9t\u00e9 d\u00e9mon\u00adtr\u00e9 \u00e0 maintes reprises qu\u2019en\u00adsemble, nous pou\u00advons accom\u00adplir beau\u00adcoup plus&nbsp;! Cette force sera \u00e9ga\u00adle\u00adment pal\u00adpable lorsque les diverses ini\u00adtia\u00adtives f\u00e9mi\u00adnines de Karls\u00adruhe se pr\u00e9\u00adsen\u00adte\u00adront, ain\u00adsi que leur tra\u00advail et leurs objec\u00adtifs, sur sc\u00e8ne et au mar\u00adch\u00e9 de l\u2019in\u00adfor\u00adma\u00adtion le 10&nbsp;mars.<\/p>\n<p><strong>Le pro\u00adgramme colo\u00adr\u00e9<\/strong> de la Mati\u00adn\u00e9e des femmes 2024 offre beau\u00adcoup de temps pour l\u2019\u00e9\u00adchange, le r\u00e9seau\u00adtage et le plai\u00adsir cultu\u00adrel, en plus des impul\u00adsions don\u00adn\u00e9es par le \u00ab&nbsp;Cat Calls&nbsp;\u00bb de Karlsruhe.<br>\nAtten\u00addez-vous \u00e0 un <strong>d\u00e9fi\u00adl\u00e9 de mode afri\u00adcain<\/strong> et \u00e0 un moment <strong>musi\u00adcal fort avec la cho\u00adrale les\u00adbienne de Karls\u00adruhe \u00ab&nbsp;Die WEI\u00adBra\u00adtions&nbsp;\u00bb<\/strong>.<\/p>\n<p>Nous nous r\u00e9jouis\u00adsons de vous voir, de vous ren\u00adcon\u00adtrer et de dis\u00adcu\u00adter avec vous \u00e0 la table du petit-d\u00e9jeuner.<\/p>\n<p><strong>\ud83d\udc49 Admis\u00adsion&nbsp;10h30<\/strong><\/p>\n<p>\ud83d\udd16  <strong>Les billets sont dis\u00adpo\u00adnibles \u00e0 Tollhaus.<br>\nR\u00e9ser\u00adva\u00adtion \u00e0 l\u2019a\u00advance&nbsp;: : 13,00 \/ r\u00e9duit 8,00 \/ incl. petit-d\u00e9jeuner<br>\n<\/strong>Grande salle \u2013 assis, libre choix des places<strong><\/strong><\/p>\n<p><\/p>\n","protected":false},"author":12,"featured_media":13609,"template":"","class_list":["post-13644","event","type-event","status-publish","has-post-thumbnail","hentry","event_category-loisirs"],"acf":{"event-recurring":false,"event-category":50,"event-is-language-course":false,"event-recurring-still-active":true,"event-display-details":true,"event-schedules-recurring":null,"event-schedules-calendar":[{"event-calendar-day":"20240310","event-calendar-time":"11:00 - 14:00","event-calendar-time-text":""}],"event-is-online":false,"event-online-url":"","event-location-building":"Kulturzentrum TOLLHAUS","event-location-street":"Alter Schlachthof 35","event-location-zip":"76131","event-location-city":"Karlsruhe","event-location-contact-person":"","event-location-phone":"+49 721 964050","event-location-phone-2":"","event-location-mail":"info@tollhaus.de","event-location-mail-2":"","event-location-website":"https:\/\/www.tollhaus.de\/de\/data\/termin\/4188\/frauenmatinee-zum-internationalen-frauentag-2024.html","event-target-group":[{"target-group":"women"}],"event-target-group-comment":"","event-free":false,"event-organiser":[11218,13627,11462,11203],"event-header-copyright-overlay":true,"event-copyright-note-description-end":true},"featured_image_urls_v2":{"full":["https:\/\/www.anika-net.de\/wp-content\/uploads\/2022\/01\/Frauentag-2021.jpg",1200,800,false],"thumbnail":["https:\/\/www.anika-net.de\/wp-content\/uploads\/2022\/01\/Frauentag-2021-150x150.jpg",150,150,true],"medium":["https:\/\/www.anika-net.de\/wp-content\/uploads\/2022\/01\/Frauentag-2021-300x200.jpg",300,200,true],"medium_large":["https:\/\/www.anika-net.de\/wp-content\/uploads\/2022\/01\/Frauentag-2021-768x512.jpg",640,427,true],"large":["https:\/\/www.anika-net.de\/wp-content\/uploads\/2022\/01\/Frauentag-2021-1024x683.jpg",640,427,true],"1536x1536":["https:\/\/www.anika-net.de\/wp-content\/uploads\/2022\/01\/Frauentag-2021.jpg",1200,800,false],"2048x2048":["https:\/\/www.anika-net.de\/wp-content\/uploads\/2022\/01\/Frauentag-2021.jpg",1200,800,false],"event-overview":["https:\/\/www.anika-net.de\/wp-content\/uploads\/2022\/01\/Frauentag-2021-960x640.jpg",960,640,true],"event-archive-thumb":["https:\/\/www.anika-net.de\/wp-content\/uploads\/2022\/01\/Frauentag-2021-480x320.jpg",480,320,true],"grid-item-thumbnail":["https:\/\/www.anika-net.de\/wp-content\/uploads\/2022\/01\/Frauentag-2021-360x200.jpg",360,200,true],"network-partner-icon":["https:\/\/www.anika-net.de\/wp-content\/uploads\/2022\/01\/Frauentag-2021-100x100.jpg",100,100,true],"organiser-icon":["https:\/\/www.anika-net.de\/wp-content\/uploads\/2022\/01\/Frauentag-2021-200x200.jpg",200,200,true],"gform-image-choice-sm":["https:\/\/www.anika-net.de\/wp-content\/uploads\/2022\/01\/Frauentag-2021.jpg",300,200,false],"gform-image-choice-md":["https:\/\/www.anika-net.de\/wp-content\/uploads\/2022\/01\/Frauentag-2021.jpg",400,267,false],"gform-image-choice-lg":["https:\/\/www.anika-net.de\/wp-content\/uploads\/2022\/01\/Frauentag-2021.jpg",600,400,false]},"post_excerpt_stackable_v2":"<p>Mati\u00adn\u00e9e de femmes pour la Jour\u00adn\u00e9e inter\u00adna\u00adtio\u00adnale de la femme&nbsp;2024 \u00ab&nbsp;Plus que la somme de ses par\u00adties&nbsp;\u00bb est la devise de la mati\u00adn\u00e9e f\u00e9mi\u00adnine de cette&nbsp;ann\u00e9e. L\u2019\u00e9\u00adga\u00adli\u00adt\u00e9 des droits est ins\u00adcrite dans la consti\u00adtu\u00adtion alle\u00admande depuis 75 ans. Les femmes du monde entier et de Karls\u00adruhe font cam\u00adpagne pour leurs droits depuis plus long\u00adtemps encore. Il a \u00e9t\u00e9 d\u00e9mon\u00adtr\u00e9 \u00e0 maintes reprises qu\u2019en\u00adsemble, nous pou\u00advons accom\u00adplir beau\u00adcoup plus&nbsp;! Cette force sera \u00e9ga\u00adle\u00adment pal\u00adpable lorsque les diverses ini\u00adtia\u00adtives f\u00e9mi\u00adnines de Karls\u00adruhe se pr\u00e9\u00adsen\u00adte\u00adront, ain\u00adsi que leur tra\u00advail et leurs objec\u00adtifs, sur sc\u00e8ne et au mar\u00adch\u00e9 de l\u2019in\u00adfor\u00adma\u00adtion le 10&nbsp;mars. Le programme\u2026<\/p>\n","category_list_v2":"","author_info_v2":{"name":"Andrea Ramirez","url":"https:\/\/www.anika-net.de\/fr\/author\/andrea-ramirez\/"},"comments_num_v2":"0 commentaire","uagb_featured_image_src":{"full":["https:\/\/www.anika-net.de\/wp-content\/uploads\/2022\/01\/Frauentag-2021.jpg",1200,800,false],"thumbnail":["https:\/\/www.anika-net.de\/wp-content\/uploads\/2022\/01\/Frauentag-2021-150x150.jpg",150,150,true],"medium":["https:\/\/www.anika-net.de\/wp-content\/uploads\/2022\/01\/Frauentag-2021-300x200.jpg",300,200,true],"medium_large":["https:\/\/www.anika-net.de\/wp-content\/uploads\/2022\/01\/Frauentag-2021-768x512.jpg",640,427,true],"large":["https:\/\/www.anika-net.de\/wp-content\/uploads\/2022\/01\/Frauentag-2021-1024x683.jpg",640,427,true],"1536x1536":["https:\/\/www.anika-net.de\/wp-content\/uploads\/2022\/01\/Frauentag-2021.jpg",1200,800,false],"2048x2048":["https:\/\/www.anika-net.de\/wp-content\/uploads\/2022\/01\/Frauentag-2021.jpg",1200,800,false],"event-overview":["https:\/\/www.anika-net.de\/wp-content\/uploads\/2022\/01\/Frauentag-2021-960x640.jpg",960,640,true],"event-archive-thumb":["https:\/\/www.anika-net.de\/wp-content\/uploads\/2022\/01\/Frauentag-2021-480x320.jpg",480,320,true],"grid-item-thumbnail":["https:\/\/www.anika-net.de\/wp-content\/uploads\/2022\/01\/Frauentag-2021-360x200.jpg",360,200,true],"network-partner-icon":["https:\/\/www.anika-net.de\/wp-content\/uploads\/2022\/01\/Frauentag-2021-100x100.jpg",100,100,true],"organiser-icon":["https:\/\/www.anika-net.de\/wp-content\/uploads\/2022\/01\/Frauentag-2021-200x200.jpg",200,200,true],"gform-image-choice-sm":["https:\/\/www.anika-net.de\/wp-content\/uploads\/2022\/01\/Frauentag-2021.jpg",300,200,false],"gform-image-choice-md":["https:\/\/www.anika-net.de\/wp-content\/uploads\/2022\/01\/Frauentag-2021.jpg",400,267,false],"gform-image-choice-lg":["https:\/\/www.anika-net.de\/wp-content\/uploads\/2022\/01\/Frauentag-2021.jpg",600,400,false]},"uagb_author_info":{"display_name":"Andrea Ramirez","author_link":"https:\/\/www.anika-net.de\/fr\/author\/andrea-ramirez\/"},"uagb_comment_info":0,"uagb_excerpt":"Mati\u00adn\u00e9e de femmes pour la Jour\u00adn\u00e9e inter\u00adna\u00adtio\u00adnale de la femme&nbsp;2024 \u00ab&nbsp;Plus que la somme de ses par\u00adties&nbsp;\u00bb est la devise de la mati\u00adn\u00e9e f\u00e9mi\u00adnine de cette&nbsp;ann\u00e9e. L\u2019\u00e9\u00adga\u00adli\u00adt\u00e9 des droits est&nbsp;lire plus","_links":{"self":[{"href":"https:\/\/www.anika-net.de\/fr\/wp-json\/wp\/v2\/event\/13644","targetHints":{"allow":["GET"]}}],"collection":[{"href":"https:\/\/www.anika-net.de\/fr\/wp-json\/wp\/v2\/event"}],"about":[{"href":"https:\/\/www.anika-net.de\/fr\/wp-json\/wp\/v2\/types\/event"}],"author":[{"embeddable":true,"href":"https:\/\/www.anika-net.de\/fr\/wp-json\/wp\/v2\/users\/12"}],"version-history":[{"count":0,"href":"https:\/\/www.anika-net.de\/fr\/wp-json\/wp\/v2\/event\/13644\/revisions"}],"acf:post":[{"embeddable":true,"href":"https:\/\/www.anika-net.de\/fr\/wp-json\/wp\/v2\/organiser\/11203"},{"embeddable":true,"href":"https:\/\/www.anika-net.de\/fr\/wp-json\/wp\/v2\/organiser\/11462"},{"embeddable":true,"href":"https:\/\/www.anika-net.de\/fr\/wp-json\/wp\/v2\/organiser\/13627"},{"embeddable":true,"href":"https:\/\/www.anika-net.de\/fr\/wp-json\/wp\/v2\/organiser\/11218"}],"acf:term":[{"embeddable":true,"taxonomy":"event_category","href":"https:\/\/www.anika-net.de\/fr\/wp-json\/wp\/v2\/event_category\/50"}],"wp:featuredmedia":[{"embeddable":true,"href":"https:\/\/www.anika-net.de\/fr\/wp-json\/wp\/v2\/media\/13609"}],"wp:attachment":[{"href":"https:\/\/www.anika-net.de\/fr\/wp-json\/wp\/v2\/media?parent=13644"}],"curies":[{"name":"wp","href":"https:\/\/api.w.org\/{rel}","templated":true}]}}

Mati­née de femmes pour la Jour­née inter­na­tio­nale de la femme&nbsp;2024

<h2><span style="color: #800080;">Mati­née de femmes pour la Jour­née inter­na­tio­nale de la femme&nbsp;2024</span></h2>
<blockquote><p><strong>«&nbsp;Plus que la somme de ses par­ties&nbsp;» est la devise de la mati­née fémi­nine de cette&nbsp;année.</strong></p></blockquote>
<p>L’é­ga­li­té des droits est ins­crite dans la consti­tu­tion alle­mande depuis 75 ans. Les femmes du monde entier et de Karls­ruhe font cam­pagne pour leurs droits depuis plus long­temps encore. Il a été démon­tré à maintes reprises qu’en­semble, nous pou­vons accom­plir beau­coup plus&nbsp;! Cette force sera éga­le­ment pal­pable lorsque les diverses ini­tia­tives fémi­nines de Karls­ruhe se pré­sen­te­ront, ain­si que leur tra­vail et leurs objec­tifs, sur scène et au mar­ché de l’in­for­ma­tion le 10&nbsp;mars.</p>
<p><strong>Le pro­gramme colo­ré</strong> de la Mati­née des femmes 2024 offre beau­coup de temps pour l’é­change, le réseau­tage et le plai­sir cultu­rel, en plus des impul­sions don­nées par le «&nbsp;Cat Calls&nbsp;» de Karlsruhe.<br>
Atten­dez-vous à un <strong>défi­lé de mode afri­cain</strong> et à un moment <strong>musi­cal fort avec la cho­rale les­bienne de Karls­ruhe «&nbsp;Die WEI­Bra­tions&nbsp;»</strong>.</p>
<p>Nous nous réjouis­sons de vous voir, de vous ren­con­trer et de dis­cu­ter avec vous à la table du petit-déjeuner.</p>
<p><strong>👉 Admis­sion&nbsp;10h30</strong></p>
<p>🔖  <strong>Les billets sont dis­po­nibles à Tollhaus.<br>
Réser­va­tion à l’a­vance&nbsp;: : 13,00 / réduit 8,00 / incl. petit-déjeuner<br>
</strong>Grande salle – assis, libre choix des places<strong></strong></p>
<p></p>

<p>Mati­née de femmes pour la Jour­née inter­na­tio­nale de la femme&nbsp;2024 «&nbsp;Plus que la somme de ses par­ties&nbsp;» est la devise de la mati­née fémi­nine de cette&nbsp;année. L’é­ga­li­té des droits est ins­crite dans la consti­tu­tion alle­mande depuis 75 ans. Les femmes du monde entier et de Karls­ruhe font cam­pagne pour leurs droits depuis plus long­temps encore. Il a été démon­tré à maintes reprises qu’en­semble, nous pou­vons accom­plir beau­coup plus&nbsp;! Cette force sera éga­le­ment pal­pable lorsque les diverses ini­tia­tives fémi­nines de Karls­ruhe se pré­sen­te­ront, ain­si que leur tra­vail et leurs objec­tifs, sur scène et au mar­ché de l’in­for­ma­tion le 10&nbsp;mars. Le programme…</p>

Mati­née de femmes pour la Jour­née inter­na­tio­nale de la femme&nbsp;2024 «&nbsp;Plus que la somme de ses par­ties&nbsp;» est la devise de la mati­née fémi­nine de cette&nbsp;année. L’é­ga­li­té des droits est&nbsp;lire plus
