{"id":12383,"date":"2021-11-09T19:46:20","date_gmt":"2021-11-09T18:46:20","guid":{"rendered":"https:\/\/www.anika-net.de\/event\/online-workshops-fuer-migrantinnen\/"},"modified":"2021-11-20T14:54:55","modified_gmt":"2021-11-20T13:54:55","slug":"ateliers-en-ligne-pour-les-femmes-migrantes","status":"publish","type":"event","link":"https:\/\/www.anika-net.de\/fr\/event\/ateliers-en-ligne-pour-les-femmes-migrantes\/","title":{"rendered":"Ate\u00adliers en ligne pour les femmes migrantes"},"content":{"rendered":"<p>Nous invi\u00adtons cor\u00addia\u00adle\u00adment les femmes immi\u00adgr\u00e9es \u00e0 par\u00adti\u00adci\u00adper aux trois <b>ate\u00adliers en ligne<\/b> suivants&nbsp;:<\/p>\n<p>&nbsp;<\/p>\n<ul>\n<li>Ven\u00addre\u00addi, 05.11.2021 \u2013 <a href=\"https:\/\/www.anika-net.de\/wp-content\/uploads\/2021\/11\/2021_11_5-E-I-N-L-A-D-U-N-G-_Workshop_-Migrantinnen-in-dem-Beruf-PFLEGE-.pdf\" target=\"_blank\" rel=\"noopener\">For\u00adma\u00adtion sur la prise en charge des femmes migrantes, 20:00\u201321:30 <\/a><\/li>\n<li>Mer\u00adcre\u00addi, 10 Nov 2021 \u2013 Le <a href=\"https:\/\/www.anika-net.de\/wp-content\/uploads\/2021\/11\/2021_10_11_E-I-N-L-A-D-U-N-G-_Worshop_Mut-zur-Selbstaendigkeit.pdf\" target=\"_blank\" rel=\"noopener\">cou\u00adrage d\u2019\u00eatre ind\u00e9\u00adpen\u00addant&nbsp;: une option com\u00admer\u00adciale pour les femmes immi\u00adgr\u00e9es, 18:00\u201319:30<\/a><\/li>\n<li>Mer\u00adcre\u00addi, 24.11.2021 \u2013 <a href=\"https:\/\/www.anika-net.de\/wp-content\/uploads\/2021\/11\/2021_11_24_E-I-N-L-A-D-U-N-G-Finanzplanung_Strategie-gegen-Altersarmut.pdf\" target=\"_blank\" rel=\"noopener\">Pla\u00adni\u00adfi\u00adca\u00adtion finan\u00adci\u00e8re&nbsp;: les \u00e9l\u00e9\u00adments de base de la pr\u00e9\u00advoyance retraite, 18:00\u201319:30<\/a><\/li>\n<\/ul>\n<p>Les femmes int\u00e9\u00adres\u00ads\u00e9es peuvent obte\u00adnir le lien vers la r\u00e9union Zoom sur demande \u00e0 l\u2019a\u00addresse suivante&nbsp;:&nbsp;<a href=\"mailto:kontakt@forum-internationaler-frauen.org\" target=\"_blank\" rel=\"noopener\"><br>\n<u>contact@forum-international-<wbr>women.org<\/u><br>\n<\/a><\/p>\n<p>Les ate\u00adliers sont gratuits.<\/p>\n<p>&nbsp;<\/p>\n","protected":false},"author":12,"featured_media":12369,"template":"","class_list":["post-12383","event","type-event","status-publish","has-post-thumbnail","hentry","event_category-education"],"acf":{"event-recurring":false,"event-category":49,"event-is-language-course":false,"event-recurring-still-active":true,"event-display-details":true,"event-schedules-recurring":null,"event-schedules-calendar":[{"event-calendar-day":"20211110","event-calendar-time":"18:00-19:30 Uhr","event-calendar-time-text":"En ligne"},{"event-calendar-day":"20211124","event-calendar-time":"18:00-19:30 Uhr","event-calendar-time-text":"En ligne"}],"event-is-online":false,"event-online-url":"","event-location-building":"Forum Internationaler Frauen Baden-W\u00fcrttemberg e.V.  ","event-location-street":"Postfach 4105  ","event-location-zip":"70718 ","event-location-city":"Fellbach","event-location-contact-person":"Dr. Lucimara Brait-Poplawski","event-location-phone":"0157 58 23 38 08","event-location-phone-2":"","event-location-mail":"l.brait-poplawski@forum-internationaler-frauen.org","event-location-mail-2":"","event-location-website":"https:\/\/www.forum-internationaler-frauen.org","event-target-group":null,"event-target-group-comment":"","event-free":true,"event-organiser":12377,"event-header-copyright-overlay":true,"event-copyright-note-description-end":false},"featured_image_urls_v2":{"full":["https:\/\/www.anika-net.de\/wp-content\/uploads\/2021\/11\/image004.jpg",212,127,false],"thumbnail":["https:\/\/www.anika-net.de\/wp-content\/uploads\/2021\/11\/image004-150x127.jpg",150,127,true],"medium":["https:\/\/www.anika-net.de\/wp-content\/uploads\/2021\/11\/image004.jpg",212,127,false],"medium_large":["https:\/\/www.anika-net.de\/wp-content\/uploads\/2021\/11\/image004.jpg",212,127,false],"large":["https:\/\/www.anika-net.de\/wp-content\/uploads\/2021\/11\/image004.jpg",212,127,false],"1536x1536":["https:\/\/www.anika-net.de\/wp-content\/uploads\/2021\/11\/image004.jpg",212,127,false],"2048x2048":["https:\/\/www.anika-net.de\/wp-content\/uploads\/2021\/11\/image004.jpg",212,127,false],"event-overview":["https:\/\/www.anika-net.de\/wp-content\/uploads\/2021\/11\/image004.jpg",212,127,false],"event-archive-thumb":["https:\/\/www.anika-net.de\/wp-content\/uploads\/2021\/11\/image004.jpg",212,127,false],"grid-item-thumbnail":["https:\/\/www.anika-net.de\/wp-content\/uploads\/2021\/11\/image004.jpg",212,127,false],"network-partner-icon":["https:\/\/www.anika-net.de\/wp-content\/uploads\/2021\/11\/image004-100x100.jpg",100,100,true],"organiser-icon":["https:\/\/www.anika-net.de\/wp-content\/uploads\/2021\/11\/image004-200x127.jpg",200,127,true],"gform-image-choice-sm":["https:\/\/www.anika-net.de\/wp-content\/uploads\/2021\/11\/image004.jpg",212,127,false],"gform-image-choice-md":["https:\/\/www.anika-net.de\/wp-content\/uploads\/2021\/11\/image004.jpg",212,127,false],"gform-image-choice-lg":["https:\/\/www.anika-net.de\/wp-content\/uploads\/2021\/11\/image004.jpg",212,127,false]},"post_excerpt_stackable_v2":"<p>Nous invi\u00adtons cor\u00addia\u00adle\u00adment les femmes immi\u00adgr\u00e9es \u00e0 par\u00adti\u00adci\u00adper aux trois ate\u00adliers en ligne sui\u00advants&nbsp;: &nbsp; Ven\u00addre\u00addi, 05.11.2021 \u2013 For\u00adma\u00adtion sur la prise en charge des femmes migrantes, 20:00\u201321:30 Mer\u00adcre\u00addi, 10 Nov 2021 \u2013 Le cou\u00adrage d\u2019\u00eatre ind\u00e9\u00adpen\u00addant&nbsp;: une option com\u00admer\u00adciale pour les femmes immi\u00adgr\u00e9es, 18:00\u201319:30 Mer\u00adcre\u00addi, 24.11.2021 \u2013 Pla\u00adni\u00adfi\u00adca\u00adtion finan\u00adci\u00e8re&nbsp;: les \u00e9l\u00e9\u00adments de base de la pr\u00e9\u00advoyance retraite, 18:00\u201319:30 Les femmes int\u00e9\u00adres\u00ads\u00e9es peuvent obte\u00adnir le lien vers la r\u00e9union Zoom sur demande \u00e0 l\u2019a\u00addresse sui\u00advante&nbsp;:&nbsp; contact@forum-international-women.org Les ate\u00adliers sont gratuits.&nbsp;<\/p>\n","category_list_v2":"","author_info_v2":{"name":"Andrea Ramirez","url":"https:\/\/www.anika-net.de\/fr\/author\/andrea-ramirez\/"},"comments_num_v2":"0 commentaire","uagb_featured_image_src":{"full":["https:\/\/www.anika-net.de\/wp-content\/uploads\/2021\/11\/image004.jpg",212,127,false],"thumbnail":["https:\/\/www.anika-net.de\/wp-content\/uploads\/2021\/11\/image004-150x127.jpg",150,127,true],"medium":["https:\/\/www.anika-net.de\/wp-content\/uploads\/2021\/11\/image004.jpg",212,127,false],"medium_large":["https:\/\/www.anika-net.de\/wp-content\/uploads\/2021\/11\/image004.jpg",212,127,false],"large":["https:\/\/www.anika-net.de\/wp-content\/uploads\/2021\/11\/image004.jpg",212,127,false],"1536x1536":["https:\/\/www.anika-net.de\/wp-content\/uploads\/2021\/11\/image004.jpg",212,127,false],"2048x2048":["https:\/\/www.anika-net.de\/wp-content\/uploads\/2021\/11\/image004.jpg",212,127,false],"event-overview":["https:\/\/www.anika-net.de\/wp-content\/uploads\/2021\/11\/image004.jpg",212,127,false],"event-archive-thumb":["https:\/\/www.anika-net.de\/wp-content\/uploads\/2021\/11\/image004.jpg",212,127,false],"grid-item-thumbnail":["https:\/\/www.anika-net.de\/wp-content\/uploads\/2021\/11\/image004.jpg",212,127,false],"network-partner-icon":["https:\/\/www.anika-net.de\/wp-content\/uploads\/2021\/11\/image004-100x100.jpg",100,100,true],"organiser-icon":["https:\/\/www.anika-net.de\/wp-content\/uploads\/2021\/11\/image004-200x127.jpg",200,127,true],"gform-image-choice-sm":["https:\/\/www.anika-net.de\/wp-content\/uploads\/2021\/11\/image004.jpg",212,127,false],"gform-image-choice-md":["https:\/\/www.anika-net.de\/wp-content\/uploads\/2021\/11\/image004.jpg",212,127,false],"gform-image-choice-lg":["https:\/\/www.anika-net.de\/wp-content\/uploads\/2021\/11\/image004.jpg",212,127,false]},"uagb_author_info":{"display_name":"Andrea Ramirez","author_link":"https:\/\/www.anika-net.de\/fr\/author\/andrea-ramirez\/"},"uagb_comment_info":0,"uagb_excerpt":"Nous invi\u00adtons cor\u00addia\u00adle\u00adment les femmes immi\u00adgr\u00e9es \u00e0 par\u00adti\u00adci\u00adper aux trois ate\u00adliers en ligne suivants&nbsp;: &nbsp; Ven\u00addre\u00addi, 05.11.2021 \u2013 For\u00adma\u00adtion sur la prise en charge des femmes migrantes, 20:00\u201321:30 Mer\u00adcre\u00addi, 10&nbsp;lire plus","_links":{"self":[{"href":"https:\/\/www.anika-net.de\/fr\/wp-json\/wp\/v2\/event\/12383","targetHints":{"allow":["GET"]}}],"collection":[{"href":"https:\/\/www.anika-net.de\/fr\/wp-json\/wp\/v2\/event"}],"about":[{"href":"https:\/\/www.anika-net.de\/fr\/wp-json\/wp\/v2\/types\/event"}],"author":[{"embeddable":true,"href":"https:\/\/www.anika-net.de\/fr\/wp-json\/wp\/v2\/users\/12"}],"version-history":[{"count":0,"href":"https:\/\/www.anika-net.de\/fr\/wp-json\/wp\/v2\/event\/12383\/revisions"}],"acf:post":[{"embeddable":true,"href":"https:\/\/www.anika-net.de\/fr\/wp-json\/wp\/v2\/organiser\/12377"}],"acf:term":[{"embeddable":true,"taxonomy":"event_category","href":"https:\/\/www.anika-net.de\/fr\/wp-json\/wp\/v2\/event_category\/49"}],"wp:featuredmedia":[{"embeddable":true,"href":"https:\/\/www.anika-net.de\/fr\/wp-json\/wp\/v2\/media\/12369"}],"wp:attachment":[{"href":"https:\/\/www.anika-net.de\/fr\/wp-json\/wp\/v2\/media?parent=12383"}],"curies":[{"name":"wp","href":"https:\/\/api.w.org\/{rel}","templated":true}]}}

<p>Nous invi­tons cor­dia­le­ment les femmes immi­grées à par­ti­ci­per aux trois <b>ate­liers en ligne</b> suivants&nbsp;:</p>
<p>&nbsp;</p>
<ul>
<li>Ven­dre­di, 05.11.2021 – <a href="https://www.anika-net.de/wp-content/uploads/2021/11/2021_11_5-E-I-N-L-A-D-U-N-G-_Workshop_-Migrantinnen-in-dem-Beruf-PFLEGE-.pdf" target="_blank" rel="noopener">For­ma­tion sur la prise en charge des femmes migrantes, 20:00–21:30 </a></li>
<li>Mer­cre­di, 10 Nov 2021 – Le <a href="https://www.anika-net.de/wp-content/uploads/2021/11/2021_10_11_E-I-N-L-A-D-U-N-G-_Worshop_Mut-zur-Selbstaendigkeit.pdf" target="_blank" rel="noopener">cou­rage d’être indé­pen­dant&nbsp;: une option com­mer­ciale pour les femmes immi­grées, 18:00–19:30</a></li>
<li>Mer­cre­di, 24.11.2021 – <a href="https://www.anika-net.de/wp-content/uploads/2021/11/2021_11_24_E-I-N-L-A-D-U-N-G-Finanzplanung_Strategie-gegen-Altersarmut.pdf" target="_blank" rel="noopener">Pla­ni­fi­ca­tion finan­cière&nbsp;: les élé­ments de base de la pré­voyance retraite, 18:00–19:30</a></li>
</ul>
<p>Les femmes inté­res­sées peuvent obte­nir le lien vers la réunion Zoom sur demande à l’a­dresse suivante&nbsp;:&nbsp;<a href="mailto:kontakt@forum-internationaler-frauen.org" target="_blank" rel="noopener"><br>
<u>contact@forum-international-<wbr>women.org</u><br>
</a></p>
<p>Les ate­liers sont gratuits.</p>
<p>&nbsp;</p>

Forum Internationaler Frauen Baden-Württemberg e.V.

<p>Nous invi­tons cor­dia­le­ment les femmes immi­grées à par­ti­ci­per aux trois ate­liers en ligne sui­vants&nbsp;: &nbsp; Ven­dre­di, 05.11.2021 – For­ma­tion sur la prise en charge des femmes migrantes, 20:00–21:30 Mer­cre­di, 10 Nov 2021 – Le cou­rage d’être indé­pen­dant&nbsp;: une option com­mer­ciale pour les femmes immi­grées, 18:00–19:30 Mer­cre­di, 24.11.2021 – Pla­ni­fi­ca­tion finan­cière&nbsp;: les élé­ments de base de la pré­voyance retraite, 18:00–19:30 Les femmes inté­res­sées peuvent obte­nir le lien vers la réunion Zoom sur demande à l’a­dresse sui­vante&nbsp;:&nbsp; contact@forum-international-women.org Les ate­liers sont gratuits.&nbsp;</p>

Nous invi­tons cor­dia­le­ment les femmes immi­grées à par­ti­ci­per aux trois ate­liers en ligne suivants&nbsp;: &nbsp; Ven­dre­di, 05.11.2021 – For­ma­tion sur la prise en charge des femmes migrantes, 20:00–21:30 Mer­cre­di, 10&nbsp;lire plus
