{"id":12222,"date":"2021-10-21T17:33:44","date_gmt":"2021-10-21T15:33:44","guid":{"rendered":"https:\/\/www.anika-net.de\/event\/view-history\/"},"modified":"2021-11-10T11:08:29","modified_gmt":"2021-11-10T10:08:29","slug":"voir-lhistoire","status":"publish","type":"event","link":"https:\/\/www.anika-net.de\/fr\/event\/voir-lhistoire\/","title":{"rendered":"VOIR L\u2019HISTOIRE"},"content":{"rendered":"<p><strong>Com\u00adp\u00e9\u00adtences lin\u00adguis\u00adtiques en alle\u00admand&nbsp;: B1 ou plus, alle\u00admand en tant que langue pre\u00admi\u00e8re ou langue \u00e9trang\u00e8re<\/strong><\/p>\n<p>Ren\u00addez-vous&nbsp;: 1 x par mois, 2 heures.<\/p>\n<p>Co\u00fbts&nbsp;: gratuit<\/p>\n<p>Pour&nbsp;: Adultes<\/p>\n<p>Lieu&nbsp;: Mus\u00e9es d\u2019his\u00adtoire cultu\u00adrelle de Karls\u00adruhe (Stadt\u00admu\u00adseum, Badisches Lan\u00addes\u00admu\u00adseum, Museum am Markt, Pfinz\u00adgau\u00admu\u00adseum, Majo\u00adli\u00adka,&nbsp;etc.)<\/p>\n<p>Conte\u00adnu&nbsp;: Visites d\u2019ex\u00adpo\u00adsi\u00adtions, pro\u00adme\u00adnades en ville, conversations<\/p>\n<p><b>Ins\u00adcrip\u00adtion obligatoire&nbsp;!<\/b><\/p>\n<p><u>Same\u00addi 20 novembre 2021<\/u>, de 14 h 30 \u00e0 16 h 30, point de ren\u00adcontre Badisches Landesmuseum<br>\n\u00ab&nbsp;Or, por\u00adtraits et pierres pr\u00e9\u00adcieuses&nbsp;: un regard dans la nou\u00advelle salle du&nbsp;tr\u00f4ne.&nbsp;\u00bb<br>\n(Avec Eva Unter\u00adburg M.A.)<\/p>\n<p><u>Same\u00addi 12 d\u00e9cembre 2021<\/u>, de 14 h 15 \u00e0 16 h 15, point de ren\u00adcontre Badisches Landesmuseum<br>\n\u00ab&nbsp;D\u00e9esses de la vic\u00adtoire et anges&nbsp;: Les mes\u00adsa\u00adgers ail\u00e9s du&nbsp;ciel.&nbsp;\u00bb<br>\n(Avec Eva Unter\u00adburg M.A. &amp; Alexan\u00addra Neu\u00adner M.A.)<\/p>\n<p>Ins\u00adcrip\u00adtion&nbsp;:<br>\nKUK | Bir\u00adgit&nbsp;Reich<br>\nreich.kuk@mail.de<br>\nT&nbsp;: 0721\/3351608<br>\nHeures de bureau&nbsp;:<br>\nLun \u2013 jeu\u00addi 8.00 \u2013 12.00, 13.00 \u2013 15.30<br>\nVen\u00addre\u00addi 8.00 \u2013 13.00<\/p>\n<p>D\u00e9pliant \u00e0 <a href=\"https:\/\/www.anika-net.de\/wp-content\/uploads\/2021\/10\/5eb9ce_2e38a6ad804d4f82848588deededdad9.pdf\" target=\"_blank\" rel=\"noopener\">t\u00e9l\u00e9\u00adchar\u00adger<\/a><\/p>\n<p>&nbsp;<\/p>\n<p><i>*ANSEHEN est une offre pour les citoyens migrants et non-migrants \u00e0 Karlsruhe.&nbsp;<\/i><br>\n<i>Ren\u00adcon\u00adtrez-vous dans nos mus\u00e9es d\u2019art et d\u2019his\u00adtoire cultu\u00adrelle et entrez dans un dia\u00adlogue interculturel&nbsp;!&nbsp;<\/i><br>\n<i>L\u2019offre fait par\u00adtie du pro\u00adgramme \u00ab&nbsp;Culture et int\u00e9\u00adgra\u00adtion&nbsp;\u00bb du vhs Karlsruhe.<\/i><\/p>\n","protected":false},"author":12,"featured_media":8258,"template":"","class_list":["post-12222","event","type-event","status-publish","has-post-thumbnail","hentry","event_category-education"],"acf":{"event-recurring":false,"event-category":49,"event-is-language-course":false,"event-recurring-still-active":true,"event-display-details":true,"event-schedules-recurring":null,"event-schedules-calendar":[{"event-calendar-day":"20211120","event-calendar-time":"14:15 - 16:15","event-calendar-time-text":""},{"event-calendar-day":"20211212","event-calendar-time":"14:15 - 16:15","event-calendar-time-text":""}],"event-is-online":false,"event-online-url":"","event-location-building":"","event-location-street":"","event-location-zip":"","event-location-city":"","event-location-contact-person":"Birgit Reich","event-location-phone":"0721\/3351608","event-location-phone-2":"","event-location-mail":"reich.kuk@mail.de","event-location-mail-2":"","event-location-website":"","event-target-group":[{"target-group":"tous"}],"event-target-group-comment":"","event-free":true,"event-organiser":11329,"event-header-copyright-overlay":false,"event-copyright-note-description-end":false},"featured_image_urls_v2":{"full":["https:\/\/www.anika-net.de\/wp-content\/uploads\/2021\/10\/logo_vhs.png",120,97,false],"thumbnail":["https:\/\/www.anika-net.de\/wp-content\/uploads\/2021\/10\/logo_vhs.png",120,97,false],"medium":["https:\/\/www.anika-net.de\/wp-content\/uploads\/2021\/10\/logo_vhs.png",120,97,false],"medium_large":["https:\/\/www.anika-net.de\/wp-content\/uploads\/2021\/10\/logo_vhs.png",120,97,false],"large":["https:\/\/www.anika-net.de\/wp-content\/uploads\/2021\/10\/logo_vhs.png",120,97,false],"1536x1536":["https:\/\/www.anika-net.de\/wp-content\/uploads\/2021\/10\/logo_vhs.png",120,97,false],"2048x2048":["https:\/\/www.anika-net.de\/wp-content\/uploads\/2021\/10\/logo_vhs.png",120,97,false],"event-overview":["https:\/\/www.anika-net.de\/wp-content\/uploads\/2021\/10\/logo_vhs.png",120,97,false],"event-archive-thumb":["https:\/\/www.anika-net.de\/wp-content\/uploads\/2021\/10\/logo_vhs.png",120,97,false],"grid-item-thumbnail":["https:\/\/www.anika-net.de\/wp-content\/uploads\/2021\/10\/logo_vhs.png",120,97,false],"network-partner-icon":["https:\/\/www.anika-net.de\/wp-content\/uploads\/2021\/10\/logo_vhs-100x97.png",100,97,true],"organiser-icon":["https:\/\/www.anika-net.de\/wp-content\/uploads\/2021\/10\/logo_vhs.png",120,97,false],"gform-image-choice-sm":["https:\/\/www.anika-net.de\/wp-content\/uploads\/2021\/10\/logo_vhs.png",120,97,false],"gform-image-choice-md":["https:\/\/www.anika-net.de\/wp-content\/uploads\/2021\/10\/logo_vhs.png",120,97,false],"gform-image-choice-lg":["https:\/\/www.anika-net.de\/wp-content\/uploads\/2021\/10\/logo_vhs.png",120,97,false]},"post_excerpt_stackable_v2":"<p>Com\u00adp\u00e9\u00adtences lin\u00adguis\u00adtiques en alle\u00admand&nbsp;: B1 ou plus, alle\u00admand en tant que langue pre\u00admi\u00e8re ou langue \u00e9tran\u00adg\u00e8re Ren\u00ad\u00addez-vous&nbsp;: 1 x par mois, 2 heures. Co\u00fbts&nbsp;: gra\u00adtuit Pour&nbsp;: Adultes Lieu&nbsp;: Mus\u00e9es d\u2019his\u00adtoire cultu\u00adrelle de Karls\u00adruhe (Stadt\u00admu\u00adseum, Badisches Lan\u00addes\u00admu\u00adseum, Museum am Markt, Pfinz\u00adgau\u00admu\u00adseum, Majo\u00adli\u00adka,&nbsp;etc.) Conte\u00adnu&nbsp;: Visites d\u2019ex\u00adpo\u00adsi\u00adtions, pro\u00adme\u00adnades en ville, conver\u00adsa\u00adtions Ins\u00adcrip\u00adtion obli\u00adga\u00adtoire&nbsp;! Same\u00addi 20 novembre 2021, de 14 h 30 \u00e0 16 h 30, point de ren\u00adcontre Badisches Lan\u00addes\u00admu\u00adseum \u00ab&nbsp;Or, por\u00adtraits et pierres pr\u00e9\u00adcieuses&nbsp;: un regard dans la nou\u00advelle salle du&nbsp;tr\u00f4ne.&nbsp;\u00bb (Avec Eva Unter\u00adburg M.A.) Same\u00addi 12 d\u00e9cembre 2021, de 14 h 15 \u00e0 16 h 15, point de ren\u00adcontre Badisches Landesmuseum\u2026<\/p>\n","category_list_v2":"","author_info_v2":{"name":"Andrea Ramirez","url":"https:\/\/www.anika-net.de\/fr\/author\/andrea-ramirez\/"},"comments_num_v2":"0 commentaire","uagb_featured_image_src":{"full":["https:\/\/www.anika-net.de\/wp-content\/uploads\/2021\/10\/logo_vhs.png",120,97,false],"thumbnail":["https:\/\/www.anika-net.de\/wp-content\/uploads\/2021\/10\/logo_vhs.png",120,97,false],"medium":["https:\/\/www.anika-net.de\/wp-content\/uploads\/2021\/10\/logo_vhs.png",120,97,false],"medium_large":["https:\/\/www.anika-net.de\/wp-content\/uploads\/2021\/10\/logo_vhs.png",120,97,false],"large":["https:\/\/www.anika-net.de\/wp-content\/uploads\/2021\/10\/logo_vhs.png",120,97,false],"1536x1536":["https:\/\/www.anika-net.de\/wp-content\/uploads\/2021\/10\/logo_vhs.png",120,97,false],"2048x2048":["https:\/\/www.anika-net.de\/wp-content\/uploads\/2021\/10\/logo_vhs.png",120,97,false],"event-overview":["https:\/\/www.anika-net.de\/wp-content\/uploads\/2021\/10\/logo_vhs.png",120,97,false],"event-archive-thumb":["https:\/\/www.anika-net.de\/wp-content\/uploads\/2021\/10\/logo_vhs.png",120,97,false],"grid-item-thumbnail":["https:\/\/www.anika-net.de\/wp-content\/uploads\/2021\/10\/logo_vhs.png",120,97,false],"network-partner-icon":["https:\/\/www.anika-net.de\/wp-content\/uploads\/2021\/10\/logo_vhs-100x97.png",100,97,true],"organiser-icon":["https:\/\/www.anika-net.de\/wp-content\/uploads\/2021\/10\/logo_vhs.png",120,97,false],"gform-image-choice-sm":["https:\/\/www.anika-net.de\/wp-content\/uploads\/2021\/10\/logo_vhs.png",120,97,false],"gform-image-choice-md":["https:\/\/www.anika-net.de\/wp-content\/uploads\/2021\/10\/logo_vhs.png",120,97,false],"gform-image-choice-lg":["https:\/\/www.anika-net.de\/wp-content\/uploads\/2021\/10\/logo_vhs.png",120,97,false]},"uagb_author_info":{"display_name":"Andrea Ramirez","author_link":"https:\/\/www.anika-net.de\/fr\/author\/andrea-ramirez\/"},"uagb_comment_info":0,"uagb_excerpt":"Com\u00adp\u00e9\u00adtences lin\u00adguis\u00adtiques en alle\u00admand&nbsp;: B1 ou plus, alle\u00admand en tant que langue pre\u00admi\u00e8re ou langue \u00e9trang\u00e8re Ren\u00addez-vous&nbsp;: 1 x par mois, 2 heures. Co\u00fbts&nbsp;: gratuit Pour&nbsp;: Adultes Lieu&nbsp;: Mus\u00e9es d\u2019his\u00adtoire&nbsp;lire plus","_links":{"self":[{"href":"https:\/\/www.anika-net.de\/fr\/wp-json\/wp\/v2\/event\/12222","targetHints":{"allow":["GET"]}}],"collection":[{"href":"https:\/\/www.anika-net.de\/fr\/wp-json\/wp\/v2\/event"}],"about":[{"href":"https:\/\/www.anika-net.de\/fr\/wp-json\/wp\/v2\/types\/event"}],"author":[{"embeddable":true,"href":"https:\/\/www.anika-net.de\/fr\/wp-json\/wp\/v2\/users\/12"}],"version-history":[{"count":0,"href":"https:\/\/www.anika-net.de\/fr\/wp-json\/wp\/v2\/event\/12222\/revisions"}],"acf:post":[{"embeddable":true,"href":"https:\/\/www.anika-net.de\/fr\/wp-json\/wp\/v2\/organiser\/11329"}],"acf:term":[{"embeddable":true,"taxonomy":"event_category","href":"https:\/\/www.anika-net.de\/fr\/wp-json\/wp\/v2\/event_category\/49"}],"wp:featuredmedia":[{"embeddable":true,"href":"https:\/\/www.anika-net.de\/fr\/wp-json\/wp\/v2\/media\/8258"}],"wp:attachment":[{"href":"https:\/\/www.anika-net.de\/fr\/wp-json\/wp\/v2\/media?parent=12222"}],"curies":[{"name":"wp","href":"https:\/\/api.w.org\/{rel}","templated":true}]}}

<p><strong>Com­pé­tences lin­guis­tiques en alle­mand&nbsp;: B1 ou plus, alle­mand en tant que langue pre­mière ou langue étrangère</strong></p>
<p>Ren­dez-vous&nbsp;: 1 x par mois, 2 heures.</p>
<p>Coûts&nbsp;: gratuit</p>
<p>Pour&nbsp;: Adultes</p>
<p>Lieu&nbsp;: Musées d’his­toire cultu­relle de Karls­ruhe (Stadt­mu­seum, Badisches Lan­des­mu­seum, Museum am Markt, Pfinz­gau­mu­seum, Majo­li­ka,&nbsp;etc.)</p>
<p>Conte­nu&nbsp;: Visites d’ex­po­si­tions, pro­me­nades en ville, conversations</p>
<p><b>Ins­crip­tion obligatoire&nbsp;!</b></p>
<p><u>Same­di 20 novembre 2021</u>, de 14 h 30 à 16 h 30, point de ren­contre Badisches Landesmuseum<br>
«&nbsp;Or, por­traits et pierres pré­cieuses&nbsp;: un regard dans la nou­velle salle du&nbsp;trône.&nbsp;»<br>
(Avec Eva Unter­burg M.A.)</p>
<p><u>Same­di 12 décembre 2021</u>, de 14 h 15 à 16 h 15, point de ren­contre Badisches Landesmuseum<br>
«&nbsp;Déesses de la vic­toire et anges&nbsp;: Les mes­sa­gers ailés du&nbsp;ciel.&nbsp;»<br>
(Avec Eva Unter­burg M.A. &amp; Alexan­dra Neu­ner M.A.)</p>
<p>Ins­crip­tion&nbsp;:<br>
KUK | Bir­git&nbsp;Reich<br>
reich.kuk@mail.de<br>
T&nbsp;: 0721/3351608<br>
Heures de bureau&nbsp;:<br>
Lun – jeu­di 8.00 – 12.00, 13.00 – 15.30<br>
Ven­dre­di 8.00 – 13.00</p>
<p>Dépliant à <a href="https://www.anika-net.de/wp-content/uploads/2021/10/5eb9ce_2e38a6ad804d4f82848588deededdad9.pdf" target="_blank" rel="noopener">télé­char­ger</a></p>
<p>&nbsp;</p>
<p><i>*ANSEHEN est une offre pour les citoyens migrants et non-migrants à Karlsruhe.&nbsp;</i><br>
<i>Ren­con­trez-vous dans nos musées d’art et d’his­toire cultu­relle et entrez dans un dia­logue interculturel&nbsp;!&nbsp;</i><br>
<i>L’offre fait par­tie du pro­gramme «&nbsp;Culture et inté­gra­tion&nbsp;» du vhs Karlsruhe.</i></p>

<p>Com­pé­tences lin­guis­tiques en alle­mand&nbsp;: B1 ou plus, alle­mand en tant que langue pre­mière ou langue étran­gère Ren­­dez-vous&nbsp;: 1 x par mois, 2 heures. Coûts&nbsp;: gra­tuit Pour&nbsp;: Adultes Lieu&nbsp;: Musées d’his­toire cultu­relle de Karls­ruhe (Stadt­mu­seum, Badisches Lan­des­mu­seum, Museum am Markt, Pfinz­gau­mu­seum, Majo­li­ka,&nbsp;etc.) Conte­nu&nbsp;: Visites d’ex­po­si­tions, pro­me­nades en ville, conver­sa­tions Ins­crip­tion obli­ga­toire&nbsp;! Same­di 20 novembre 2021, de 14 h 30 à 16 h 30, point de ren­contre Badisches Lan­des­mu­seum «&nbsp;Or, por­traits et pierres pré­cieuses&nbsp;: un regard dans la nou­velle salle du&nbsp;trône.&nbsp;» (Avec Eva Unter­burg M.A.) Same­di 12 décembre 2021, de 14 h 15 à 16 h 15, point de ren­contre Badisches Landesmuseum…</p>

Com­pé­tences lin­guis­tiques en alle­mand&nbsp;: B1 ou plus, alle­mand en tant que langue pre­mière ou langue étrangère Ren­dez-vous&nbsp;: 1 x par mois, 2 heures. Coûts&nbsp;: gratuit Pour&nbsp;: Adultes Lieu&nbsp;: Musées d’his­toire&nbsp;lire plus
