{"id":11880,"date":"2020-07-27T10:55:44","date_gmt":"2020-07-27T08:55:44","guid":{"rendered":"https:\/\/www.anika-net.de\/event\/meine-grune-stadt-karlsruhe-my-green-city\/"},"modified":"2023-07-26T11:25:33","modified_gmt":"2023-07-26T09:25:33","slug":"meine-gruene-stadt-karlsruhe-ma-ville-verte","status":"publish","type":"event","link":"https:\/\/www.anika-net.de\/fr\/event\/meine-gruene-stadt-karlsruhe-ma-ville-verte\/","title":{"rendered":"Meine Gr\u00fcne Stadt Karls\u00adruhe \u2013 Ma ville&nbsp;verte"},"content":{"rendered":"<p><strong>My Green City Karls\u00adruhe \u2013 Pro\u00adjets \u00ab&nbsp;pitch-in&nbsp;\u00bb durables<\/strong><\/p>\n<p>Ensemble, nous pou\u00advons faire de Karls\u00adruhe une ville durable. Nous pou\u00advons d\u00e9ve\u00adlop\u00adper et mettre en \u0153uvre des id\u00e9es vertes. Peut-\u00eatre pou\u00advez-vous cr\u00e9er un jar\u00addin de quar\u00adtier, consti\u00adtuer des com\u00admu\u00adnau\u00adt\u00e9s \u00e9ner\u00adg\u00e9\u00adtiques, faire des cours de sport dans les parcs, orga\u00adni\u00adser des f\u00eates de quar\u00adtier ou ver\u00addir votre rue r\u00e9si\u00adden\u00adtielle&nbsp;? Avec \u00ab&nbsp;Meine Gr\u00fcne Stadt&nbsp;\u00bb (Ma ville verte), l\u2019ad\u00admi\u00adnis\u00adtra\u00adtion muni\u00adci\u00adpale de Karls\u00adruhe sou\u00adtient les pro\u00adjets civils \u00ab&nbsp;pitch-in&nbsp;\u00bb dans les domaines de la nature, du cli\u00admat et de la san\u00adt\u00e9. Vous avez une id\u00e9e pour un pro\u00adjet de Pitch-in durable&nbsp;? Appelez-nous&nbsp;!<\/p>\n","protected":false},"author":12,"featured_media":7905,"template":"","class_list":["post-11880","event","type-event","status-publish","has-post-thumbnail","hentry","event_category-loisirs"],"acf":{"event-recurring":true,"event-category":50,"event-is-language-course":false,"event-recurring-still-active":true,"event-display-details":true,"event-schedules-recurring":null,"event-schedules-calendar":null,"event-is-online":false,"event-online-url":"","event-location-building":"Stadt Karlsruhe - Umwelt- und Arbeitsschutz","event-location-street":"Markgrafenstr. 14","event-location-zip":"76131","event-location-city":"Karlsruhe","event-location-contact-person":"Susanne Gerner","event-location-phone":"0721\/133 3101","event-location-phone-2":"","event-location-mail":"gruenestadt@ua.karlsruhe.de","event-location-mail-2":"","event-location-website":"https:\/\/www.karlsruhe.de\/stadt-rathaus\/so-ist-karlsruhe\/innovativ-und-quer\/gruene-stadt","event-target-group":[{"target-group":"all"}],"event-target-group-comment":"","event-free":true,"event-organiser":[11477],"event-header-copyright-overlay":true,"event-copyright-note-description-end":false},"featured_image_urls_v2":{"full":["https:\/\/www.anika-net.de\/wp-content\/uploads\/2021\/10\/GrueneStadt_01.png",1202,800,false],"thumbnail":["https:\/\/www.anika-net.de\/wp-content\/uploads\/2021\/10\/GrueneStadt_01-150x150.png",150,150,true],"medium":["https:\/\/www.anika-net.de\/wp-content\/uploads\/2021\/10\/GrueneStadt_01-300x200.png",300,200,true],"medium_large":["https:\/\/www.anika-net.de\/wp-content\/uploads\/2021\/10\/GrueneStadt_01-768x511.png",640,426,true],"large":["https:\/\/www.anika-net.de\/wp-content\/uploads\/2021\/10\/GrueneStadt_01-1024x682.png",640,426,true],"1536x1536":["https:\/\/www.anika-net.de\/wp-content\/uploads\/2021\/10\/GrueneStadt_01.png",1202,800,false],"2048x2048":["https:\/\/www.anika-net.de\/wp-content\/uploads\/2021\/10\/GrueneStadt_01.png",1202,800,false],"event-overview":["https:\/\/www.anika-net.de\/wp-content\/uploads\/2021\/10\/GrueneStadt_01-960x640.png",960,640,true],"event-archive-thumb":["https:\/\/www.anika-net.de\/wp-content\/uploads\/2021\/10\/GrueneStadt_01-480x319.png",480,319,true],"grid-item-thumbnail":["https:\/\/www.anika-net.de\/wp-content\/uploads\/2021\/10\/GrueneStadt_01-360x200.png",360,200,true],"network-partner-icon":["https:\/\/www.anika-net.de\/wp-content\/uploads\/2021\/10\/GrueneStadt_01-100x100.png",100,100,true],"organiser-icon":["https:\/\/www.anika-net.de\/wp-content\/uploads\/2021\/10\/GrueneStadt_01-200x200.png",200,200,true],"gform-image-choice-sm":["https:\/\/www.anika-net.de\/wp-content\/uploads\/2021\/10\/GrueneStadt_01.png",300,200,false],"gform-image-choice-md":["https:\/\/www.anika-net.de\/wp-content\/uploads\/2021\/10\/GrueneStadt_01.png",400,266,false],"gform-image-choice-lg":["https:\/\/www.anika-net.de\/wp-content\/uploads\/2021\/10\/GrueneStadt_01.png",600,399,false]},"post_excerpt_stackable_v2":"<p>My Green City Karls\u00adruhe \u2013 Pro\u00adjets \u00ab&nbsp;pitch-in&nbsp;\u00bb durables Ensemble, nous pou\u00advons faire de Karls\u00adruhe une ville durable. Nous pou\u00advons d\u00e9ve\u00adlop\u00adper et mettre en \u0153uvre des id\u00e9es vertes. Peut-\u00eatre pou\u00ad\u00advez-vous cr\u00e9er un jar\u00addin de quar\u00adtier, consti\u00adtuer des com\u00admu\u00adnau\u00adt\u00e9s \u00e9ner\u00adg\u00e9\u00adtiques, faire des cours de sport dans les parcs, orga\u00adni\u00adser des f\u00eates de quar\u00adtier ou ver\u00addir votre rue r\u00e9si\u00adden\u00adtielle&nbsp;? Avec \u00ab&nbsp;Meine Gr\u00fcne Stadt&nbsp;\u00bb (Ma ville verte), l\u2019ad\u00admi\u00adnis\u00adtra\u00adtion muni\u00adci\u00adpale de Karls\u00adruhe sou\u00adtient les pro\u00adjets civils \u00ab&nbsp;pitch-in&nbsp;\u00bb dans les domaines de la nature, du cli\u00admat et de la san\u00adt\u00e9. Vous avez une id\u00e9e pour un pro\u00adjet de Pitch-in durable&nbsp;? Appelez-nous&nbsp;!<\/p>\n","category_list_v2":"","author_info_v2":{"name":"Andrea Ramirez","url":"https:\/\/www.anika-net.de\/fr\/author\/andrea-ramirez\/"},"comments_num_v2":"0 commentaire","uagb_featured_image_src":{"full":["https:\/\/www.anika-net.de\/wp-content\/uploads\/2021\/10\/GrueneStadt_01.png",1202,800,false],"thumbnail":["https:\/\/www.anika-net.de\/wp-content\/uploads\/2021\/10\/GrueneStadt_01-150x150.png",150,150,true],"medium":["https:\/\/www.anika-net.de\/wp-content\/uploads\/2021\/10\/GrueneStadt_01-300x200.png",300,200,true],"medium_large":["https:\/\/www.anika-net.de\/wp-content\/uploads\/2021\/10\/GrueneStadt_01-768x511.png",640,426,true],"large":["https:\/\/www.anika-net.de\/wp-content\/uploads\/2021\/10\/GrueneStadt_01-1024x682.png",640,426,true],"1536x1536":["https:\/\/www.anika-net.de\/wp-content\/uploads\/2021\/10\/GrueneStadt_01.png",1202,800,false],"2048x2048":["https:\/\/www.anika-net.de\/wp-content\/uploads\/2021\/10\/GrueneStadt_01.png",1202,800,false],"event-overview":["https:\/\/www.anika-net.de\/wp-content\/uploads\/2021\/10\/GrueneStadt_01-960x640.png",960,640,true],"event-archive-thumb":["https:\/\/www.anika-net.de\/wp-content\/uploads\/2021\/10\/GrueneStadt_01-480x319.png",480,319,true],"grid-item-thumbnail":["https:\/\/www.anika-net.de\/wp-content\/uploads\/2021\/10\/GrueneStadt_01-360x200.png",360,200,true],"network-partner-icon":["https:\/\/www.anika-net.de\/wp-content\/uploads\/2021\/10\/GrueneStadt_01-100x100.png",100,100,true],"organiser-icon":["https:\/\/www.anika-net.de\/wp-content\/uploads\/2021\/10\/GrueneStadt_01-200x200.png",200,200,true],"gform-image-choice-sm":["https:\/\/www.anika-net.de\/wp-content\/uploads\/2021\/10\/GrueneStadt_01.png",300,200,false],"gform-image-choice-md":["https:\/\/www.anika-net.de\/wp-content\/uploads\/2021\/10\/GrueneStadt_01.png",400,266,false],"gform-image-choice-lg":["https:\/\/www.anika-net.de\/wp-content\/uploads\/2021\/10\/GrueneStadt_01.png",600,399,false]},"uagb_author_info":{"display_name":"Andrea Ramirez","author_link":"https:\/\/www.anika-net.de\/fr\/author\/andrea-ramirez\/"},"uagb_comment_info":0,"uagb_excerpt":"My Green City Karls\u00adruhe \u2013 Pro\u00adjets \u00ab&nbsp;pitch-in&nbsp;\u00bb durables Ensemble, nous pou\u00advons faire de Karls\u00adruhe une ville durable. Nous pou\u00advons d\u00e9ve\u00adlop\u00adper et mettre en \u0153uvre des id\u00e9es vertes. Peut-\u00eatre pou\u00advez-vous cr\u00e9er&nbsp;lire plus","_links":{"self":[{"href":"https:\/\/www.anika-net.de\/fr\/wp-json\/wp\/v2\/event\/11880","targetHints":{"allow":["GET"]}}],"collection":[{"href":"https:\/\/www.anika-net.de\/fr\/wp-json\/wp\/v2\/event"}],"about":[{"href":"https:\/\/www.anika-net.de\/fr\/wp-json\/wp\/v2\/types\/event"}],"author":[{"embeddable":true,"href":"https:\/\/www.anika-net.de\/fr\/wp-json\/wp\/v2\/users\/12"}],"version-history":[{"count":0,"href":"https:\/\/www.anika-net.de\/fr\/wp-json\/wp\/v2\/event\/11880\/revisions"}],"acf:post":[{"embeddable":true,"href":"https:\/\/www.anika-net.de\/fr\/wp-json\/wp\/v2\/organiser\/11477"}],"acf:term":[{"embeddable":true,"taxonomy":"event_category","href":"https:\/\/www.anika-net.de\/fr\/wp-json\/wp\/v2\/event_category\/50"}],"wp:featuredmedia":[{"embeddable":true,"href":"https:\/\/www.anika-net.de\/fr\/wp-json\/wp\/v2\/media\/7905"}],"wp:attachment":[{"href":"https:\/\/www.anika-net.de\/fr\/wp-json\/wp\/v2\/media?parent=11880"}],"curies":[{"name":"wp","href":"https:\/\/api.w.org\/{rel}","templated":true}]}}

Meine Grüne Stadt Karls­ruhe – Ma ville&nbsp;verte

<p><strong>My Green City Karls­ruhe – Pro­jets «&nbsp;pitch-in&nbsp;» durables</strong></p>
<p>Ensemble, nous pou­vons faire de Karls­ruhe une ville durable. Nous pou­vons déve­lop­per et mettre en œuvre des idées vertes. Peut-être pou­vez-vous créer un jar­din de quar­tier, consti­tuer des com­mu­nau­tés éner­gé­tiques, faire des cours de sport dans les parcs, orga­ni­ser des fêtes de quar­tier ou ver­dir votre rue rési­den­tielle&nbsp;? Avec «&nbsp;Meine Grüne Stadt&nbsp;» (Ma ville verte), l’ad­mi­nis­tra­tion muni­ci­pale de Karls­ruhe sou­tient les pro­jets civils «&nbsp;pitch-in&nbsp;» dans les domaines de la nature, du cli­mat et de la san­té. Vous avez une idée pour un pro­jet de Pitch-in durable&nbsp;? Appelez-nous&nbsp;!</p>

<p>My Green City Karls­ruhe – Pro­jets «&nbsp;pitch-in&nbsp;» durables Ensemble, nous pou­vons faire de Karls­ruhe une ville durable. Nous pou­vons déve­lop­per et mettre en œuvre des idées vertes. Peut-être pou­­vez-vous créer un jar­din de quar­tier, consti­tuer des com­mu­nau­tés éner­gé­tiques, faire des cours de sport dans les parcs, orga­ni­ser des fêtes de quar­tier ou ver­dir votre rue rési­den­tielle&nbsp;? Avec «&nbsp;Meine Grüne Stadt&nbsp;» (Ma ville verte), l’ad­mi­nis­tra­tion muni­ci­pale de Karls­ruhe sou­tient les pro­jets civils «&nbsp;pitch-in&nbsp;» dans les domaines de la nature, du cli­mat et de la san­té. Vous avez une idée pour un pro­jet de Pitch-in durable&nbsp;? Appelez-nous&nbsp;!</p>

My Green City Karls­ruhe – Pro­jets «&nbsp;pitch-in&nbsp;» durables Ensemble, nous pou­vons faire de Karls­ruhe une ville durable. Nous pou­vons déve­lop­per et mettre en œuvre des idées vertes. Peut-être pou­vez-vous créer&nbsp;lire plus
