{"id":118442,"date":"2026-01-28T18:52:11","date_gmt":"2026-01-28T17:52:11","guid":{"rendered":"https:\/\/www.anika-net.de\/event\/cafe-linguistique-pour-les-femmes-ayant-une-experience-de-la-migration\/"},"modified":"2026-01-28T18:52:14","modified_gmt":"2026-01-28T17:52:14","slug":"cafe-linguistique-pour-les-femmes-ayant-une-experience-de-la-migration","status":"publish","type":"event","link":"https:\/\/www.anika-net.de\/fr\/event\/cafe-linguistique-pour-les-femmes-ayant-une-experience-de-la-migration\/","title":{"rendered":"Caf\u00e9 lin\u00adguis\u00adtique pour les femmes ayant une exp\u00e9\u00adrience de la migration"},"content":{"rendered":"\n<p>Tous les <strong>deux mer\u00adcre\u00addis apr\u00e8s-midi<\/strong>, <em>Freun\u00addes\u00adkreis Asyl Karls\u00adruhe e.V.<\/em> orga\u00adnise un <strong>caf\u00e9 lin\u00adguis\u00adtique pour les femmes ayant une exp\u00e9\u00adrience de la migra\u00adtion<\/strong>.<br>La par\u00adti\u00adci\u00adpa\u00adtion est <strong>gra\u00adtuite<\/strong>.<\/p>\n\n<p>Vou\u00adlez-vous.. :<\/p>\n\n<ul class=\"wp-block-list\">\n<li>pra\u00adti\u00adquer l\u2019al\u00adle\u00admand, mais vous man\u00adquez d\u2019oc\u00adca\u00adsions de le&nbsp;faire&nbsp;?<\/li>\n\n\n\n<li>Par\u00adler alle\u00admand dans un envi\u00adron\u00adne\u00adment d\u00e9ten\u00addu parce que les cours de langue ne durent que peu de&nbsp;temps&nbsp;?<\/li>\n\n\n\n<li>am\u00e9\u00adlio\u00adrer votre alle\u00admand m\u00eame si vous ne pou\u00advez pas suivre un (autre) cours de langue&nbsp;?<\/li>\n\n\n\n<li>Ren\u00adcon\u00adtrez d\u2019autres femmes et faites-vous de nou\u00adveaux&nbsp;amis&nbsp;?<\/li>\n<\/ul>\n\n<p>Alors notre <strong>Caf\u00e9 des langues<\/strong> est l\u2019en\u00addroit id\u00e9al pour&nbsp;vous&nbsp;\ud83d\udcd5\u2615<\/p>\n\n<p>Le Lan\u00adguage Caf\u00e9 est ouvert \u00e0 <strong>toutes les femmes ayant une exp\u00e9\u00adrience de l\u2019im\u00admi\u00adgra\u00adtion<\/strong>, qui com\u00adprennent d\u00e9j\u00e0 un peu l\u2019al\u00adle\u00admand et sou\u00adhaitent s\u2019en\u00adtra\u00ee\u00adner \u00e0 par\u00adler \u2013 qu\u2019elles aient ou non sui\u00advi un cours de langue.<br>\ud83d\udc49 <strong>Aucun cer\u00adti\u00adfi\u00adcat de langue n\u2019<\/strong>est requis.<\/p>\n\n<p>Nous nous r\u00e9unis\u00adsons dans un cadre ami\u00adcal et infor\u00admel pour prendre un caf\u00e9 ensemble, faire connais\u00adsance et par\u00adler de sujets quo\u00adti\u00addiens.<br>\ud83d\udc49 <strong>Aucune ins\u00adcrip\u00adtion n\u2019<\/strong>est n\u00e9ces\u00adsaire.<\/p>\n\n<p><\/p>\n","protected":false},"author":12,"featured_media":118441,"template":"","class_list":["post-118442","event","type-event","status-publish","has-post-thumbnail","hentry","event_category-education"],"acf":{"event-recurring":false,"event-category":49,"event-is-language-course":false,"event-recurring-still-active":true,"event-display-details":true,"event-schedules-recurring":null,"event-schedules-calendar":[{"event-calendar-day":"20260204","event-calendar-time":"","event-calendar-time-text":""},{"event-calendar-day":"20260218","event-calendar-time":"","event-calendar-time-text":""},{"event-calendar-day":"20260304","event-calendar-time":"","event-calendar-time-text":""},{"event-calendar-day":"20260318","event-calendar-time":"14:30 - 16:30","event-calendar-time-text":""}],"event-is-online":false,"event-online-url":"","event-location-building":"","event-location-street":"Kronenplatz 1","event-location-zip":"76133","event-location-city":"Karlsruhe","event-location-contact-person":"Yassmin Dawallu-P\u00f6hler \/ Sophie Burkart","event-location-phone":"0176 4229 7070","event-location-phone-2":"0160 147 0188","event-location-mail":"yassmin.dawallu-poehler@fka-ka.de","event-location-mail-2":"sophie.burkart@fka-ka.de","event-location-website":"https:\/\/fka-ka.de\/sprachcafe-fuer-frauen-mit-migrationserfahrung\/","event-target-group":[{"target-group":"women"}],"event-target-group-comment":"","event-free":true,"event-organiser":[11400],"event-header-copyright-overlay":true,"event-copyright-note-description-end":false},"featured_image_urls_v2":{"full":["https:\/\/www.anika-net.de\/wp-content\/uploads\/2026\/01\/sprachcafe.jpg",1082,395,false],"thumbnail":["https:\/\/www.anika-net.de\/wp-content\/uploads\/2026\/01\/sprachcafe-150x150.jpg",150,150,true],"medium":["https:\/\/www.anika-net.de\/wp-content\/uploads\/2026\/01\/sprachcafe-300x110.jpg",300,110,true],"medium_large":["https:\/\/www.anika-net.de\/wp-content\/uploads\/2026\/01\/sprachcafe-768x280.jpg",640,233,true],"large":["https:\/\/www.anika-net.de\/wp-content\/uploads\/2026\/01\/sprachcafe-1024x374.jpg",640,234,true],"1536x1536":["https:\/\/www.anika-net.de\/wp-content\/uploads\/2026\/01\/sprachcafe.jpg",1082,395,false],"2048x2048":["https:\/\/www.anika-net.de\/wp-content\/uploads\/2026\/01\/sprachcafe.jpg",1082,395,false],"event-overview":["https:\/\/www.anika-net.de\/wp-content\/uploads\/2026\/01\/sprachcafe-960x395.jpg",960,395,true],"event-archive-thumb":["https:\/\/www.anika-net.de\/wp-content\/uploads\/2026\/01\/sprachcafe-480x175.jpg",480,175,true],"grid-item-thumbnail":["https:\/\/www.anika-net.de\/wp-content\/uploads\/2026\/01\/sprachcafe-360x200.jpg",360,200,true],"network-partner-icon":["https:\/\/www.anika-net.de\/wp-content\/uploads\/2026\/01\/sprachcafe-100x100.jpg",100,100,true],"organiser-icon":["https:\/\/www.anika-net.de\/wp-content\/uploads\/2026\/01\/sprachcafe-200x200.jpg",200,200,true],"gform-image-choice-sm":["https:\/\/www.anika-net.de\/wp-content\/uploads\/2026\/01\/sprachcafe.jpg",300,110,false],"gform-image-choice-md":["https:\/\/www.anika-net.de\/wp-content\/uploads\/2026\/01\/sprachcafe.jpg",400,146,false],"gform-image-choice-lg":["https:\/\/www.anika-net.de\/wp-content\/uploads\/2026\/01\/sprachcafe.jpg",600,219,false]},"post_excerpt_stackable_v2":"<p>Tous les deux mer\u00adcre\u00addis apr\u00e8s-midi, Freun\u00addes\u00adkreis Asyl Karls\u00adruhe e.V. orga\u00adnise un caf\u00e9 lin\u00adguis\u00adtique pour les femmes ayant une exp\u00e9\u00adrience de la migra\u00adtion.La par\u00adti\u00adci\u00adpa\u00adtion est gra\u00adtuite. Vou\u00ad\u00adlez-vous.. : pra\u00adti\u00adquer l\u2019al\u00adle\u00admand, mais vous man\u00adquez d\u2019oc\u00adca\u00adsions de le&nbsp;faire&nbsp;? Par\u00adler alle\u00admand dans un envi\u00adron\u00adne\u00adment d\u00e9ten\u00addu parce que les cours de langue ne durent que peu de&nbsp;temps&nbsp;? am\u00e9\u00adlio\u00adrer votre alle\u00admand m\u00eame si vous ne pou\u00advez pas suivre un (autre) cours de langue&nbsp;? Ren\u00adcon\u00adtrez d\u2019autres femmes et faites-vous de nou\u00adveaux&nbsp;amis&nbsp;? Alors notre Caf\u00e9 des langues est l\u2019en\u00addroit id\u00e9al pour&nbsp;vous&nbsp;\ud83d\udcd5\u2615 Le Lan\u00adguage Caf\u00e9 est ouvert \u00e0 toutes les femmes ayant une exp\u00e9\u00adrience de l\u2019im\u00admi\u00adgra\u00adtion, qui com\u00adprennent d\u00e9j\u00e0\u2026<\/p>\n","category_list_v2":"","author_info_v2":{"name":"Andrea Ramirez","url":"https:\/\/www.anika-net.de\/fr\/author\/andrea-ramirez\/"},"comments_num_v2":"0 commentaire","uagb_featured_image_src":{"full":["https:\/\/www.anika-net.de\/wp-content\/uploads\/2026\/01\/sprachcafe.jpg",1082,395,false],"thumbnail":["https:\/\/www.anika-net.de\/wp-content\/uploads\/2026\/01\/sprachcafe-150x150.jpg",150,150,true],"medium":["https:\/\/www.anika-net.de\/wp-content\/uploads\/2026\/01\/sprachcafe-300x110.jpg",300,110,true],"medium_large":["https:\/\/www.anika-net.de\/wp-content\/uploads\/2026\/01\/sprachcafe-768x280.jpg",640,233,true],"large":["https:\/\/www.anika-net.de\/wp-content\/uploads\/2026\/01\/sprachcafe-1024x374.jpg",640,234,true],"1536x1536":["https:\/\/www.anika-net.de\/wp-content\/uploads\/2026\/01\/sprachcafe.jpg",1082,395,false],"2048x2048":["https:\/\/www.anika-net.de\/wp-content\/uploads\/2026\/01\/sprachcafe.jpg",1082,395,false],"event-overview":["https:\/\/www.anika-net.de\/wp-content\/uploads\/2026\/01\/sprachcafe-960x395.jpg",960,395,true],"event-archive-thumb":["https:\/\/www.anika-net.de\/wp-content\/uploads\/2026\/01\/sprachcafe-480x175.jpg",480,175,true],"grid-item-thumbnail":["https:\/\/www.anika-net.de\/wp-content\/uploads\/2026\/01\/sprachcafe-360x200.jpg",360,200,true],"network-partner-icon":["https:\/\/www.anika-net.de\/wp-content\/uploads\/2026\/01\/sprachcafe-100x100.jpg",100,100,true],"organiser-icon":["https:\/\/www.anika-net.de\/wp-content\/uploads\/2026\/01\/sprachcafe-200x200.jpg",200,200,true],"gform-image-choice-sm":["https:\/\/www.anika-net.de\/wp-content\/uploads\/2026\/01\/sprachcafe.jpg",300,110,false],"gform-image-choice-md":["https:\/\/www.anika-net.de\/wp-content\/uploads\/2026\/01\/sprachcafe.jpg",400,146,false],"gform-image-choice-lg":["https:\/\/www.anika-net.de\/wp-content\/uploads\/2026\/01\/sprachcafe.jpg",600,219,false]},"uagb_author_info":{"display_name":"Andrea Ramirez","author_link":"https:\/\/www.anika-net.de\/fr\/author\/andrea-ramirez\/"},"uagb_comment_info":0,"uagb_excerpt":"Tous les deux mer\u00adcre\u00addis apr\u00e8s-midi, Freun\u00addes\u00adkreis Asyl Karls\u00adruhe e.V. orga\u00adnise un caf\u00e9 lin\u00adguis\u00adtique pour les femmes ayant une exp\u00e9\u00adrience de la migra\u00adtion.La par\u00adti\u00adci\u00adpa\u00adtion est gra\u00adtuite. Vou\u00adlez-vous.. : Alors notre Caf\u00e9&nbsp;lire plus","_links":{"self":[{"href":"https:\/\/www.anika-net.de\/fr\/wp-json\/wp\/v2\/event\/118442","targetHints":{"allow":["GET"]}}],"collection":[{"href":"https:\/\/www.anika-net.de\/fr\/wp-json\/wp\/v2\/event"}],"about":[{"href":"https:\/\/www.anika-net.de\/fr\/wp-json\/wp\/v2\/types\/event"}],"author":[{"embeddable":true,"href":"https:\/\/www.anika-net.de\/fr\/wp-json\/wp\/v2\/users\/12"}],"version-history":[{"count":2,"href":"https:\/\/www.anika-net.de\/fr\/wp-json\/wp\/v2\/event\/118442\/revisions"}],"predecessor-version":[{"id":118444,"href":"https:\/\/www.anika-net.de\/fr\/wp-json\/wp\/v2\/event\/118442\/revisions\/118444"}],"acf:post":[{"embeddable":true,"href":"https:\/\/www.anika-net.de\/fr\/wp-json\/wp\/v2\/organiser\/11400"}],"acf:term":[{"embeddable":true,"taxonomy":"event_category","href":"https:\/\/www.anika-net.de\/fr\/wp-json\/wp\/v2\/event_category\/49"}],"wp:featuredmedia":[{"embeddable":true,"href":"https:\/\/www.anika-net.de\/fr\/wp-json\/wp\/v2\/media\/118441"}],"wp:attachment":[{"href":"https:\/\/www.anika-net.de\/fr\/wp-json\/wp\/v2\/media?parent=118442"}],"curies":[{"name":"wp","href":"https:\/\/api.w.org\/{rel}","templated":true}]}}

Café lin­guis­tique pour les femmes ayant une expé­rience de la migration

<p>Tous les <strong>deux mer­cre­dis après-midi</strong>, <em>Freun­des­kreis Asyl Karls­ruhe e.V.</em> orga­nise un <strong>café lin­guis­tique pour les femmes ayant une expé­rience de la migra­tion</strong>.<br>La par­ti­ci­pa­tion est <strong>gra­tuite</strong>.</p>

<p>Vou­lez-vous.. :</p>

<ul class="wp-block-list">
<li>pra­ti­quer l’al­le­mand, mais vous man­quez d’oc­ca­sions de le&nbsp;faire&nbsp;?</li>



<li>Par­ler alle­mand dans un envi­ron­ne­ment déten­du parce que les cours de langue ne durent que peu de&nbsp;temps&nbsp;?</li>



<li>amé­lio­rer votre alle­mand même si vous ne pou­vez pas suivre un (autre) cours de langue&nbsp;?</li>



<li>Ren­con­trez d’autres femmes et faites-vous de nou­veaux&nbsp;amis&nbsp;?</li>
</ul>

<p>Alors notre <strong>Café des langues</strong> est l’en­droit idéal pour&nbsp;vous&nbsp;📕☕</p>

<p>Le Lan­guage Café est ouvert à <strong>toutes les femmes ayant une expé­rience de l’im­mi­gra­tion</strong>, qui com­prennent déjà un peu l’al­le­mand et sou­haitent s’en­traî­ner à par­ler – qu’elles aient ou non sui­vi un cours de langue.<br>👉 <strong>Aucun cer­ti­fi­cat de langue n’</strong>est requis.</p>

<p>Nous nous réunis­sons dans un cadre ami­cal et infor­mel pour prendre un café ensemble, faire connais­sance et par­ler de sujets quo­ti­diens.<br>👉 <strong>Aucune ins­crip­tion n’</strong>est néces­saire.</p>

<p></p>

Yassmin Dawallu-Pöhler / Sophie Burkart

<p>Tous les deux mer­cre­dis après-midi, Freun­des­kreis Asyl Karls­ruhe e.V. orga­nise un café lin­guis­tique pour les femmes ayant une expé­rience de la migra­tion.La par­ti­ci­pa­tion est gra­tuite. Vou­­lez-vous.. : pra­ti­quer l’al­le­mand, mais vous man­quez d’oc­ca­sions de le&nbsp;faire&nbsp;? Par­ler alle­mand dans un envi­ron­ne­ment déten­du parce que les cours de langue ne durent que peu de&nbsp;temps&nbsp;? amé­lio­rer votre alle­mand même si vous ne pou­vez pas suivre un (autre) cours de langue&nbsp;? Ren­con­trez d’autres femmes et faites-vous de nou­veaux&nbsp;amis&nbsp;? Alors notre Café des langues est l’en­droit idéal pour&nbsp;vous&nbsp;📕☕ Le Lan­guage Café est ouvert à toutes les femmes ayant une expé­rience de l’im­mi­gra­tion, qui com­prennent déjà…</p>

Tous les deux mer­cre­dis après-midi, Freun­des­kreis Asyl Karls­ruhe e.V. orga­nise un café lin­guis­tique pour les femmes ayant une expé­rience de la migra­tion.La par­ti­ci­pa­tion est gra­tuite. Vou­lez-vous.. : Alors notre Café&nbsp;lire plus
