{"id":11637,"date":"2021-11-03T12:09:25","date_gmt":"2021-11-03T11:09:25","guid":{"rendered":"https:\/\/www.anika-net.de\/?post_type=event&#038;p=11637"},"modified":"2021-11-03T12:09:25","modified_gmt":"2021-11-03T11:09:25","slug":"salle-de-jeux-dhiver","status":"publish","type":"event","link":"https:\/\/www.anika-net.de\/fr\/event\/salle-de-jeux-dhiver\/","title":{"rendered":"Salle de jeux d\u2019hiver"},"content":{"rendered":"<p>Pen\u00addant la sai\u00adson froide, les enfants ont moins d\u2019oc\u00adca\u00adsions de jouer \u00e0 l\u2019ex\u00adt\u00e9\u00adrieur de la mai\u00adson. Apr\u00e8s une pause due \u00e0 la pan\u00add\u00e9\u00admie, l\u2019\u00e9\u00adquipe de Karls\u00adruhe, dans le cadre du pro\u00adgramme f\u00e9d\u00e9\u00adral \u00ab&nbsp;Kita-Eins\u00adtieg&nbsp;: Br\u00fc\u00adcken bauen in fr\u00fche Bil\u00addung&nbsp;\u00bb, orga\u00adni\u00adse\u00adra \u00e0 nou\u00adveau le <strong>win\u00adter\u00adSPIEL\u00adZIM\u00adMER<\/strong> (salle de jeux d\u2019hi\u00adver) \u00e0 par\u00adtir du 8 novembre 2021. Les enfants peuvent venir y jouer et les parents s\u2019y ren\u00adcon\u00adtrer. . Les pro\u00adfes\u00adsion\u00adnels de \u00ab&nbsp;Kita-Eins\u00adtieg&nbsp;\u00bb don\u00adne\u00adront \u00e9ga\u00adle\u00adment des conseils sur les <strong>pos\u00adsi\u00adbi\u00adli\u00adt\u00e9s de garde d\u2019en\u00adfants<\/strong>.<\/p>\n<p>&nbsp;<\/p>\n<p><strong>Salle de jeux d\u2019hi\u00adver Nordstadt&nbsp;:<\/strong><br>\nLes lun\u00addis, du 8 novembre 2021 au 28 mars&nbsp;2022<br>\nSch\u00fc\u00adle\u00adrhort, Rhode-Island-Allee 88, 76149 Karlsruhe<br>\n9h30 \u00e0&nbsp;11h30<\/p>\n<p>T\u00e9l\u00e9\u00adphone&nbsp;: 0151 11413992<br>\nCour\u00adriel&nbsp;: brueckenbauen@sjb.karlsruhe.de<\/p>\n<p>Nord\u00adstadt&nbsp;: <a href=\"https:\/\/www.anika-net.de\/wp-content\/uploads\/2021\/11\/211025_A4_Plakat_Winterspielzimmer_Nordstadt.pdf\" target=\"_blank\" rel=\"noopener\">Affiche<\/a> \u2013 <a href=\"https:\/\/www.anika-net.de\/wp-content\/uploads\/2021\/11\/211025_Karte_Winterspielzimmer_Nordstadt.pdf\" target=\"_blank\" rel=\"noopener\">Carte<\/a><\/p>\n<p>&nbsp;<\/p>\n<p><strong>Salle de jeux d\u2019hi\u00adver S\u00fcdstadt&nbsp;:<\/strong><br>\nLes mar\u00addis, du 9 novembre 2021 au 29 mars&nbsp;2022<br>\n9h30 \u00e0&nbsp;11h30<br>\nKin\u00adder- und Jugend\u00adhaus, Augar\u00adtens\u00adtra\u00dfe 21, 76137 Karlsruhe<\/p>\n<p>T\u00e9l\u00e9\u00adphone&nbsp;: 0177 2881128 et 0171 1845349<br>\nCour\u00adriel&nbsp;: brueckenbauen@allerheiligen-ka.de,<br>\nsilke.teltscher@reha-suedwest.de<\/p>\n<p>S\u00fcd\u00adstadt&nbsp;: <a href=\"https:\/\/www.anika-net.de\/wp-content\/uploads\/2021\/11\/211025_A4_Plakat_Winterspielzimmer_Suedstadt.pdf\" target=\"_blank\" rel=\"noopener\">Affiche<\/a> \u2013 <a href=\"https:\/\/www.anika-net.de\/wp-content\/uploads\/2021\/11\/211025_Karte_Winterspielzimmer_Suedstadt.pdf\" target=\"_blank\" rel=\"noopener\">Carte<\/a><\/p>\n","protected":false},"author":12,"featured_media":11143,"template":"","class_list":["post-11637","event","type-event","status-publish","has-post-thumbnail","hentry"],"acf":{"event-recurring":true,"event-category":false,"event-is-language-course":false,"event-recurring-still-active":true,"event-display-details":true,"event-schedules-recurring":null,"event-schedules-calendar":null,"event-is-online":false,"event-online-url":"","event-location-building":"","event-location-street":"","event-location-zip":"","event-location-city":"","event-location-contact-person":"","event-location-phone":"","event-location-phone-2":"","event-location-mail":"","event-location-mail-2":"","event-location-website":"","event-target-group":[{"target-group":"children"}],"event-target-group-comment":"Pour les enfants \u00e2g\u00e9s de 1 \u00e0 6 ans","event-free":true,"event-organiser":11369,"event-header-copyright-overlay":false,"event-copyright-note-description-end":true},"featured_image_urls_v2":{"full":["https:\/\/www.anika-net.de\/wp-content\/uploads\/2021\/10\/kindergarten-gbc81269f0_1280.jpg",1280,853,false],"thumbnail":["https:\/\/www.anika-net.de\/wp-content\/uploads\/2021\/10\/kindergarten-gbc81269f0_1280-150x150.jpg",150,150,true],"medium":["https:\/\/www.anika-net.de\/wp-content\/uploads\/2021\/10\/kindergarten-gbc81269f0_1280-300x200.jpg",300,200,true],"medium_large":["https:\/\/www.anika-net.de\/wp-content\/uploads\/2021\/10\/kindergarten-gbc81269f0_1280-768x512.jpg",640,427,true],"large":["https:\/\/www.anika-net.de\/wp-content\/uploads\/2021\/10\/kindergarten-gbc81269f0_1280-1024x682.jpg",640,426,true],"1536x1536":["https:\/\/www.anika-net.de\/wp-content\/uploads\/2021\/10\/kindergarten-gbc81269f0_1280.jpg",1280,853,false],"2048x2048":["https:\/\/www.anika-net.de\/wp-content\/uploads\/2021\/10\/kindergarten-gbc81269f0_1280.jpg",1280,853,false],"event-overview":["https:\/\/www.anika-net.de\/wp-content\/uploads\/2021\/10\/kindergarten-gbc81269f0_1280-960x640.jpg",960,640,true],"event-archive-thumb":["https:\/\/www.anika-net.de\/wp-content\/uploads\/2021\/10\/kindergarten-gbc81269f0_1280-480x320.jpg",480,320,true],"grid-item-thumbnail":["https:\/\/www.anika-net.de\/wp-content\/uploads\/2021\/10\/kindergarten-gbc81269f0_1280-360x200.jpg",360,200,true],"network-partner-icon":["https:\/\/www.anika-net.de\/wp-content\/uploads\/2021\/10\/kindergarten-gbc81269f0_1280-100x100.jpg",100,100,true],"organiser-icon":["https:\/\/www.anika-net.de\/wp-content\/uploads\/2021\/10\/kindergarten-gbc81269f0_1280-200x200.jpg",200,200,true],"gform-image-choice-sm":["https:\/\/www.anika-net.de\/wp-content\/uploads\/2021\/10\/kindergarten-gbc81269f0_1280.jpg",300,200,false],"gform-image-choice-md":["https:\/\/www.anika-net.de\/wp-content\/uploads\/2021\/10\/kindergarten-gbc81269f0_1280.jpg",400,267,false],"gform-image-choice-lg":["https:\/\/www.anika-net.de\/wp-content\/uploads\/2021\/10\/kindergarten-gbc81269f0_1280.jpg",600,400,false]},"post_excerpt_stackable_v2":"<p>Pen\u00addant la sai\u00adson froide, les enfants ont moins d\u2019oc\u00adca\u00adsions de jouer \u00e0 l\u2019ex\u00adt\u00e9\u00adrieur de la mai\u00adson. Apr\u00e8s une pause due \u00e0 la pan\u00add\u00e9\u00admie, l\u2019\u00e9\u00adquipe de Karls\u00adruhe, dans le cadre du pro\u00adgramme f\u00e9d\u00e9\u00adral \u00ab&nbsp;Kita-Eins\u00ad\u00adtieg&nbsp;: Br\u00fc\u00adcken bauen in fr\u00fche Bil\u00addung&nbsp;\u00bb, orga\u00adni\u00adse\u00adra \u00e0 nou\u00adveau le win\u00adter\u00adSPIEL\u00adZIM\u00adMER (salle de jeux d\u2019hi\u00adver) \u00e0 par\u00adtir du 8 novembre 2021. Les enfants peuvent venir y jouer et les parents s\u2019y ren\u00adcon\u00adtrer. . Les pro\u00adfes\u00adsion\u00adnels de \u00ab&nbsp;Kita-Eins\u00ad\u00adtieg&nbsp;\u00bb don\u00adne\u00adront \u00e9ga\u00adle\u00adment des conseils sur les pos\u00adsi\u00adbi\u00adli\u00adt\u00e9s de garde d\u2019en\u00adfants. &nbsp; Salle de jeux d\u2019hi\u00adver Nord\u00adstadt&nbsp;: Les lun\u00addis, du 8 novembre 2021 au 28 mars&nbsp;2022 Sch\u00fc\u00adle\u00adrhort, Rhode-Island-Allee 88, 76149 Karls\u00adruhe&nbsp;9h30\u2026<\/p>\n","category_list_v2":"","author_info_v2":{"name":"Andrea Ramirez","url":"https:\/\/www.anika-net.de\/fr\/author\/andrea-ramirez\/"},"comments_num_v2":"0 commentaire","uagb_featured_image_src":{"full":["https:\/\/www.anika-net.de\/wp-content\/uploads\/2021\/10\/kindergarten-gbc81269f0_1280.jpg",1280,853,false],"thumbnail":["https:\/\/www.anika-net.de\/wp-content\/uploads\/2021\/10\/kindergarten-gbc81269f0_1280-150x150.jpg",150,150,true],"medium":["https:\/\/www.anika-net.de\/wp-content\/uploads\/2021\/10\/kindergarten-gbc81269f0_1280-300x200.jpg",300,200,true],"medium_large":["https:\/\/www.anika-net.de\/wp-content\/uploads\/2021\/10\/kindergarten-gbc81269f0_1280-768x512.jpg",640,427,true],"large":["https:\/\/www.anika-net.de\/wp-content\/uploads\/2021\/10\/kindergarten-gbc81269f0_1280-1024x682.jpg",640,426,true],"1536x1536":["https:\/\/www.anika-net.de\/wp-content\/uploads\/2021\/10\/kindergarten-gbc81269f0_1280.jpg",1280,853,false],"2048x2048":["https:\/\/www.anika-net.de\/wp-content\/uploads\/2021\/10\/kindergarten-gbc81269f0_1280.jpg",1280,853,false],"event-overview":["https:\/\/www.anika-net.de\/wp-content\/uploads\/2021\/10\/kindergarten-gbc81269f0_1280-960x640.jpg",960,640,true],"event-archive-thumb":["https:\/\/www.anika-net.de\/wp-content\/uploads\/2021\/10\/kindergarten-gbc81269f0_1280-480x320.jpg",480,320,true],"grid-item-thumbnail":["https:\/\/www.anika-net.de\/wp-content\/uploads\/2021\/10\/kindergarten-gbc81269f0_1280-360x200.jpg",360,200,true],"network-partner-icon":["https:\/\/www.anika-net.de\/wp-content\/uploads\/2021\/10\/kindergarten-gbc81269f0_1280-100x100.jpg",100,100,true],"organiser-icon":["https:\/\/www.anika-net.de\/wp-content\/uploads\/2021\/10\/kindergarten-gbc81269f0_1280-200x200.jpg",200,200,true],"gform-image-choice-sm":["https:\/\/www.anika-net.de\/wp-content\/uploads\/2021\/10\/kindergarten-gbc81269f0_1280.jpg",300,200,false],"gform-image-choice-md":["https:\/\/www.anika-net.de\/wp-content\/uploads\/2021\/10\/kindergarten-gbc81269f0_1280.jpg",400,267,false],"gform-image-choice-lg":["https:\/\/www.anika-net.de\/wp-content\/uploads\/2021\/10\/kindergarten-gbc81269f0_1280.jpg",600,400,false]},"uagb_author_info":{"display_name":"Andrea Ramirez","author_link":"https:\/\/www.anika-net.de\/fr\/author\/andrea-ramirez\/"},"uagb_comment_info":0,"uagb_excerpt":"Pen\u00addant la sai\u00adson froide, les enfants ont moins d\u2019oc\u00adca\u00adsions de jouer \u00e0 l\u2019ex\u00adt\u00e9\u00adrieur de la mai\u00adson. Apr\u00e8s une pause due \u00e0 la pan\u00add\u00e9\u00admie, l\u2019\u00e9\u00adquipe de Karls\u00adruhe, dans le cadre du&nbsp;lire plus","_links":{"self":[{"href":"https:\/\/www.anika-net.de\/fr\/wp-json\/wp\/v2\/event\/11637","targetHints":{"allow":["GET"]}}],"collection":[{"href":"https:\/\/www.anika-net.de\/fr\/wp-json\/wp\/v2\/event"}],"about":[{"href":"https:\/\/www.anika-net.de\/fr\/wp-json\/wp\/v2\/types\/event"}],"author":[{"embeddable":true,"href":"https:\/\/www.anika-net.de\/fr\/wp-json\/wp\/v2\/users\/12"}],"version-history":[{"count":0,"href":"https:\/\/www.anika-net.de\/fr\/wp-json\/wp\/v2\/event\/11637\/revisions"}],"acf:post":[{"embeddable":true,"href":"https:\/\/www.anika-net.de\/fr\/wp-json\/wp\/v2\/organiser\/11369"}],"wp:featuredmedia":[{"embeddable":true,"href":"https:\/\/www.anika-net.de\/fr\/wp-json\/wp\/v2\/media\/11143"}],"wp:attachment":[{"href":"https:\/\/www.anika-net.de\/fr\/wp-json\/wp\/v2\/media?parent=11637"}],"curies":[{"name":"wp","href":"https:\/\/api.w.org\/{rel}","templated":true}]}}

<p>Pen­dant la sai­son froide, les enfants ont moins d’oc­ca­sions de jouer à l’ex­té­rieur de la mai­son. Après une pause due à la pan­dé­mie, l’é­quipe de Karls­ruhe, dans le cadre du pro­gramme fédé­ral «&nbsp;Kita-Eins­tieg&nbsp;: Brü­cken bauen in frühe Bil­dung&nbsp;», orga­ni­se­ra à nou­veau le <strong>win­ter­SPIEL­ZIM­MER</strong> (salle de jeux d’hi­ver) à par­tir du 8 novembre 2021. Les enfants peuvent venir y jouer et les parents s’y ren­con­trer. . Les pro­fes­sion­nels de «&nbsp;Kita-Eins­tieg&nbsp;» don­ne­ront éga­le­ment des conseils sur les <strong>pos­si­bi­li­tés de garde d’en­fants</strong>.</p>
<p>&nbsp;</p>
<p><strong>Salle de jeux d’hi­ver Nordstadt&nbsp;:</strong><br>
Les lun­dis, du 8 novembre 2021 au 28 mars&nbsp;2022<br>
Schü­le­rhort, Rhode-Island-Allee 88, 76149 Karlsruhe<br>
9h30 à&nbsp;11h30</p>
<p>Télé­phone&nbsp;: 0151 11413992<br>
Cour­riel&nbsp;: brueckenbauen@sjb.karlsruhe.de</p>
<p>Nord­stadt&nbsp;: <a href="https://www.anika-net.de/wp-content/uploads/2021/11/211025_A4_Plakat_Winterspielzimmer_Nordstadt.pdf" target="_blank" rel="noopener">Affiche</a> – <a href="https://www.anika-net.de/wp-content/uploads/2021/11/211025_Karte_Winterspielzimmer_Nordstadt.pdf" target="_blank" rel="noopener">Carte</a></p>
<p>&nbsp;</p>
<p><strong>Salle de jeux d’hi­ver Südstadt&nbsp;:</strong><br>
Les mar­dis, du 9 novembre 2021 au 29 mars&nbsp;2022<br>
9h30 à&nbsp;11h30<br>
Kin­der- und Jugend­haus, Augar­tens­traße 21, 76137 Karlsruhe</p>
<p>Télé­phone&nbsp;: 0177 2881128 et 0171 1845349<br>
Cour­riel&nbsp;: brueckenbauen@allerheiligen-ka.de,<br>
silke.teltscher@reha-suedwest.de</p>
<p>Süd­stadt&nbsp;: <a href="https://www.anika-net.de/wp-content/uploads/2021/11/211025_A4_Plakat_Winterspielzimmer_Suedstadt.pdf" target="_blank" rel="noopener">Affiche</a> – <a href="https://www.anika-net.de/wp-content/uploads/2021/11/211025_Karte_Winterspielzimmer_Suedstadt.pdf" target="_blank" rel="noopener">Carte</a></p>

Pour les enfants âgés de 1 à 6 ans

<p>Pen­dant la sai­son froide, les enfants ont moins d’oc­ca­sions de jouer à l’ex­té­rieur de la mai­son. Après une pause due à la pan­dé­mie, l’é­quipe de Karls­ruhe, dans le cadre du pro­gramme fédé­ral «&nbsp;Kita-Eins­­tieg&nbsp;: Brü­cken bauen in frühe Bil­dung&nbsp;», orga­ni­se­ra à nou­veau le win­ter­SPIEL­ZIM­MER (salle de jeux d’hi­ver) à par­tir du 8 novembre 2021. Les enfants peuvent venir y jouer et les parents s’y ren­con­trer. . Les pro­fes­sion­nels de «&nbsp;Kita-Eins­­tieg&nbsp;» don­ne­ront éga­le­ment des conseils sur les pos­si­bi­li­tés de garde d’en­fants. &nbsp; Salle de jeux d’hi­ver Nord­stadt&nbsp;: Les lun­dis, du 8 novembre 2021 au 28 mars&nbsp;2022 Schü­le­rhort, Rhode-Island-Allee 88, 76149 Karls­ruhe&nbsp;9h30…</p>

Pen­dant la sai­son froide, les enfants ont moins d’oc­ca­sions de jouer à l’ex­té­rieur de la mai­son. Après une pause due à la pan­dé­mie, l’é­quipe de Karls­ruhe, dans le cadre du&nbsp;lire plus
