{"id":61549,"date":"2025-05-20T14:08:50","date_gmt":"2025-05-20T12:08:50","guid":{"rendered":"https:\/\/www.anika-net.de\/event\/taller-las-familias-en-la-biblioteca-del-manana\/"},"modified":"2025-05-20T14:08:50","modified_gmt":"2025-05-20T12:08:50","slug":"taller-las-familias-en-la-biblioteca-del-manana","status":"publish","type":"event","link":"https:\/\/www.anika-net.de\/es\/event\/taller-las-familias-en-la-biblioteca-del-manana\/","title":{"rendered":"Taller \u2014 Las fami\u00adlias en la biblio\u00adte\u00adca del ma\u00f1ana"},"content":{"rendered":"<h3><span style=\"color: #666699;\">Biblio\u00adte\u00adca Muni\u00adci\u00adpal de Karlsruhe<\/span><\/h3>\n<h1><span style=\"color: #800080;\">Futu\u00adro taller I:<\/span><br>\n<span style=\"color: #333399;\">\u201cHaz\u00adlo tuyo: Las fami\u00adlias en la biblio\u00adte\u00adca del ma\u00f1ana<\/span><\/h1>\n<p><strong>\u00bfTie\u00adnes&nbsp;hijos?<\/strong><br>\nTe invi\u00adta\u00admos a unir\u00adte a noso\u00adtros para pen\u00adsar en la biblio\u00adte\u00adca del ma\u00f1ana.<br>\nNos intere\u00adsa el libre inter\u00adcam\u00adbio y las ideas des\u00adde todas las perspectivas.<\/p>\n<h4><strong><span style=\"color: #008080;\">Pro\u00adgra\u00adma dia\u00adrio<\/span> <\/strong><\/h4>\n<p>15 h: Lle\u00adga\u00adda con visi\u00adta guiada<br>\n15:30 h: Taller<br>\n18 h: Inter\u00adcam\u00adbio con aperitivos<\/p>\n<p>\u270d\ud83c\udffc <span style=\"color: #800080;\"><strong>Ins\u00adcr\u00ed\u00adbe\u00adte por tel\u00e9\u00adfono o correo elec\u00adtr\u00f3\u00adni\u00adco<\/strong> <\/span> <\/p>\n","protected":false},"author":12,"featured_media":61540,"template":"","class_list":["post-61549","event","type-event","status-publish","has-post-thumbnail","hentry","event_category-ocio"],"acf":{"event-recurring":false,"event-category":168,"event-is-language-course":false,"event-recurring-still-active":true,"event-display-details":true,"event-schedules-recurring":null,"event-schedules-calendar":[{"event-calendar-day":"20250705","event-calendar-time":"15:00","event-calendar-time-text":""}],"event-is-online":false,"event-online-url":"","event-location-building":" Stadtbibliothek in the new St\u00e4ndehaus","event-location-street":" St\u00e4ndehausstra\u00dfe 2","event-location-zip":"76133","event-location-city":"Karlsruhe","event-location-contact-person":"Franziska Wagne","event-location-phone":"0721 133-1212","event-location-phone-2":"","event-location-mail":"bme@afsta.karlsruhe.de","event-location-mail-2":"bibliothekspaedagogik@kultur.karlsruhe.de","event-location-website":"https:\/\/kalender.karlsruhe.de\/db\/termine\/literatur\/workshop_zukunftsworkshop_i_make_it","event-target-group":[{"target-group":"parents"}],"event-target-group-comment":"","event-free":true,"event-organiser":[50537],"event-header-copyright-overlay":true,"event-copyright-note-description-end":false},"featured_image_urls_v2":{"full":["https:\/\/www.anika-net.de\/wp-content\/uploads\/2025\/05\/Bibliothek.png",786,519,false],"thumbnail":["https:\/\/www.anika-net.de\/wp-content\/uploads\/2025\/05\/Bibliothek-150x150.png",150,150,true],"medium":["https:\/\/www.anika-net.de\/wp-content\/uploads\/2025\/05\/Bibliothek-300x198.png",300,198,true],"medium_large":["https:\/\/www.anika-net.de\/wp-content\/uploads\/2025\/05\/Bibliothek-768x507.png",640,423,true],"large":["https:\/\/www.anika-net.de\/wp-content\/uploads\/2025\/05\/Bibliothek.png",640,423,false],"1536x1536":["https:\/\/www.anika-net.de\/wp-content\/uploads\/2025\/05\/Bibliothek.png",786,519,false],"2048x2048":["https:\/\/www.anika-net.de\/wp-content\/uploads\/2025\/05\/Bibliothek.png",786,519,false],"event-overview":["https:\/\/www.anika-net.de\/wp-content\/uploads\/2025\/05\/Bibliothek.png",786,519,false],"event-archive-thumb":["https:\/\/www.anika-net.de\/wp-content\/uploads\/2025\/05\/Bibliothek-480x317.png",480,317,true],"grid-item-thumbnail":["https:\/\/www.anika-net.de\/wp-content\/uploads\/2025\/05\/Bibliothek-360x200.png",360,200,true],"network-partner-icon":["https:\/\/www.anika-net.de\/wp-content\/uploads\/2025\/05\/Bibliothek-100x100.png",100,100,true],"organiser-icon":["https:\/\/www.anika-net.de\/wp-content\/uploads\/2025\/05\/Bibliothek-200x200.png",200,200,true],"gform-image-choice-sm":["https:\/\/www.anika-net.de\/wp-content\/uploads\/2025\/05\/Bibliothek.png",300,198,false],"gform-image-choice-md":["https:\/\/www.anika-net.de\/wp-content\/uploads\/2025\/05\/Bibliothek.png",400,264,false],"gform-image-choice-lg":["https:\/\/www.anika-net.de\/wp-content\/uploads\/2025\/05\/Bibliothek.png",600,396,false]},"post_excerpt_stackable_v2":"<p>Biblio\u00adte\u00adca Muni\u00adci\u00adpal de Karls\u00adruhe Futu\u00adro taller I: \u201cHaz\u00adlo tuyo: Las fami\u00adlias en la biblio\u00adte\u00adca del ma\u00f1a\u00adna \u00bfTie\u00adnes&nbsp;hijos? Te invi\u00adta\u00admos a unir\u00adte a noso\u00adtros para pen\u00adsar en la biblio\u00adte\u00adca del ma\u00f1a\u00adna. Nos intere\u00adsa el libre inter\u00adcam\u00adbio y las ideas des\u00adde todas las pers\u00adpec\u00adti\u00advas. Pro\u00adgra\u00adma dia\u00adrio 15 h: Lle\u00adga\u00adda con visi\u00adta guia\u00adda 15:30 h: Taller 18 h: Inter\u00adcam\u00adbio con ape\u00adri\u00adti\u00advos \u270d\ud83c\udffc Ins\u00adcr\u00ed\u00adbe\u00adte por tel\u00e9\u00adfono o correo electr\u00f3nico<\/p>\n","category_list_v2":"","author_info_v2":{"name":"Andrea Ramirez","url":"https:\/\/www.anika-net.de\/es\/author\/andrea-ramirez\/"},"comments_num_v2":"0 comentarios","uagb_featured_image_src":{"full":["https:\/\/www.anika-net.de\/wp-content\/uploads\/2025\/05\/Bibliothek.png",786,519,false],"thumbnail":["https:\/\/www.anika-net.de\/wp-content\/uploads\/2025\/05\/Bibliothek-150x150.png",150,150,true],"medium":["https:\/\/www.anika-net.de\/wp-content\/uploads\/2025\/05\/Bibliothek-300x198.png",300,198,true],"medium_large":["https:\/\/www.anika-net.de\/wp-content\/uploads\/2025\/05\/Bibliothek-768x507.png",640,423,true],"large":["https:\/\/www.anika-net.de\/wp-content\/uploads\/2025\/05\/Bibliothek.png",640,423,false],"1536x1536":["https:\/\/www.anika-net.de\/wp-content\/uploads\/2025\/05\/Bibliothek.png",786,519,false],"2048x2048":["https:\/\/www.anika-net.de\/wp-content\/uploads\/2025\/05\/Bibliothek.png",786,519,false],"event-overview":["https:\/\/www.anika-net.de\/wp-content\/uploads\/2025\/05\/Bibliothek.png",786,519,false],"event-archive-thumb":["https:\/\/www.anika-net.de\/wp-content\/uploads\/2025\/05\/Bibliothek-480x317.png",480,317,true],"grid-item-thumbnail":["https:\/\/www.anika-net.de\/wp-content\/uploads\/2025\/05\/Bibliothek-360x200.png",360,200,true],"network-partner-icon":["https:\/\/www.anika-net.de\/wp-content\/uploads\/2025\/05\/Bibliothek-100x100.png",100,100,true],"organiser-icon":["https:\/\/www.anika-net.de\/wp-content\/uploads\/2025\/05\/Bibliothek-200x200.png",200,200,true],"gform-image-choice-sm":["https:\/\/www.anika-net.de\/wp-content\/uploads\/2025\/05\/Bibliothek.png",300,198,false],"gform-image-choice-md":["https:\/\/www.anika-net.de\/wp-content\/uploads\/2025\/05\/Bibliothek.png",400,264,false],"gform-image-choice-lg":["https:\/\/www.anika-net.de\/wp-content\/uploads\/2025\/05\/Bibliothek.png",600,396,false]},"uagb_author_info":{"display_name":"Andrea Ramirez","author_link":"https:\/\/www.anika-net.de\/es\/author\/andrea-ramirez\/"},"uagb_comment_info":0,"uagb_excerpt":"Biblio\u00adte\u00adca Muni\u00adci\u00adpal de Karlsruhe Futu\u00adro taller I: \u201cHaz\u00adlo tuyo: Las fami\u00adlias en la biblio\u00adte\u00adca del ma\u00f1ana \u00bfTie\u00adnes&nbsp;hijos? Te invi\u00adta\u00admos a unir\u00adte a noso\u00adtros para pen\u00adsar en la biblio\u00adte\u00adca del ma\u00f1ana.&nbsp;leer m\u00e1s","_links":{"self":[{"href":"https:\/\/www.anika-net.de\/es\/wp-json\/wp\/v2\/event\/61549","targetHints":{"allow":["GET"]}}],"collection":[{"href":"https:\/\/www.anika-net.de\/es\/wp-json\/wp\/v2\/event"}],"about":[{"href":"https:\/\/www.anika-net.de\/es\/wp-json\/wp\/v2\/types\/event"}],"author":[{"embeddable":true,"href":"https:\/\/www.anika-net.de\/es\/wp-json\/wp\/v2\/users\/12"}],"version-history":[{"count":0,"href":"https:\/\/www.anika-net.de\/es\/wp-json\/wp\/v2\/event\/61549\/revisions"}],"acf:post":[{"embeddable":true,"href":"https:\/\/www.anika-net.de\/es\/wp-json\/wp\/v2\/organiser\/50537"}],"acf:term":[{"embeddable":true,"taxonomy":"event_category","href":"https:\/\/www.anika-net.de\/es\/wp-json\/wp\/v2\/event_category\/168"}],"wp:featuredmedia":[{"embeddable":true,"href":"https:\/\/www.anika-net.de\/es\/wp-json\/wp\/v2\/media\/61540"}],"wp:attachment":[{"href":"https:\/\/www.anika-net.de\/es\/wp-json\/wp\/v2\/media?parent=61549"}],"curies":[{"name":"wp","href":"https:\/\/api.w.org\/{rel}","templated":true}]}}

Taller — Las fami­lias en la biblio­te­ca del mañana

<h3><span style="color: #666699;">Biblio­te­ca Muni­ci­pal de Karlsruhe</span></h3>
<h1><span style="color: #800080;">Futu­ro taller I:</span><br>
<span style="color: #333399;">“Haz­lo tuyo: Las fami­lias en la biblio­te­ca del mañana</span></h1>
<p><strong>¿Tie­nes&nbsp;hijos?</strong><br>
Te invi­ta­mos a unir­te a noso­tros para pen­sar en la biblio­te­ca del mañana.<br>
Nos intere­sa el libre inter­cam­bio y las ideas des­de todas las perspectivas.</p>
<h4><strong><span style="color: #008080;">Pro­gra­ma dia­rio</span> </strong></h4>
<p>15 h: Lle­ga­da con visi­ta guiada<br>
15:30 h: Taller<br>
18 h: Inter­cam­bio con aperitivos</p>
<p>✍🏼 <span style="color: #800080;"><strong>Ins­crí­be­te por telé­fono o correo elec­tró­ni­co</strong> </span> </p>

Stadtbibliothek in the new Ständehaus

Ständehausstraße 2

<p>Biblio­te­ca Muni­ci­pal de Karls­ruhe Futu­ro taller I: “Haz­lo tuyo: Las fami­lias en la biblio­te­ca del maña­na ¿Tie­nes&nbsp;hijos? Te invi­ta­mos a unir­te a noso­tros para pen­sar en la biblio­te­ca del maña­na. Nos intere­sa el libre inter­cam­bio y las ideas des­de todas las pers­pec­ti­vas. Pro­gra­ma dia­rio 15 h: Lle­ga­da con visi­ta guia­da 15:30 h: Taller 18 h: Inter­cam­bio con ape­ri­ti­vos ✍🏼 Ins­crí­be­te por telé­fono o correo electrónico</p>

Biblio­te­ca Muni­ci­pal de Karlsruhe Futu­ro taller I: “Haz­lo tuyo: Las fami­lias en la biblio­te­ca del mañana ¿Tie­nes&nbsp;hijos? Te invi­ta­mos a unir­te a noso­tros para pen­sar en la biblio­te­ca del mañana.&nbsp;leer más
