{"id":43163,"date":"2023-10-30T14:10:18","date_gmt":"2023-10-30T13:10:18","guid":{"rendered":"https:\/\/www.anika-net.de\/event\/desarrolle-su-idea-de-negocio\/"},"modified":"2023-10-30T14:10:18","modified_gmt":"2023-10-30T13:10:18","slug":"desarrolle-su-idea-de-negocio","status":"publish","type":"event","link":"https:\/\/www.anika-net.de\/es\/event\/desarrolle-su-idea-de-negocio\/","title":{"rendered":"Desa\u00adrro\u00adlle su idea de negocio"},"content":{"rendered":"<h4><span style=\"color: #333399;\">Por una socie\u00addad abier\u00adta en la regi\u00f3n \u2014 LiNK Idea Lab en Karlsruhe<\/span><\/h4>\n<h2><span style=\"color: #008080;\">Desa\u00adrro\u00adlle su idea de negocio<\/span><\/h2>\n<p><strong>Pro\u00adgra\u00adma<br>\n<\/strong>- Pre\u00adsen\u00adta tu idea y encuen\u00adtra tu equipo<br>\n\u2014 Ana\u00adli\u00adce y desa\u00adrro\u00adlle su idea en torno al tema \u201cSocie\u00addad abierta<br>\n\u2014 Reci\u00adbir orien\u00adta\u00adci\u00f3n de exper\u00adtos y men\u00adto\u00adres de nues\u00adtra&nbsp;red<br>\n\u2014 M\u00e1s infor\u00adma\u00adci\u00f3n sobre inno\u00adva\u00adci\u00f3n social y empren\u00addi\u00admien\u00adto sostenible<br>\n\u2014 Tra\u00adba\u00adjar con per\u00adso\u00adnas abier\u00adtas y orien\u00adta\u00addas al impacto<br>\n\u2014 Desa\u00adrro\u00adlle los siguien\u00adtes pasos para hacer reali\u00addad su&nbsp;idea<\/p>\n<p><strong>\u00bfQui\u00e9n pue\u00adde participar?<\/strong><br>\nTodos los habi\u00adtan\u00adtes \u2014 \u00a1inde\u00adpen\u00addien\u00adte\u00admen\u00adte de su nacio\u00adna\u00adli\u00addad! \u2014 de la regi\u00f3n fron\u00adte\u00adri\u00adza entre Estras\u00adbur\u00adgo y Karlsruhe.<br>\nBus\u00adca\u00admos todos los per\u00adfi\u00adles: reci\u00e9n lle\u00adga\u00addos, refu\u00adgia\u00addos, aut\u00f3c\u00adto\u00adnos, estu\u00addian\u00adtes, emplea\u00addos, soli\u00adci\u00adtan\u00adtes de empleo, etc.<br>\nNo nece\u00adsi\u00adtas una idea de ante\u00admano: s\u00f3lo moti\u00adva\u00adci\u00f3n para impli\u00adcar\u00adte duran\u00adte un fin de sema\u00adna y ganas de dejar hue\u00adlla en el futuro.<\/p>\n<p><strong>\ud83d\udc49 <a href=\"https:\/\/form.typeform.com\/to\/CDAa7b29\" rel=\"noopener\">\u00a1Ins\u00adcr\u00ed\u00adbe\u00adte ya!<\/a> Pla\u00adzas limitadas<\/strong><\/p>\n<p><strong>\u00bfCu\u00e1n\u00addo y&nbsp;d\u00f3nde?<\/strong><br>\n<strong>Vier\u00adnes 10 de noviem\u00adbre<\/strong>, de 14.00 a 19.00&nbsp;horas<br>\n<strong>S\u00e1ba\u00addo 11 de noviem\u00adbre<\/strong>, de 9.00 a 17.00&nbsp;horas<br>\nLiNK-Idea Lab en Impact Hub Karlsruhe<\/p>\n<p>Opcio\u00adnal: Par\u00adti\u00adci\u00adpa\u00adci\u00f3n en el even\u00adto de pitch en diciem\u00adbre para pre\u00adsen\u00adtar tu idea y ampliar tu red de con\u00adtac\u00adtos; Taller para pre\u00adpa\u00adrar el&nbsp;pitch.<br>\nDes\u00adpu\u00e9s: posi\u00adbi\u00adli\u00addad de coaching indi\u00advi\u00addual con cita pre\u00advia duran\u00adte 6&nbsp;meses<\/p>\n<p><strong>Pre\u00adcio<\/strong><br>\nLa par\u00adti\u00adci\u00adpa\u00adci\u00f3n es <strong>gra\u00adtui\u00adta<\/strong>. Los gas\u00adtos de via\u00adje y alo\u00adja\u00admien\u00adto est\u00e1n cubiertos.<br>\nOrga\u00adni\u00adza\u00admos un via\u00adje en tren en gru\u00adpo des\u00adde Estras\u00adbur\u00adgo. M\u00e1s infor\u00adma\u00adci\u00f3n tras la inscripci\u00f3n.<\/p>\n<p><strong>Requi\u00adsi\u00adtos<\/strong><br>\n\u2014 Usted vive en la regi\u00f3n trans\u00adfron\u00adte\u00adri\u00adza del Alto Rin, en torno a Karlsruhe.<br>\n\u2014 Quie\u00adre poner en mar\u00adcha un pro\u00adyec\u00adto o nego\u00adcio para pro\u00admo\u00adver una socie\u00addad abier\u00adta promueva<br>\n\u2014 Habla ale\u00adm\u00e1n, ingl\u00e9s o franc\u00e9s<\/p>\n<p><strong>**\u00bfTie\u00adnes otras preguntas?&nbsp;<\/strong><br>\n<a href=\"mailto:karlsruhe@singa-deutschland.de\" target=\"_blank\" rel=\"noopener noreferrer\">karlsruhe@singa-deutschland.de<\/a><\/p>\n","protected":false},"author":12,"featured_media":43148,"template":"","class_list":["post-43163","event","type-event","status-publish","has-post-thumbnail","hentry","event_category-trabajo"],"acf":{"event-recurring":false,"event-category":169,"event-is-language-course":false,"event-recurring-still-active":true,"event-display-details":true,"event-schedules-recurring":null,"event-schedules-calendar":[{"event-calendar-day":"20231110","event-calendar-time":"14:00 - 19:00","event-calendar-time-text":""},{"event-calendar-day":"20231111","event-calendar-time":"09:00 - 17:00","event-calendar-time-text":""}],"event-is-online":false,"event-online-url":"","event-location-building":"LiNK Idea Lab \/ Impact Hub Karlsruhe","event-location-street":"Kaiserstra\u00dfe 97","event-location-zip":"76133","event-location-city":"Karlsruhe","event-location-contact-person":"","event-location-phone":"","event-location-phone-2":"","event-location-mail":"karlsruhe@singa-deutschland.de","event-location-mail-2":"","event-location-website":"https:\/\/form.typeform.com\/to\/CDAa7b29","event-target-group":[{"target-group":"adults"}],"event-target-group-comment":"","event-free":true,"event-organiser":[25164],"event-header-copyright-overlay":true,"event-copyright-note-description-end":false},"featured_image_urls_v2":{"full":["https:\/\/www.anika-net.de\/wp-content\/uploads\/2023\/10\/impact-hub.png",1106,540,false],"thumbnail":["https:\/\/www.anika-net.de\/wp-content\/uploads\/2023\/10\/impact-hub-150x150.png",150,150,true],"medium":["https:\/\/www.anika-net.de\/wp-content\/uploads\/2023\/10\/impact-hub-300x146.png",300,146,true],"medium_large":["https:\/\/www.anika-net.de\/wp-content\/uploads\/2023\/10\/impact-hub-768x375.png",640,313,true],"large":["https:\/\/www.anika-net.de\/wp-content\/uploads\/2023\/10\/impact-hub-1024x500.png",640,313,true],"1536x1536":["https:\/\/www.anika-net.de\/wp-content\/uploads\/2023\/10\/impact-hub.png",1106,540,false],"2048x2048":["https:\/\/www.anika-net.de\/wp-content\/uploads\/2023\/10\/impact-hub.png",1106,540,false],"event-overview":["https:\/\/www.anika-net.de\/wp-content\/uploads\/2023\/10\/impact-hub-960x540.png",960,540,true],"event-archive-thumb":["https:\/\/www.anika-net.de\/wp-content\/uploads\/2023\/10\/impact-hub-480x234.png",480,234,true],"grid-item-thumbnail":["https:\/\/www.anika-net.de\/wp-content\/uploads\/2023\/10\/impact-hub-360x200.png",360,200,true],"network-partner-icon":["https:\/\/www.anika-net.de\/wp-content\/uploads\/2023\/10\/impact-hub-100x100.png",100,100,true],"organiser-icon":["https:\/\/www.anika-net.de\/wp-content\/uploads\/2023\/10\/impact-hub-200x200.png",200,200,true],"gform-image-choice-sm":["https:\/\/www.anika-net.de\/wp-content\/uploads\/2023\/10\/impact-hub.png",300,146,false],"gform-image-choice-md":["https:\/\/www.anika-net.de\/wp-content\/uploads\/2023\/10\/impact-hub.png",400,195,false],"gform-image-choice-lg":["https:\/\/www.anika-net.de\/wp-content\/uploads\/2023\/10\/impact-hub.png",600,293,false]},"post_excerpt_stackable_v2":"<p>Por una socie\u00addad abier\u00adta en la regi\u00f3n \u2014 LiNK Idea Lab en Karls\u00adruhe Desa\u00adrro\u00adlle su idea de nego\u00adcio Pro\u00adgra\u00adma \u2014 Pre\u00adsen\u00adta tu idea y encuen\u00adtra tu equi\u00adpo \u2014 Ana\u00adli\u00adce y desa\u00adrro\u00adlle su idea en torno al tema \u201cSocie\u00addad abier\u00adta \u2014 Reci\u00adbir orien\u00adta\u00adci\u00f3n de exper\u00adtos y men\u00adto\u00adres de nues\u00adtra&nbsp;red \u2014 M\u00e1s infor\u00adma\u00adci\u00f3n sobre inno\u00adva\u00adci\u00f3n social y empren\u00addi\u00admien\u00adto sos\u00adte\u00adni\u00adble \u2014 Tra\u00adba\u00adjar con per\u00adso\u00adnas abier\u00adtas y orien\u00adta\u00addas al impac\u00adto \u2014 Desa\u00adrro\u00adlle los siguien\u00adtes pasos para hacer reali\u00addad su&nbsp;idea \u00bfQui\u00e9n pue\u00adde par\u00adti\u00adci\u00adpar? Todos los habi\u00adtan\u00adtes \u2014 \u00a1inde\u00adpen\u00addien\u00adte\u00admen\u00adte de su nacio\u00adna\u00adli\u00addad! \u2014 de la regi\u00f3n fron\u00adte\u00adri\u00adza entre Estras\u00adbur\u00adgo y Karls\u00adruhe. Bus\u00adca\u00admos todos los per\u00adfi\u00adles: reci\u00e9n\u2026<\/p>\n","category_list_v2":"","author_info_v2":{"name":"Andrea Ramirez","url":"https:\/\/www.anika-net.de\/es\/author\/andrea-ramirez\/"},"comments_num_v2":"0 comentarios","uagb_featured_image_src":{"full":["https:\/\/www.anika-net.de\/wp-content\/uploads\/2023\/10\/impact-hub.png",1106,540,false],"thumbnail":["https:\/\/www.anika-net.de\/wp-content\/uploads\/2023\/10\/impact-hub-150x150.png",150,150,true],"medium":["https:\/\/www.anika-net.de\/wp-content\/uploads\/2023\/10\/impact-hub-300x146.png",300,146,true],"medium_large":["https:\/\/www.anika-net.de\/wp-content\/uploads\/2023\/10\/impact-hub-768x375.png",640,313,true],"large":["https:\/\/www.anika-net.de\/wp-content\/uploads\/2023\/10\/impact-hub-1024x500.png",640,313,true],"1536x1536":["https:\/\/www.anika-net.de\/wp-content\/uploads\/2023\/10\/impact-hub.png",1106,540,false],"2048x2048":["https:\/\/www.anika-net.de\/wp-content\/uploads\/2023\/10\/impact-hub.png",1106,540,false],"event-overview":["https:\/\/www.anika-net.de\/wp-content\/uploads\/2023\/10\/impact-hub-960x540.png",960,540,true],"event-archive-thumb":["https:\/\/www.anika-net.de\/wp-content\/uploads\/2023\/10\/impact-hub-480x234.png",480,234,true],"grid-item-thumbnail":["https:\/\/www.anika-net.de\/wp-content\/uploads\/2023\/10\/impact-hub-360x200.png",360,200,true],"network-partner-icon":["https:\/\/www.anika-net.de\/wp-content\/uploads\/2023\/10\/impact-hub-100x100.png",100,100,true],"organiser-icon":["https:\/\/www.anika-net.de\/wp-content\/uploads\/2023\/10\/impact-hub-200x200.png",200,200,true],"gform-image-choice-sm":["https:\/\/www.anika-net.de\/wp-content\/uploads\/2023\/10\/impact-hub.png",300,146,false],"gform-image-choice-md":["https:\/\/www.anika-net.de\/wp-content\/uploads\/2023\/10\/impact-hub.png",400,195,false],"gform-image-choice-lg":["https:\/\/www.anika-net.de\/wp-content\/uploads\/2023\/10\/impact-hub.png",600,293,false]},"uagb_author_info":{"display_name":"Andrea Ramirez","author_link":"https:\/\/www.anika-net.de\/es\/author\/andrea-ramirez\/"},"uagb_comment_info":0,"uagb_excerpt":"Por una socie\u00addad abier\u00adta en la regi\u00f3n \u2014 LiNK Idea Lab en Karlsruhe Desa\u00adrro\u00adlle su idea de negocio Pro\u00adgra\u00adma - Pre\u00adsen\u00adta tu idea y encuen\u00adtra tu equipo \u2014 Ana\u00adli\u00adce y&nbsp;leer m\u00e1s","_links":{"self":[{"href":"https:\/\/www.anika-net.de\/es\/wp-json\/wp\/v2\/event\/43163","targetHints":{"allow":["GET"]}}],"collection":[{"href":"https:\/\/www.anika-net.de\/es\/wp-json\/wp\/v2\/event"}],"about":[{"href":"https:\/\/www.anika-net.de\/es\/wp-json\/wp\/v2\/types\/event"}],"author":[{"embeddable":true,"href":"https:\/\/www.anika-net.de\/es\/wp-json\/wp\/v2\/users\/12"}],"version-history":[{"count":0,"href":"https:\/\/www.anika-net.de\/es\/wp-json\/wp\/v2\/event\/43163\/revisions"}],"acf:post":[{"embeddable":true,"href":"https:\/\/www.anika-net.de\/es\/wp-json\/wp\/v2\/organiser\/25164"}],"acf:term":[{"embeddable":true,"taxonomy":"event_category","href":"https:\/\/www.anika-net.de\/es\/wp-json\/wp\/v2\/event_category\/169"}],"wp:featuredmedia":[{"embeddable":true,"href":"https:\/\/www.anika-net.de\/es\/wp-json\/wp\/v2\/media\/43148"}],"wp:attachment":[{"href":"https:\/\/www.anika-net.de\/es\/wp-json\/wp\/v2\/media?parent=43163"}],"curies":[{"name":"wp","href":"https:\/\/api.w.org\/{rel}","templated":true}]}}

<h4><span style="color: #333399;">Por una socie­dad abier­ta en la región — LiNK Idea Lab en Karlsruhe</span></h4>
<h2><span style="color: #008080;">Desa­rro­lle su idea de negocio</span></h2>
<p><strong>Pro­gra­ma<br>
</strong>- Pre­sen­ta tu idea y encuen­tra tu equipo<br>
— Ana­li­ce y desa­rro­lle su idea en torno al tema “Socie­dad abierta<br>
— Reci­bir orien­ta­ción de exper­tos y men­to­res de nues­tra&nbsp;red<br>
— Más infor­ma­ción sobre inno­va­ción social y empren­di­mien­to sostenible<br>
— Tra­ba­jar con per­so­nas abier­tas y orien­ta­das al impacto<br>
— Desa­rro­lle los siguien­tes pasos para hacer reali­dad su&nbsp;idea</p>
<p><strong>¿Quién pue­de participar?</strong><br>
Todos los habi­tan­tes — ¡inde­pen­dien­te­men­te de su nacio­na­li­dad! — de la región fron­te­ri­za entre Estras­bur­go y Karlsruhe.<br>
Bus­ca­mos todos los per­fi­les: recién lle­ga­dos, refu­gia­dos, autóc­to­nos, estu­dian­tes, emplea­dos, soli­ci­tan­tes de empleo, etc.<br>
No nece­si­tas una idea de ante­mano: sólo moti­va­ción para impli­car­te duran­te un fin de sema­na y ganas de dejar hue­lla en el futuro.</p>
<p><strong>👉 <a href="https://form.typeform.com/to/CDAa7b29" rel="noopener">¡Ins­crí­be­te ya!</a> Pla­zas limitadas</strong></p>
<p><strong>¿Cuán­do y&nbsp;dónde?</strong><br>
<strong>Vier­nes 10 de noviem­bre</strong>, de 14.00 a 19.00&nbsp;horas<br>
<strong>Sába­do 11 de noviem­bre</strong>, de 9.00 a 17.00&nbsp;horas<br>
LiNK-Idea Lab en Impact Hub Karlsruhe</p>
<p>Opcio­nal: Par­ti­ci­pa­ción en el even­to de pitch en diciem­bre para pre­sen­tar tu idea y ampliar tu red de con­tac­tos; Taller para pre­pa­rar el&nbsp;pitch.<br>
Des­pués: posi­bi­li­dad de coaching indi­vi­dual con cita pre­via duran­te 6&nbsp;meses</p>
<p><strong>Pre­cio</strong><br>
La par­ti­ci­pa­ción es <strong>gra­tui­ta</strong>. Los gas­tos de via­je y alo­ja­mien­to están cubiertos.<br>
Orga­ni­za­mos un via­je en tren en gru­po des­de Estras­bur­go. Más infor­ma­ción tras la inscripción.</p>
<p><strong>Requi­si­tos</strong><br>
— Usted vive en la región trans­fron­te­ri­za del Alto Rin, en torno a Karlsruhe.<br>
— Quie­re poner en mar­cha un pro­yec­to o nego­cio para pro­mo­ver una socie­dad abier­ta promueva<br>
— Habla ale­mán, inglés o francés</p>
<p><strong>**¿Tie­nes otras preguntas?&nbsp;</strong><br>
<a href="mailto:karlsruhe@singa-deutschland.de" target="_blank" rel="noopener noreferrer">karlsruhe@singa-deutschland.de</a></p>

Kaiserstraße 97

<p>Por una socie­dad abier­ta en la región — LiNK Idea Lab en Karls­ruhe Desa­rro­lle su idea de nego­cio Pro­gra­ma — Pre­sen­ta tu idea y encuen­tra tu equi­po — Ana­li­ce y desa­rro­lle su idea en torno al tema “Socie­dad abier­ta — Reci­bir orien­ta­ción de exper­tos y men­to­res de nues­tra&nbsp;red — Más infor­ma­ción sobre inno­va­ción social y empren­di­mien­to sos­te­ni­ble — Tra­ba­jar con per­so­nas abier­tas y orien­ta­das al impac­to — Desa­rro­lle los siguien­tes pasos para hacer reali­dad su&nbsp;idea ¿Quién pue­de par­ti­ci­par? Todos los habi­tan­tes — ¡inde­pen­dien­te­men­te de su nacio­na­li­dad! — de la región fron­te­ri­za entre Estras­bur­go y Karls­ruhe. Bus­ca­mos todos los per­fi­les: recién…</p>

Por una socie­dad abier­ta en la región — LiNK Idea Lab en Karlsruhe Desa­rro­lle su idea de negocio Pro­gra­ma - Pre­sen­ta tu idea y encuen­tra tu equipo — Ana­li­ce y&nbsp;leer más
