{"id":25302,"date":"2022-08-09T14:18:23","date_gmt":"2022-08-09T12:18:23","guid":{"rendered":"https:\/\/www.anika-net.de\/event\/lernbox-karlsruhe\/"},"modified":"2024-03-11T12:55:44","modified_gmt":"2024-03-11T11:55:44","slug":"lernbox-karlsruhe","status":"publish","type":"event","link":"https:\/\/www.anika-net.de\/es\/event\/lernbox-karlsruhe\/","title":{"rendered":"LERNBOX y Wel\u00adco\u00adme Caf\u00e9 de Fl\u00fcchtlingshil\u00adfe Karlsruhe"},"content":{"rendered":"<h2><span style=\"color: #ffcc00;\">LERNBOX y Wel\u00adco\u00adme Caf\u00e9 de Fl\u00fcchtlingshil\u00adfe Karlsruhe&nbsp;<\/span><\/h2>\n<p>Actual\u00admen\u00adte, los pro\u00adyec\u00adtos <strong>LERNBOX<\/strong> y Wel\u00adco\u00adme Caf\u00e9 <strong>SALON RESOURCE<\/strong> de Fl\u00fcchtlingshil\u00adfe Karls\u00adruhe e.V. tie\u00adnen lugar todas las tar\u00addes de <strong>lunes a vier\u00adnes de 15.00 a 18.00 horas <\/strong>en la casa Alter Schlachthof 11 de Karlsruhe.<\/p>\n<p>Aqu\u00ed en Fl\u00fcchtlingshil\u00adfe Karls\u00adruhe e.V. pue\u00addes apren\u00adder ale\u00adm\u00e1n, cono\u00adcer a otras per\u00adso\u00adnas y mucho m\u00e1s, lo que apo\u00adya a los refu\u00adgia\u00addos y les per\u00admi\u00adte par\u00adti\u00adci\u00adpar en nues\u00adtra sociedad.<\/p>\n<p>En el Sal\u00f3n Res\u00adsour\u00adce tam\u00adbi\u00e9n hay dis\u00adpo\u00adni\u00adbles <strong>espa\u00adcios de aprendizaje.<\/strong><\/p>\n<p>\u2705 <span style=\"color: #008080;\"><strong>Tomar nota<\/strong><\/span><\/p>\n<p>Es nece\u00adsa\u00adrio inscribirse:<br>\nPor correo elec\u00adtr\u00f3\u00adni\u00adco a: info@fluechtlingshilfe-karlsruhe.de<br>\no por tel\u00e9\u00adfono 0170\u201329219 99<\/p>\n<p><strong>\u00a1Nos ale\u00adgra&nbsp;verte!<\/strong><\/p>\n","protected":false},"author":12,"featured_media":117837,"template":"","class_list":["post-25302","event","type-event","status-publish","has-post-thumbnail","hentry","event_category-asesorias"],"acf":{"event-recurring":true,"event-category":166,"event-is-language-course":false,"event-recurring-still-active":true,"event-display-details":true,"event-schedules-recurring":[{"event-recurring-week-day":"0","event-recurring-time":"15:00 - 18:00","event-recurring-time-text":""},{"event-recurring-week-day":"1","event-recurring-time":"15:00 - 18:00","event-recurring-time-text":""},{"event-recurring-week-day":"2","event-recurring-time":"15:00 - 18:00","event-recurring-time-text":""},{"event-recurring-week-day":"3","event-recurring-time":"15:00 - 18:00","event-recurring-time-text":""}],"event-schedules-calendar":null,"event-is-online":false,"event-online-url":"","event-location-building":"Fl\u00fcchtlingshilfe Karlsruhe e.V.","event-location-street":"Alter Schlachthof 11 (Haltestelle Tullastr.)","event-location-zip":"76131","event-location-city":"Karlsruhe","event-location-contact-person":"Gertrud Weber (Coodinator)","event-location-phone":"0170\/ 29219 99","event-location-phone-2":"","event-location-mail":"info@fluechtlingshilfe-karlsruhe.de","event-location-mail-2":"","event-location-website":"https:\/\/fluechtlingshilfe-karlsruhe.de\/","event-target-group":[{"target-group":""}],"event-target-group-comment":"Para cualquiera que desee aprender alem\u00e1n, incluidas las personas que (a\u00fan) no pueden asistir a cursos de idiomas o de integraci\u00f3n.","event-free":true,"event-organiser":[24961],"event-header-copyright-overlay":true,"event-copyright-note-description-end":true},"featured_image_urls_v2":{"full":["https:\/\/www.anika-net.de\/wp-content\/uploads\/2020\/02\/Fluechtlingshilfe-KA.jpeg",1380,1602,false],"thumbnail":["https:\/\/www.anika-net.de\/wp-content\/uploads\/2020\/02\/Fluechtlingshilfe-KA-150x150.jpeg",150,150,true],"medium":["https:\/\/www.anika-net.de\/wp-content\/uploads\/2020\/02\/Fluechtlingshilfe-KA-258x300.jpeg",258,300,true],"medium_large":["https:\/\/www.anika-net.de\/wp-content\/uploads\/2020\/02\/Fluechtlingshilfe-KA-768x892.jpeg",640,743,true],"large":["https:\/\/www.anika-net.de\/wp-content\/uploads\/2020\/02\/Fluechtlingshilfe-KA-882x1024.jpeg",640,743,true],"1536x1536":["https:\/\/www.anika-net.de\/wp-content\/uploads\/2020\/02\/Fluechtlingshilfe-KA-1323x1536.jpeg",1323,1536,true],"2048x2048":["https:\/\/www.anika-net.de\/wp-content\/uploads\/2020\/02\/Fluechtlingshilfe-KA.jpeg",1380,1602,false],"event-overview":["https:\/\/www.anika-net.de\/wp-content\/uploads\/2020\/02\/Fluechtlingshilfe-KA-960x640.jpeg",960,640,true],"event-archive-thumb":["https:\/\/www.anika-net.de\/wp-content\/uploads\/2020\/02\/Fluechtlingshilfe-KA-480x557.jpeg",480,557,true],"grid-item-thumbnail":["https:\/\/www.anika-net.de\/wp-content\/uploads\/2020\/02\/Fluechtlingshilfe-KA-360x200.jpeg",360,200,true],"network-partner-icon":["https:\/\/www.anika-net.de\/wp-content\/uploads\/2020\/02\/Fluechtlingshilfe-KA-100x100.jpeg",100,100,true],"organiser-icon":["https:\/\/www.anika-net.de\/wp-content\/uploads\/2020\/02\/Fluechtlingshilfe-KA-200x200.jpeg",200,200,true],"gform-image-choice-sm":["https:\/\/www.anika-net.de\/wp-content\/uploads\/2020\/02\/Fluechtlingshilfe-KA.jpeg",258,300,false],"gform-image-choice-md":["https:\/\/www.anika-net.de\/wp-content\/uploads\/2020\/02\/Fluechtlingshilfe-KA.jpeg",345,400,false],"gform-image-choice-lg":["https:\/\/www.anika-net.de\/wp-content\/uploads\/2020\/02\/Fluechtlingshilfe-KA.jpeg",517,600,false]},"post_excerpt_stackable_v2":"<p>LERNBOX y Wel\u00adco\u00adme Caf\u00e9 de Fl\u00fcchtlingshil\u00adfe Karls\u00adruhe&nbsp; Actual\u00admen\u00adte, los pro\u00adyec\u00adtos LERNBOX y Wel\u00adco\u00adme Caf\u00e9 SALON RESOURCE de Fl\u00fcchtlingshil\u00adfe Karls\u00adruhe e.V. tie\u00adnen lugar todas las tar\u00addes de lunes a vier\u00adnes de 15.00 a 18.00 horas en la casa Alter Schlachthof 11 de Karls\u00adruhe. Aqu\u00ed en Fl\u00fcchtlingshil\u00adfe Karls\u00adruhe e.V. pue\u00addes apren\u00adder ale\u00adm\u00e1n, cono\u00adcer a otras per\u00adso\u00adnas y mucho m\u00e1s, lo que apo\u00adya a los refu\u00adgia\u00addos y les per\u00admi\u00adte par\u00adti\u00adci\u00adpar en nues\u00adtra socie\u00addad. En el Sal\u00f3n Res\u00adsour\u00adce tam\u00adbi\u00e9n hay dis\u00adpo\u00adni\u00adbles espa\u00adcios de apren\u00addi\u00adza\u00adje. \u2705 Tomar nota Es nece\u00adsa\u00adrio ins\u00adcri\u00adbir\u00adse: Por correo elec\u00adtr\u00f3\u00adni\u00adco a: info@fluechtlingshilfe-karlsruhe.de o por tel\u00e9\u00adfono 0170\u201329219 99 \u00a1Nos ale\u00adgra&nbsp;verte!<\/p>\n","category_list_v2":"","author_info_v2":{"name":"Andrea Ramirez","url":"https:\/\/www.anika-net.de\/es\/author\/andrea-ramirez\/"},"comments_num_v2":"0 comentarios","uagb_featured_image_src":{"full":["https:\/\/www.anika-net.de\/wp-content\/uploads\/2020\/02\/Fluechtlingshilfe-KA.jpeg",1380,1602,false],"thumbnail":["https:\/\/www.anika-net.de\/wp-content\/uploads\/2020\/02\/Fluechtlingshilfe-KA-150x150.jpeg",150,150,true],"medium":["https:\/\/www.anika-net.de\/wp-content\/uploads\/2020\/02\/Fluechtlingshilfe-KA-258x300.jpeg",258,300,true],"medium_large":["https:\/\/www.anika-net.de\/wp-content\/uploads\/2020\/02\/Fluechtlingshilfe-KA-768x892.jpeg",640,743,true],"large":["https:\/\/www.anika-net.de\/wp-content\/uploads\/2020\/02\/Fluechtlingshilfe-KA-882x1024.jpeg",640,743,true],"1536x1536":["https:\/\/www.anika-net.de\/wp-content\/uploads\/2020\/02\/Fluechtlingshilfe-KA-1323x1536.jpeg",1323,1536,true],"2048x2048":["https:\/\/www.anika-net.de\/wp-content\/uploads\/2020\/02\/Fluechtlingshilfe-KA.jpeg",1380,1602,false],"event-overview":["https:\/\/www.anika-net.de\/wp-content\/uploads\/2020\/02\/Fluechtlingshilfe-KA-960x640.jpeg",960,640,true],"event-archive-thumb":["https:\/\/www.anika-net.de\/wp-content\/uploads\/2020\/02\/Fluechtlingshilfe-KA-480x557.jpeg",480,557,true],"grid-item-thumbnail":["https:\/\/www.anika-net.de\/wp-content\/uploads\/2020\/02\/Fluechtlingshilfe-KA-360x200.jpeg",360,200,true],"network-partner-icon":["https:\/\/www.anika-net.de\/wp-content\/uploads\/2020\/02\/Fluechtlingshilfe-KA-100x100.jpeg",100,100,true],"organiser-icon":["https:\/\/www.anika-net.de\/wp-content\/uploads\/2020\/02\/Fluechtlingshilfe-KA-200x200.jpeg",200,200,true],"gform-image-choice-sm":["https:\/\/www.anika-net.de\/wp-content\/uploads\/2020\/02\/Fluechtlingshilfe-KA.jpeg",258,300,false],"gform-image-choice-md":["https:\/\/www.anika-net.de\/wp-content\/uploads\/2020\/02\/Fluechtlingshilfe-KA.jpeg",345,400,false],"gform-image-choice-lg":["https:\/\/www.anika-net.de\/wp-content\/uploads\/2020\/02\/Fluechtlingshilfe-KA.jpeg",517,600,false]},"uagb_author_info":{"display_name":"Andrea Ramirez","author_link":"https:\/\/www.anika-net.de\/es\/author\/andrea-ramirez\/"},"uagb_comment_info":0,"uagb_excerpt":"LERNBOX y Wel\u00adco\u00adme Caf\u00e9 de Fl\u00fcchtlingshil\u00adfe Karlsruhe&nbsp; Actual\u00admen\u00adte, los pro\u00adyec\u00adtos LERNBOX y Wel\u00adco\u00adme Caf\u00e9 SALON RESOURCE de Fl\u00fcchtlingshil\u00adfe Karls\u00adruhe e.V. tie\u00adnen lugar todas las tar\u00addes de lunes a vier\u00adnes de&nbsp;leer m\u00e1s","_links":{"self":[{"href":"https:\/\/www.anika-net.de\/es\/wp-json\/wp\/v2\/event\/25302","targetHints":{"allow":["GET"]}}],"collection":[{"href":"https:\/\/www.anika-net.de\/es\/wp-json\/wp\/v2\/event"}],"about":[{"href":"https:\/\/www.anika-net.de\/es\/wp-json\/wp\/v2\/types\/event"}],"author":[{"embeddable":true,"href":"https:\/\/www.anika-net.de\/es\/wp-json\/wp\/v2\/users\/12"}],"version-history":[{"count":0,"href":"https:\/\/www.anika-net.de\/es\/wp-json\/wp\/v2\/event\/25302\/revisions"}],"acf:post":[{"embeddable":true,"href":"https:\/\/www.anika-net.de\/es\/wp-json\/wp\/v2\/organiser\/24961"}],"acf:term":[{"embeddable":true,"taxonomy":"event_category","href":"https:\/\/www.anika-net.de\/es\/wp-json\/wp\/v2\/event_category\/166"}],"wp:featuredmedia":[{"embeddable":true,"href":"https:\/\/www.anika-net.de\/es\/wp-json\/wp\/v2\/media\/117837"}],"wp:attachment":[{"href":"https:\/\/www.anika-net.de\/es\/wp-json\/wp\/v2\/media?parent=25302"}],"curies":[{"name":"wp","href":"https:\/\/api.w.org\/{rel}","templated":true}]}}

LERNBOX y Wel­co­me Café de Flüchtlingshil­fe Karlsruhe

<h2><span style="color: #ffcc00;">LERNBOX y Wel­co­me Café de Flüchtlingshil­fe Karlsruhe&nbsp;</span></h2>
<p>Actual­men­te, los pro­yec­tos <strong>LERNBOX</strong> y Wel­co­me Café <strong>SALON RESOURCE</strong> de Flüchtlingshil­fe Karls­ruhe e.V. tie­nen lugar todas las tar­des de <strong>lunes a vier­nes de 15.00 a 18.00 horas </strong>en la casa Alter Schlachthof 11 de Karlsruhe.</p>
<p>Aquí en Flüchtlingshil­fe Karls­ruhe e.V. pue­des apren­der ale­mán, cono­cer a otras per­so­nas y mucho más, lo que apo­ya a los refu­gia­dos y les per­mi­te par­ti­ci­par en nues­tra sociedad.</p>
<p>En el Salón Res­sour­ce tam­bién hay dis­po­ni­bles <strong>espa­cios de aprendizaje.</strong></p>
<p>✅ <span style="color: #008080;"><strong>Tomar nota</strong></span></p>
<p>Es nece­sa­rio inscribirse:<br>
Por correo elec­tró­ni­co a: info@fluechtlingshilfe-karlsruhe.de<br>
o por telé­fono 0170–29219 99</p>
<p><strong>¡Nos ale­gra&nbsp;verte!</strong></p>

Flüchtlingshilfe Karlsruhe e.V.

Para cualquiera que desee aprender alemán, incluidas las personas que (aún) no pueden asistir a cursos de idiomas o de integración.

<p>LERNBOX y Wel­co­me Café de Flüchtlingshil­fe Karls­ruhe&nbsp; Actual­men­te, los pro­yec­tos LERNBOX y Wel­co­me Café SALON RESOURCE de Flüchtlingshil­fe Karls­ruhe e.V. tie­nen lugar todas las tar­des de lunes a vier­nes de 15.00 a 18.00 horas en la casa Alter Schlachthof 11 de Karls­ruhe. Aquí en Flüchtlingshil­fe Karls­ruhe e.V. pue­des apren­der ale­mán, cono­cer a otras per­so­nas y mucho más, lo que apo­ya a los refu­gia­dos y les per­mi­te par­ti­ci­par en nues­tra socie­dad. En el Salón Res­sour­ce tam­bién hay dis­po­ni­bles espa­cios de apren­di­za­je. ✅ Tomar nota Es nece­sa­rio ins­cri­bir­se: Por correo elec­tró­ni­co a: info@fluechtlingshilfe-karlsruhe.de o por telé­fono 0170–29219 99 ¡Nos ale­gra&nbsp;verte!</p>

LERNBOX y Wel­co­me Café de Flüchtlingshil­fe Karlsruhe&nbsp; Actual­men­te, los pro­yec­tos LERNBOX y Wel­co­me Café SALON RESOURCE de Flüchtlingshil­fe Karls­ruhe e.V. tie­nen lugar todas las tar­des de lunes a vier­nes de&nbsp;leer más
