{"id":25225,"date":"2022-08-09T14:17:11","date_gmt":"2022-08-09T12:17:11","guid":{"rendered":"https:\/\/www.anika-net.de\/event\/reunion-de-padres-elterntreff-baerenstark\/"},"modified":"2024-01-30T13:20:39","modified_gmt":"2024-01-30T12:20:39","slug":"reunion-de-padres-elterntreff-baerenstark","status":"publish","type":"event","link":"https:\/\/www.anika-net.de\/es\/event\/reunion-de-padres-elterntreff-baerenstark\/","title":{"rendered":"Reu\u00adni\u00f3n de padres \u201cEltern\u00adtreff B\u00e4renstark\u201d"},"content":{"rendered":"<h2><span style=\"color: #800080;\">Reu\u00adni\u00f3n de padres \u201cEltern\u00adtreff B\u00e4renstark\u201d<\/span><\/h2>\n<blockquote><p><strong>Esta\u00adble\u00adcer con\u00adtac\u00adtos con otros padres y otros ni\u00f1os en un ambien\u00adte familiar<br>\n<\/strong><\/p><\/blockquote>\n<p>Visi\u00adte nues\u00adtro caf\u00e9 de padres \u201cB\u00e4rens\u00adtark\u201d: aqu\u00ed podr\u00e1 entrar en con\u00adtac\u00adto con otros padres e hijos, par\u00adti\u00adci\u00adpar e inter\u00adcam\u00adbiar ideas sobre muchos temas.<br>\nPue\u00adde par\u00adti\u00adci\u00adpar en cual\u00adquier momen\u00adto o asis\u00adtir a sesio\u00adnes individuales.<br>\nNo es nece\u00adsa\u00adrio inscribirse.<\/p>\n<p>Las fami\u00adlias de todas las cul\u00adtu\u00adras y nacio\u00adna\u00adli\u00adda\u00addes son bien\u00adve\u00adni\u00addas los vier\u00adnes de 9.30 a 11.00 horas, en la sala 113 del edi\u00adfi\u00adcio prin\u00adci\u00adpal de las uni\u00adver\u00adsi\u00adda\u00addes populares.<\/p>\n<p>La asis\u00adten\u00adcia es gra\u00adtui\u00adta para todos los g\u00e9ne\u00adros y edades.<\/p>\n<p><strong>La aten\u00adci\u00f3n se cen\u00adtra&nbsp;en<\/strong><\/p>\n<ul>\n<li>La vida en fami\u00adlias multiculturales<\/li>\n<li>el paso a la aten\u00adci\u00f3n infan\u00adtil externa<\/li>\n<li>Ser\u00advi\u00adcios fami\u00adlia\u00adres en Karls\u00adruhe, espe\u00adcial\u00admen\u00adte para reci\u00e9n llegados.<\/li>\n<li>Con\u00adse\u00adjos para que la vida fami\u00adliar sea lo m\u00e1s rela\u00adja\u00adda posi\u00adble. Los padres reci\u00adben suge\u00adren\u00adcias e ideas sobre c\u00f3mo pue\u00adden apo\u00adyar a sus hijos y ani\u00admar\u00adles a tra\u00adv\u00e9s del&nbsp;juego.<br>\nLas fami\u00adlias de todas las cul\u00adtu\u00adras son bienvenidas.<\/li>\n<\/ul>\n<p><strong>Las ofer\u00adtas para ni\u00f1os est\u00e1n pen\u00adsa\u00addas para ni\u00f1os de has\u00adta 3<\/strong> a\u00f1os. En casos excep\u00adcio\u00adna\u00adles, se pue\u00adde traer a los her\u00adma\u00adnos mayores.<br>\nNo hay cafe\u00adte\u00adr\u00eda para padres duran\u00adte las vaca\u00adcio\u00adnes escolares<\/p>\n","protected":false},"author":12,"featured_media":24883,"template":"","class_list":["post-25225","event","type-event","status-publish","has-post-thumbnail","hentry","event_category-ocio"],"acf":{"event-recurring":false,"event-category":168,"event-is-language-course":false,"event-recurring-still-active":true,"event-display-details":true,"event-schedules-recurring":[{"event-recurring-week-day":"2","event-recurring-time":"","event-recurring-time-text":"19\/01\/2022, 10:45 a.m. a 27\/07\/2022, 12:15 p.m."}],"event-schedules-calendar":[{"event-calendar-day":"20240110","event-calendar-time":"","event-calendar-time-text":"hasta"},{"event-calendar-day":"20240508","event-calendar-time":"","event-calendar-time-text":""}],"event-is-online":false,"event-online-url":"","event-location-building":"vhs Karlsruhe e.V.","event-location-street":"Kaiserallee 12e","event-location-zip":"76133","event-location-city":"Karlsruhe","event-location-contact-person":"Christine Wieczorek","event-location-phone":"0721\/98575-0","event-location-phone-2":"","event-location-mail":"info@vhs-karlsruhe.de","event-location-mail-2":"","event-location-website":"https:\/\/shorturl.at\/AORST","event-target-group":[{"target-group":""}],"event-target-group-comment":"Las ofertas para ni\u00f1os est\u00e1n pensadas para ni\u00f1os de hasta 3 a\u00f1os","event-free":true,"event-organiser":[24958],"event-header-copyright-overlay":true,"event-copyright-note-description-end":false},"featured_image_urls_v2":{"full":["https:\/\/www.anika-net.de\/wp-content\/uploads\/2021\/10\/vhs.jpg",225,225,false],"thumbnail":["https:\/\/www.anika-net.de\/wp-content\/uploads\/2021\/10\/vhs-150x150.jpg",150,150,true],"medium":["https:\/\/www.anika-net.de\/wp-content\/uploads\/2021\/10\/vhs.jpg",225,225,false],"medium_large":["https:\/\/www.anika-net.de\/wp-content\/uploads\/2021\/10\/vhs.jpg",225,225,false],"large":["https:\/\/www.anika-net.de\/wp-content\/uploads\/2021\/10\/vhs.jpg",225,225,false],"1536x1536":["https:\/\/www.anika-net.de\/wp-content\/uploads\/2021\/10\/vhs.jpg",225,225,false],"2048x2048":["https:\/\/www.anika-net.de\/wp-content\/uploads\/2021\/10\/vhs.jpg",225,225,false],"event-overview":["https:\/\/www.anika-net.de\/wp-content\/uploads\/2021\/10\/vhs.jpg",225,225,false],"event-archive-thumb":["https:\/\/www.anika-net.de\/wp-content\/uploads\/2021\/10\/vhs.jpg",225,225,false],"grid-item-thumbnail":["https:\/\/www.anika-net.de\/wp-content\/uploads\/2021\/10\/vhs-225x200.jpg",225,200,true],"network-partner-icon":["https:\/\/www.anika-net.de\/wp-content\/uploads\/2021\/10\/vhs-100x100.jpg",100,100,true],"organiser-icon":["https:\/\/www.anika-net.de\/wp-content\/uploads\/2021\/10\/vhs-200x200.jpg",200,200,true],"gform-image-choice-sm":["https:\/\/www.anika-net.de\/wp-content\/uploads\/2021\/10\/vhs.jpg",225,225,false],"gform-image-choice-md":["https:\/\/www.anika-net.de\/wp-content\/uploads\/2021\/10\/vhs.jpg",225,225,false],"gform-image-choice-lg":["https:\/\/www.anika-net.de\/wp-content\/uploads\/2021\/10\/vhs.jpg",225,225,false]},"post_excerpt_stackable_v2":"<p>Reu\u00adni\u00f3n de padres \u201cEltern\u00adtreff B\u00e4rens\u00adtark\u201d Esta\u00adble\u00adcer con\u00adtac\u00adtos con otros padres y otros ni\u00f1os en un ambien\u00adte fami\u00adliar Visi\u00adte nues\u00adtro caf\u00e9 de padres \u201cB\u00e4rens\u00adtark\u201d: aqu\u00ed podr\u00e1 entrar en con\u00adtac\u00adto con otros padres e hijos, par\u00adti\u00adci\u00adpar e inter\u00adcam\u00adbiar ideas sobre muchos temas. Pue\u00adde par\u00adti\u00adci\u00adpar en cual\u00adquier momen\u00adto o asis\u00adtir a sesio\u00adnes indi\u00advi\u00addua\u00adles. No es nece\u00adsa\u00adrio ins\u00adcri\u00adbir\u00adse. Las fami\u00adlias de todas las cul\u00adtu\u00adras y nacio\u00adna\u00adli\u00adda\u00addes son bien\u00adve\u00adni\u00addas los vier\u00adnes de 9.30 a 11.00 horas, en la sala 113 del edi\u00adfi\u00adcio prin\u00adci\u00adpal de las uni\u00adver\u00adsi\u00adda\u00addes popu\u00adla\u00adres. La asis\u00adten\u00adcia es gra\u00adtui\u00adta para todos los g\u00e9ne\u00adros y eda\u00addes. La aten\u00adci\u00f3n se cen\u00adtra&nbsp;en La vida en familias\u2026<\/p>\n","category_list_v2":"","author_info_v2":{"name":"Andrea Ramirez","url":"https:\/\/www.anika-net.de\/es\/author\/andrea-ramirez\/"},"comments_num_v2":"0 comentarios","uagb_featured_image_src":{"full":["https:\/\/www.anika-net.de\/wp-content\/uploads\/2021\/10\/vhs.jpg",225,225,false],"thumbnail":["https:\/\/www.anika-net.de\/wp-content\/uploads\/2021\/10\/vhs-150x150.jpg",150,150,true],"medium":["https:\/\/www.anika-net.de\/wp-content\/uploads\/2021\/10\/vhs.jpg",225,225,false],"medium_large":["https:\/\/www.anika-net.de\/wp-content\/uploads\/2021\/10\/vhs.jpg",225,225,false],"large":["https:\/\/www.anika-net.de\/wp-content\/uploads\/2021\/10\/vhs.jpg",225,225,false],"1536x1536":["https:\/\/www.anika-net.de\/wp-content\/uploads\/2021\/10\/vhs.jpg",225,225,false],"2048x2048":["https:\/\/www.anika-net.de\/wp-content\/uploads\/2021\/10\/vhs.jpg",225,225,false],"event-overview":["https:\/\/www.anika-net.de\/wp-content\/uploads\/2021\/10\/vhs.jpg",225,225,false],"event-archive-thumb":["https:\/\/www.anika-net.de\/wp-content\/uploads\/2021\/10\/vhs.jpg",225,225,false],"grid-item-thumbnail":["https:\/\/www.anika-net.de\/wp-content\/uploads\/2021\/10\/vhs-225x200.jpg",225,200,true],"network-partner-icon":["https:\/\/www.anika-net.de\/wp-content\/uploads\/2021\/10\/vhs-100x100.jpg",100,100,true],"organiser-icon":["https:\/\/www.anika-net.de\/wp-content\/uploads\/2021\/10\/vhs-200x200.jpg",200,200,true],"gform-image-choice-sm":["https:\/\/www.anika-net.de\/wp-content\/uploads\/2021\/10\/vhs.jpg",225,225,false],"gform-image-choice-md":["https:\/\/www.anika-net.de\/wp-content\/uploads\/2021\/10\/vhs.jpg",225,225,false],"gform-image-choice-lg":["https:\/\/www.anika-net.de\/wp-content\/uploads\/2021\/10\/vhs.jpg",225,225,false]},"uagb_author_info":{"display_name":"Andrea Ramirez","author_link":"https:\/\/www.anika-net.de\/es\/author\/andrea-ramirez\/"},"uagb_comment_info":0,"uagb_excerpt":"Reu\u00adni\u00f3n de padres \u201cEltern\u00adtreff B\u00e4renstark\u201d Esta\u00adble\u00adcer con\u00adtac\u00adtos con otros padres y otros ni\u00f1os en un ambien\u00adte familiar Visi\u00adte nues\u00adtro caf\u00e9 de padres \u201cB\u00e4rens\u00adtark\u201d: aqu\u00ed podr\u00e1 entrar en con\u00adtac\u00adto con otros&nbsp;leer m\u00e1s","_links":{"self":[{"href":"https:\/\/www.anika-net.de\/es\/wp-json\/wp\/v2\/event\/25225","targetHints":{"allow":["GET"]}}],"collection":[{"href":"https:\/\/www.anika-net.de\/es\/wp-json\/wp\/v2\/event"}],"about":[{"href":"https:\/\/www.anika-net.de\/es\/wp-json\/wp\/v2\/types\/event"}],"author":[{"embeddable":true,"href":"https:\/\/www.anika-net.de\/es\/wp-json\/wp\/v2\/users\/12"}],"version-history":[{"count":0,"href":"https:\/\/www.anika-net.de\/es\/wp-json\/wp\/v2\/event\/25225\/revisions"}],"acf:post":[{"embeddable":true,"href":"https:\/\/www.anika-net.de\/es\/wp-json\/wp\/v2\/organiser\/24958"}],"acf:term":[{"embeddable":true,"taxonomy":"event_category","href":"https:\/\/www.anika-net.de\/es\/wp-json\/wp\/v2\/event_category\/168"}],"wp:featuredmedia":[{"embeddable":true,"href":"https:\/\/www.anika-net.de\/es\/wp-json\/wp\/v2\/media\/24883"}],"wp:attachment":[{"href":"https:\/\/www.anika-net.de\/es\/wp-json\/wp\/v2\/media?parent=25225"}],"curies":[{"name":"wp","href":"https:\/\/api.w.org\/{rel}","templated":true}]}}

Reu­nión de padres “Eltern­treff Bärenstark”

<h2><span style="color: #800080;">Reu­nión de padres “Eltern­treff Bärenstark”</span></h2>
<blockquote><p><strong>Esta­ble­cer con­tac­tos con otros padres y otros niños en un ambien­te familiar<br>
</strong></p></blockquote>
<p>Visi­te nues­tro café de padres “Bärens­tark”: aquí podrá entrar en con­tac­to con otros padres e hijos, par­ti­ci­par e inter­cam­biar ideas sobre muchos temas.<br>
Pue­de par­ti­ci­par en cual­quier momen­to o asis­tir a sesio­nes individuales.<br>
No es nece­sa­rio inscribirse.</p>
<p>Las fami­lias de todas las cul­tu­ras y nacio­na­li­da­des son bien­ve­ni­das los vier­nes de 9.30 a 11.00 horas, en la sala 113 del edi­fi­cio prin­ci­pal de las uni­ver­si­da­des populares.</p>
<p>La asis­ten­cia es gra­tui­ta para todos los géne­ros y edades.</p>
<p><strong>La aten­ción se cen­tra&nbsp;en</strong></p>
<ul>
<li>La vida en fami­lias multiculturales</li>
<li>el paso a la aten­ción infan­til externa</li>
<li>Ser­vi­cios fami­lia­res en Karls­ruhe, espe­cial­men­te para recién llegados.</li>
<li>Con­se­jos para que la vida fami­liar sea lo más rela­ja­da posi­ble. Los padres reci­ben suge­ren­cias e ideas sobre cómo pue­den apo­yar a sus hijos y ani­mar­les a tra­vés del&nbsp;juego.<br>
Las fami­lias de todas las cul­tu­ras son bienvenidas.</li>
</ul>
<p><strong>Las ofer­tas para niños están pen­sa­das para niños de has­ta 3</strong> años. En casos excep­cio­na­les, se pue­de traer a los her­ma­nos mayores.<br>
No hay cafe­te­ría para padres duran­te las vaca­cio­nes escolares</p>

Las ofertas para niños están pensadas para niños de hasta 3 años

<p>Reu­nión de padres “Eltern­treff Bärens­tark” Esta­ble­cer con­tac­tos con otros padres y otros niños en un ambien­te fami­liar Visi­te nues­tro café de padres “Bärens­tark”: aquí podrá entrar en con­tac­to con otros padres e hijos, par­ti­ci­par e inter­cam­biar ideas sobre muchos temas. Pue­de par­ti­ci­par en cual­quier momen­to o asis­tir a sesio­nes indi­vi­dua­les. No es nece­sa­rio ins­cri­bir­se. Las fami­lias de todas las cul­tu­ras y nacio­na­li­da­des son bien­ve­ni­das los vier­nes de 9.30 a 11.00 horas, en la sala 113 del edi­fi­cio prin­ci­pal de las uni­ver­si­da­des popu­la­res. La asis­ten­cia es gra­tui­ta para todos los géne­ros y eda­des. La aten­ción se cen­tra&nbsp;en La vida en familias…</p>

Reu­nión de padres “Eltern­treff Bärenstark” Esta­ble­cer con­tac­tos con otros padres y otros niños en un ambien­te familiar Visi­te nues­tro café de padres “Bärens­tark”: aquí podrá entrar en con­tac­to con otros&nbsp;leer más
