{"id":36719,"date":"2023-04-21T10:34:05","date_gmt":"2023-04-21T08:34:05","guid":{"rendered":"https:\/\/www.anika-net.de\/?page_id=36719"},"modified":"2023-05-03T21:47:42","modified_gmt":"2023-05-03T19:47:42","slug":"was-mache-ich-bei-einem-notfall","status":"publish","type":"page","link":"https:\/\/www.anika-net.de\/deer\/erste-schritte\/was-mache-ich-bei-einem-notfall\/","title":{"rendered":"Was mache ich bei einem Notfall?"},"content":{"rendered":"\n<div class=\"wp-block-stackable-columns stk-block-columns stk-block stk-8038bb2\" data-block-id=\"8038bb2\"><style>.stk-8038bb2{margin-bottom:1px !important}<\/style><div class=\"stk-row stk-inner-blocks stk-block-content stk-content-align stk-8038bb2-column\">\n<div class=\"wp-block-stackable-column stk-block-column stk-block-column--v3 stk-column stk-block-column--v2 stk-block stk-d372650\" data-block-id=\"d372650\"><style>@media screen and (min-width:901px){.stk-d372650{flex:1 1 calc(33% - var(--stk-column-gap,0px) * 1 \/ 2 ) !important}}<\/style><div class=\"stk-column-wrapper stk-block-column__content stk-container stk-d372650-container stk--no-background stk--no-padding\"><div class=\"stk-block-content stk-inner-blocks stk-d372650-inner-blocks\">\n<p>Sie sind krank.<br>Aber es&nbsp;ist<\/p>\n\n\n\n<ul class=\"wp-block-list\">\n<li>Nacht<\/li>\n\n\n\n<li>Wochenende<\/li>\n\n\n\n<li>Feier<strong>\u00b7<\/strong>tag.<\/li>\n<\/ul>\n\n\n\n<p>Dann hat Ihr Arzt&nbsp;zu.<\/p>\n<\/div><\/div><\/div>\n\n\n\n<div class=\"wp-block-stackable-column stk-block-column stk-block-column--v3 stk-column stk-block-column--v2 stk-block stk-97f6361\" data-block-id=\"97f6361\"><style>@media screen and (min-width:901px){.stk-97f6361{flex:1 1 calc(67% - var(--stk-column-gap,0px) * 1 \/ 2 ) !important}}<\/style><div class=\"stk-column-wrapper stk-block-column__content stk-container stk-97f6361-container stk--no-background stk--no-padding\"><div class=\"stk-block-content stk-inner-blocks stk-97f6361-inner-blocks\">\n<div class=\"wp-block-stackable-columns stk-block-columns stk-block stk-f09924f\" data-block-id=\"f09924f\"><div class=\"stk-row stk-inner-blocks stk-block-content stk-content-align stk-f09924f-column\">\n<div class=\"wp-block-stackable-column stk-block-column stk-block-column--v3 stk-column stk-block-column--v2 stk-block stk-dac5f3a\" data-block-id=\"dac5f3a\"><style>@media screen and (min-width:901px){.stk-dac5f3a{flex:1 1 calc(25% - var(--stk-column-gap,0px) * 1 \/ 2 ) !important}}<\/style><div class=\"stk-column-wrapper stk-block-column__content stk-container stk-dac5f3a-container stk--no-background stk--no-padding\"><div class=\"stk-block-content stk-inner-blocks stk-dac5f3a-inner-blocks\">\n<figure class=\"wp-block-image size-thumbnail is-resized\"><img decoding=\"async\" src=\"https:\/\/www.anika-net.de\/wp-content\/uploads\/2023\/05\/Nacht.svg\" alt class=\"wp-image-38062\" width=\"90\"><\/figure>\n<\/div><\/div><\/div>\n\n\n\n<div class=\"wp-block-stackable-column stk-block-column stk-block-column--v3 stk-column stk-block-column--v2 stk-block stk-5b6dedf\" data-block-id=\"5b6dedf\"><style>@media screen and (min-width:901px){.stk-5b6dedf{flex:1 1 calc(75% - var(--stk-column-gap,0px) * 1 \/ 2 ) !important}}<\/style><div class=\"stk-column-wrapper stk-block-column__content stk-container stk-5b6dedf-container stk--no-background stk--no-padding\"><div class=\"stk-block-content stk-inner-blocks stk-5b6dedf-inner-blocks\">\n<figure class=\"wp-block-image size-thumbnail is-resized\"><img decoding=\"async\" src=\"https:\/\/www.anika-net.de\/wp-content\/uploads\/2023\/05\/Kein_Arzt.svg\" alt class=\"wp-image-38077\" width=\"90\"><\/figure>\n<\/div><\/div><\/div>\n<\/div><\/div>\n<\/div><\/div><\/div>\n<\/div><\/div>\n\n\n\n<div class=\"wp-block-stackable-columns stk-block-columns stk-block stk-3209294\" data-block-id=\"3209294\"><div class=\"stk-row stk-inner-blocks stk-block-content stk-content-align stk-3209294-column\">\n<div class=\"wp-block-stackable-column stk-block-column stk-block-column--v3 stk-column stk-block-column--v2 stk-block stk-deec1d0\" data-block-id=\"deec1d0\"><style>@media screen and (min-width:901px){.stk-deec1d0{flex:1 1 calc(34% - var(--stk-column-gap,0px) * 1 \/ 2 ) !important}}<\/style><div class=\"stk-column-wrapper stk-block-column__content stk-container stk-deec1d0-container stk--no-background stk--no-padding\"><div class=\"stk-block-content stk-inner-blocks stk-deec1d0-inner-blocks\">\n<p>Manche \u00c4rzte haben <strong>Bereitschaft<\/strong>.<br>Das hei\u00dft:<br>Sie arbeiten auch<\/p>\n\n\n\n<ul class=\"wp-block-list\">\n<li>nachts<\/li>\n\n\n\n<li>am Wochenende<\/li>\n\n\n\n<li>an Feier<strong>\u00b7<\/strong>tagen.<\/li>\n<\/ul>\n<\/div><\/div><\/div>\n\n\n\n<div class=\"wp-block-stackable-column stk-block-column stk-block-column--v3 stk-column stk-block-column--v2 stk-block stk-6222bb8\" data-block-id=\"6222bb8\"><style>@media screen and (min-width:901px){.stk-6222bb8{flex:1 1 calc(66% - var(--stk-column-gap,0px) * 1 \/ 2 ) !important}}<\/style><div class=\"stk-column-wrapper stk-block-column__content stk-container stk-6222bb8-container stk--no-background stk--no-padding\"><div class=\"stk-block-content stk-inner-blocks stk-6222bb8-inner-blocks\">\n<figure class=\"wp-block-image size-thumbnail is-resized\"><img decoding=\"async\" src=\"https:\/\/www.anika-net.de\/wp-content\/uploads\/2023\/05\/Arzt_neu.svg\" alt class=\"wp-image-38094\" width=\"70\"><\/figure>\n<\/div><\/div><\/div>\n<\/div><\/div>\n\n\n\n<p>Sie brauchen einen Arzt.<br>Aber Ihr Leben ist nicht in Gefahr.<br>Dann k\u00f6nnen Sie zu einem Arzt<br>in Bereitschaft gehen.<\/p>\n\n\n\n<div class=\"wp-block-stackable-columns stk-block-columns stk-block stk-d54836a\" data-block-id=\"d54836a\"><div class=\"stk-row stk-inner-blocks stk-block-content stk-content-align stk-d54836a-column\">\n<div class=\"wp-block-stackable-column stk-block-column stk-block-column--v3 stk-column stk-block-column--v2 stk-block stk-7e25e90\" data-block-id=\"7e25e90\"><style>@media screen and (min-width:901px){.stk-7e25e90{flex:1 1 calc(33% - var(--stk-column-gap,0px) * 1 \/ 2 ) !important}}<\/style><div class=\"stk-column-wrapper stk-block-column__content stk-container stk-7e25e90-container stk--no-background stk--no-padding\"><div class=\"stk-block-content stk-inner-blocks stk-7e25e90-inner-blocks\">\n<p><strong>Welcher Arzt hat heute Bereitschaft?<\/strong><br>Das steht in der Zeitung<br>Badische Woche.<br>Sie k\u00f6nnen auch anrufen und fragen:<br><strong>Telefon:<\/strong> 116&nbsp;117<\/p>\n<\/div><\/div><\/div>\n\n\n\n<div class=\"wp-block-stackable-column stk-block-column stk-block-column--v3 stk-column stk-block-column--v2 stk-block stk-7ec3a5e\" data-block-id=\"7ec3a5e\"><style>@media screen and (min-width:901px){.stk-7ec3a5e{flex:1 1 calc(67% - var(--stk-column-gap,0px) * 1 \/ 2 ) !important}}<\/style><div class=\"stk-column-wrapper stk-block-column__content stk-container stk-7ec3a5e-container stk--no-background stk--no-padding\"><div class=\"stk-block-content stk-inner-blocks stk-7ec3a5e-inner-blocks\">\n<figure class=\"wp-block-image size-thumbnail is-resized\"><img decoding=\"async\" src=\"https:\/\/www.anika-net.de\/wp-content\/uploads\/2023\/04\/733-Heft_allgemein.svg\" alt class=\"wp-image-36894\" width=\"80\"><\/figure>\n<\/div><\/div><\/div>\n<\/div><\/div>\n\n\n\n<h3 class=\"wp-block-heading\">Notf\u00e4lle<\/h3>\n\n\n\n<p>Zum Beispiel:<\/p>\n\n\n\n<div class=\"wp-block-stackable-columns stk-block-columns stk-block stk-b9c72c9\" data-block-id=\"b9c72c9\"><div class=\"stk-row stk-inner-blocks stk-block-content stk-content-align stk-b9c72c9-column\">\n<div class=\"wp-block-stackable-column stk-block-column stk-block-column--v3 stk-column stk-block-column--v2 stk-block stk-355e131\" data-block-id=\"355e131\"><style>@media screen and (min-width:901px){.stk-355e131{flex:1 1 calc(33% - var(--stk-column-gap,0px) * 1 \/ 2 ) !important}}<\/style><div class=\"stk-column-wrapper stk-block-column__content stk-container stk-355e131-container stk--no-background stk--no-padding\"><div class=\"stk-block-content stk-inner-blocks stk-355e131-inner-blocks\">\n<ul class=\"wp-block-list\">\n<li>Sie sind sehr krank.<br>Ihr Leben ist in Gefahr.<\/li>\n<\/ul>\n<\/div><\/div><\/div>\n\n\n\n<div class=\"wp-block-stackable-column stk-block-column stk-block-column--v3 stk-column stk-block-column--v2 stk-block stk-8d7e0c8\" data-block-id=\"8d7e0c8\"><style>@media screen and (min-width:901px){.stk-8d7e0c8{flex:1 1 calc(67% - var(--stk-column-gap,0px) * 1 \/ 2 ) !important}}<\/style><div class=\"stk-column-wrapper stk-block-column__content stk-container stk-8d7e0c8-container stk--no-background stk--no-padding\"><div class=\"stk-block-content stk-inner-blocks stk-8d7e0c8-inner-blocks\">\n<figure class=\"wp-block-image size-thumbnail is-resized\"><img decoding=\"async\" src=\"https:\/\/www.anika-net.de\/wp-content\/uploads\/2023\/05\/Krankenwagen_2.svg\" alt class=\"wp-image-38115\" width=\"120\"><\/figure>\n<\/div><\/div><\/div>\n<\/div><\/div>\n\n\n\n<ul class=\"wp-block-list\">\n<li>Sie hatten einen Unfall.<\/li>\n<\/ul>\n\n\n\n<div class=\"wp-block-stackable-columns stk-block-columns stk-block stk-031a5ee\" data-block-id=\"031a5ee\"><div class=\"stk-row stk-inner-blocks stk-block-content stk-content-align stk-031a5ee-column\">\n<div class=\"wp-block-stackable-column stk-block-column stk-block-column--v3 stk-column stk-block-column--v2 stk-block stk-232d0cf\" data-block-id=\"232d0cf\"><style>@media screen and (min-width:901px){.stk-232d0cf{flex:1 1 calc(33% - var(--stk-column-gap,0px) * 1 \/ 2 ) !important}}<\/style><div class=\"stk-column-wrapper stk-block-column__content stk-container stk-232d0cf-container stk--no-background stk--no-padding\"><div class=\"stk-block-content stk-inner-blocks stk-232d0cf-inner-blocks\">\n<ul class=\"wp-block-list\">\n<li>Es gibt ein&nbsp;Feuer.<\/li>\n<\/ul>\n<\/div><\/div><\/div>\n\n\n\n<div class=\"wp-block-stackable-column stk-block-column stk-block-column--v3 stk-column stk-block-column--v2 stk-block stk-a0f050d\" data-block-id=\"a0f050d\"><style>@media screen and (min-width:901px){.stk-a0f050d{flex:1 1 calc(67% - var(--stk-column-gap,0px) * 1 \/ 2 ) !important}}<\/style><div class=\"stk-column-wrapper stk-block-column__content stk-container stk-a0f050d-container stk--no-background stk--no-padding\"><div class=\"stk-block-content stk-inner-blocks stk-a0f050d-inner-blocks\">\n<figure class=\"wp-block-image size-thumbnail is-resized\"><img decoding=\"async\" src=\"https:\/\/www.anika-net.de\/wp-content\/uploads\/2023\/05\/Feuerwehrauto.svg\" alt class=\"wp-image-38130\" width=\"120\"><\/figure>\n<\/div><\/div><\/div>\n<\/div><\/div>\n\n\n\n<p>Dann w\u00e4hlen Sie die Nummer: <strong>112<\/strong><\/p>\n\n\n\n<div class=\"wp-block-stackable-columns stk-block-columns stk-block stk-5a46fd0\" data-block-id=\"5a46fd0\"><div class=\"stk-row stk-inner-blocks stk-block-content stk-content-align stk-5a46fd0-column\">\n<div class=\"wp-block-stackable-column stk-block-column stk-block-column--v3 stk-column stk-block-column--v2 stk-block stk-08077a0\" data-block-id=\"08077a0\"><style>@media screen and (min-width:901px){.stk-08077a0{flex:1 1 calc(33% - var(--stk-column-gap,0px) * 1 \/ 2 ) !important}}<\/style><div class=\"stk-column-wrapper stk-block-column__content stk-container stk-08077a0-container stk--no-background stk--no-padding\"><div class=\"stk-block-content stk-inner-blocks stk-08077a0-inner-blocks\">\n<p>Wenn Sie die <strong>Polizei<\/strong> brauchen.<br>Zum Beispiel bei:<\/p>\n\n\n\n<ul class=\"wp-block-list\">\n<li>Gewalt zu&nbsp;Hause<\/li>\n<\/ul>\n<\/div><\/div><\/div>\n\n\n\n<div class=\"wp-block-stackable-column stk-block-column stk-block-column--v3 stk-column stk-block-column--v2 stk-block stk-91b3053\" data-block-id=\"91b3053\"><style>@media screen and (min-width:901px){.stk-91b3053{flex:1 1 calc(67% - var(--stk-column-gap,0px) * 1 \/ 2 ) !important}}<\/style><div class=\"stk-column-wrapper stk-block-column__content stk-container stk-91b3053-container stk--no-background stk--no-padding\"><div class=\"stk-block-content stk-inner-blocks stk-91b3053-inner-blocks\">\n<figure class=\"wp-block-image size-thumbnail is-resized\"><img decoding=\"async\" src=\"https:\/\/www.anika-net.de\/wp-content\/uploads\/2023\/05\/Polizist.svg\" alt class=\"wp-image-38147\" width=\"70\"><\/figure>\n<\/div><\/div><\/div>\n<\/div><\/div>\n\n\n\n<div class=\"wp-block-stackable-columns stk-block-columns stk-block stk-d67a2c1\" data-block-id=\"d67a2c1\"><div class=\"stk-row stk-inner-blocks stk-block-content stk-content-align stk-d67a2c1-column\">\n<div class=\"wp-block-stackable-column stk-block-column stk-block-column--v3 stk-column stk-block-column--v2 stk-block stk-ddd72b2\" data-block-id=\"ddd72b2\"><style>@media screen and (min-width:901px){.stk-ddd72b2{flex:1 1 calc(33% - var(--stk-column-gap,0px) * 1 \/ 2 ) !important}}<\/style><div class=\"stk-column-wrapper stk-block-column__content stk-container stk-ddd72b2-container stk--no-background stk--no-padding\"><div class=\"stk-block-content stk-inner-blocks stk-ddd72b2-inner-blocks\">\n<ul class=\"wp-block-list\">\n<li>Einbruch<\/li>\n<\/ul>\n<\/div><\/div><\/div>\n\n\n\n<div class=\"wp-block-stackable-column stk-block-column stk-block-column--v3 stk-column stk-block-column--v2 stk-block stk-dc2def3\" data-block-id=\"dc2def3\"><style>@media screen and (min-width:901px){.stk-dc2def3{flex:1 1 calc(67% - var(--stk-column-gap,0px) * 1 \/ 2 ) !important}}<\/style><div class=\"stk-column-wrapper stk-block-column__content stk-container stk-dc2def3-container stk--no-background stk--no-padding\"><div class=\"stk-block-content stk-inner-blocks stk-dc2def3-inner-blocks\">\n<figure class=\"wp-block-image size-thumbnail is-resized\"><img decoding=\"async\" src=\"https:\/\/www.anika-net.de\/wp-content\/uploads\/2023\/05\/Herausforderndes_Verhalten.svg\" alt class=\"wp-image-38162\" width=\"80\"><\/figure>\n<\/div><\/div><\/div>\n<\/div><\/div>\n\n\n\n<div class=\"wp-block-stackable-columns stk-block-columns stk-block stk-4307c14\" data-block-id=\"4307c14\"><div class=\"stk-row stk-inner-blocks stk-block-content stk-content-align stk-4307c14-column\">\n<div class=\"wp-block-stackable-column stk-block-column stk-block-column--v3 stk-column stk-block-column--v2 stk-block stk-baef460\" data-block-id=\"baef460\"><style>@media screen and (min-width:901px){.stk-baef460{flex:1 1 calc(33% - var(--stk-column-gap,0px) * 1 \/ 2 ) !important}}<\/style><div class=\"stk-column-wrapper stk-block-column__content stk-container stk-baef460-container stk--no-background stk--no-padding\"><div class=\"stk-block-content stk-inner-blocks stk-baef460-inner-blocks\">\n<ul class=\"wp-block-list\">\n<li>Diebstahl.<\/li>\n<\/ul>\n<\/div><\/div><\/div>\n\n\n\n<div class=\"wp-block-stackable-column stk-block-column stk-block-column--v3 stk-column stk-block-column--v2 stk-block stk-407fb5c\" data-block-id=\"407fb5c\"><style>@media screen and (min-width:901px){.stk-407fb5c{flex:1 1 calc(67% - var(--stk-column-gap,0px) * 1 \/ 2 ) !important}}<\/style><div class=\"stk-column-wrapper stk-block-column__content stk-container stk-407fb5c-container stk--no-background stk--no-padding\"><div class=\"stk-block-content stk-inner-blocks stk-407fb5c-inner-blocks\">\n<figure class=\"wp-block-image size-thumbnail is-resized\"><img decoding=\"async\" src=\"https:\/\/www.anika-net.de\/wp-content\/uploads\/2023\/05\/Handtasche_klauen.svg\" alt class=\"wp-image-38179\" width=\"80\"><\/figure>\n<\/div><\/div><\/div>\n<\/div><\/div>\n\n\n\n<p>Dann w\u00e4hlen Sie die Nummer: <strong>110<\/strong><\/p>\n","protected":false},"excerpt":{"rendered":"<p>Sie sind krank.Aber es&nbsp;ist Dann hat Ihr Arzt&nbsp;zu. Manche \u00c4rzte haben Bereitschaft.Das hei\u00dft:Sie arbeiten auch Sie brauchen einen Arzt.Aber Ihr Leben ist nicht in Gefahr.Dann k\u00f6nnen Sie zu einem Arztin&nbsp;<a class=\"moretag\" href=\"https:\/\/www.anika-net.de\/deer\/erste-schritte\/was-mache-ich-bei-einem-notfall\/\">mehr<\/a><\/p>\n","protected":false},"author":1,"featured_media":37623,"parent":36486,"menu_order":80,"comment_status":"closed","ping_status":"closed","template":"","meta":{"_acf_changed":false,"inline_featured_image":false,"_uag_custom_page_level_css":"","wp_typography_post_enhancements_disabled":false,"footnotes":""},"class_list":["post-36719","page","type-page","status-publish","has-post-thumbnail","hentry"],"acf":[],"featured_image_urls_v2":{"full":["https:\/\/www.anika-net.de\/wp-content\/uploads\/2023\/04\/LS_Notfall-09.png",1500,833,false],"thumbnail":["https:\/\/www.anika-net.de\/wp-content\/uploads\/2023\/04\/LS_Notfall-09-150x150.png",150,150,true],"medium":["https:\/\/www.anika-net.de\/wp-content\/uploads\/2023\/04\/LS_Notfall-09-300x167.png",300,167,true],"medium_large":["https:\/\/www.anika-net.de\/wp-content\/uploads\/2023\/04\/LS_Notfall-09-768x426.png",640,355,true],"large":["https:\/\/www.anika-net.de\/wp-content\/uploads\/2023\/04\/LS_Notfall-09-1024x569.png",640,356,true],"1536x1536":["https:\/\/www.anika-net.de\/wp-content\/uploads\/2023\/04\/LS_Notfall-09.png",1500,833,false],"2048x2048":["https:\/\/www.anika-net.de\/wp-content\/uploads\/2023\/04\/LS_Notfall-09.png",1500,833,false],"event-overview":["https:\/\/www.anika-net.de\/wp-content\/uploads\/2023\/04\/LS_Notfall-09-960x640.png",960,640,true],"event-archive-thumb":["https:\/\/www.anika-net.de\/wp-content\/uploads\/2023\/04\/LS_Notfall-09-480x267.png",480,267,true],"grid-item-thumbnail":["https:\/\/www.anika-net.de\/wp-content\/uploads\/2023\/04\/LS_Notfall-09-360x200.png",360,200,true],"network-partner-icon":["https:\/\/www.anika-net.de\/wp-content\/uploads\/2023\/04\/LS_Notfall-09-100x100.png",100,100,true],"organiser-icon":["https:\/\/www.anika-net.de\/wp-content\/uploads\/2023\/04\/LS_Notfall-09-200x200.png",200,200,true],"gform-image-choice-sm":["https:\/\/www.anika-net.de\/wp-content\/uploads\/2023\/04\/LS_Notfall-09.png",300,167,false],"gform-image-choice-md":["https:\/\/www.anika-net.de\/wp-content\/uploads\/2023\/04\/LS_Notfall-09.png",400,222,false],"gform-image-choice-lg":["https:\/\/www.anika-net.de\/wp-content\/uploads\/2023\/04\/LS_Notfall-09.png",600,333,false]},"post_excerpt_stackable_v2":"<p>Sie sind krank.Aber es&nbsp;ist Nacht Wochenende Feier\u00b7tag. Dann hat Ihr Arzt&nbsp;zu. Manche \u00c4rzte haben Bereitschaft.Das hei\u00dft:Sie arbeiten auch nachts am Wochenende an Feier\u00b7tagen. Sie brauchen einen Arzt.Aber Ihr Leben ist nicht in Gefahr.Dann k\u00f6nnen Sie zu einem Arztin Bereitschaft gehen. Welcher Arzt hat heute Bereitschaft?Das steht in der ZeitungBadische Woche.Sie k\u00f6nnen auch anrufen und fragen:Telefon: 116&nbsp;117 Notf\u00e4lle Zum Beispiel: Sie sind sehr krank.Ihr Leben ist in Gefahr. Sie hatten einen Unfall. Es gibt ein&nbsp;Feuer. Dann w\u00e4hlen Sie die Nummer: 112 Wenn Sie die Polizei brauchen.Zum Beispiel bei: Gewalt zu&nbsp;Hause Einbruch Diebstahl. Dann w\u00e4hlen Sie die Nummer: 110<\/p>\n","category_list_v2":"","author_info_v2":{"name":"saasweb-admin","url":"https:\/\/www.anika-net.de\/deer\/author\/saasweb-admin\/"},"comments_num_v2":"0 comments","uagb_featured_image_src":{"full":["https:\/\/www.anika-net.de\/wp-content\/uploads\/2023\/04\/LS_Notfall-09.png",1500,833,false],"thumbnail":["https:\/\/www.anika-net.de\/wp-content\/uploads\/2023\/04\/LS_Notfall-09-150x150.png",150,150,true],"medium":["https:\/\/www.anika-net.de\/wp-content\/uploads\/2023\/04\/LS_Notfall-09-300x167.png",300,167,true],"medium_large":["https:\/\/www.anika-net.de\/wp-content\/uploads\/2023\/04\/LS_Notfall-09-768x426.png",640,355,true],"large":["https:\/\/www.anika-net.de\/wp-content\/uploads\/2023\/04\/LS_Notfall-09-1024x569.png",640,356,true],"1536x1536":["https:\/\/www.anika-net.de\/wp-content\/uploads\/2023\/04\/LS_Notfall-09.png",1500,833,false],"2048x2048":["https:\/\/www.anika-net.de\/wp-content\/uploads\/2023\/04\/LS_Notfall-09.png",1500,833,false],"event-overview":["https:\/\/www.anika-net.de\/wp-content\/uploads\/2023\/04\/LS_Notfall-09-960x640.png",960,640,true],"event-archive-thumb":["https:\/\/www.anika-net.de\/wp-content\/uploads\/2023\/04\/LS_Notfall-09-480x267.png",480,267,true],"grid-item-thumbnail":["https:\/\/www.anika-net.de\/wp-content\/uploads\/2023\/04\/LS_Notfall-09-360x200.png",360,200,true],"network-partner-icon":["https:\/\/www.anika-net.de\/wp-content\/uploads\/2023\/04\/LS_Notfall-09-100x100.png",100,100,true],"organiser-icon":["https:\/\/www.anika-net.de\/wp-content\/uploads\/2023\/04\/LS_Notfall-09-200x200.png",200,200,true],"gform-image-choice-sm":["https:\/\/www.anika-net.de\/wp-content\/uploads\/2023\/04\/LS_Notfall-09.png",300,167,false],"gform-image-choice-md":["https:\/\/www.anika-net.de\/wp-content\/uploads\/2023\/04\/LS_Notfall-09.png",400,222,false],"gform-image-choice-lg":["https:\/\/www.anika-net.de\/wp-content\/uploads\/2023\/04\/LS_Notfall-09.png",600,333,false]},"uagb_author_info":{"display_name":"saasweb-admin","author_link":"https:\/\/www.anika-net.de\/deer\/author\/saasweb-admin\/"},"uagb_comment_info":0,"uagb_excerpt":"Sie sind krank.Aber es&nbsp;ist Dann hat Ihr Arzt&nbsp;zu. Manche \u00c4rzte haben Bereitschaft.Das hei\u00dft:Sie arbeiten auch Sie brauchen einen Arzt.Aber Ihr Leben ist nicht in Gefahr.Dann k\u00f6nnen Sie zu einem Arztin&nbsp;mehr","_links":{"self":[{"href":"https:\/\/www.anika-net.de\/deer\/wp-json\/wp\/v2\/pages\/36719","targetHints":{"allow":["GET"]}}],"collection":[{"href":"https:\/\/www.anika-net.de\/deer\/wp-json\/wp\/v2\/pages"}],"about":[{"href":"https:\/\/www.anika-net.de\/deer\/wp-json\/wp\/v2\/types\/page"}],"author":[{"embeddable":true,"href":"https:\/\/www.anika-net.de\/deer\/wp-json\/wp\/v2\/users\/1"}],"replies":[{"embeddable":true,"href":"https:\/\/www.anika-net.de\/deer\/wp-json\/wp\/v2\/comments?post=36719"}],"version-history":[{"count":0,"href":"https:\/\/www.anika-net.de\/deer\/wp-json\/wp\/v2\/pages\/36719\/revisions"}],"up":[{"embeddable":true,"href":"https:\/\/www.anika-net.de\/deer\/wp-json\/wp\/v2\/pages\/36486"}],"wp:featuredmedia":[{"embeddable":true,"href":"https:\/\/www.anika-net.de\/deer\/wp-json\/wp\/v2\/media\/37623"}],"wp:attachment":[{"href":"https:\/\/www.anika-net.de\/deer\/wp-json\/wp\/v2\/media?parent=36719"}],"curies":[{"name":"wp","href":"https:\/\/api.w.org\/{rel}","templated":true}]}}