{"id":36710,"date":"2023-04-21T10:32:18","date_gmt":"2023-04-21T08:32:18","guid":{"rendered":"https:\/\/www.anika-net.de\/?page_id=36710"},"modified":"2023-05-16T12:47:32","modified_gmt":"2023-05-16T10:47:32","slug":"elterngeld","status":"publish","type":"page","link":"https:\/\/www.anika-net.de\/deer\/erste-schritte\/hilfe-mit-geld-fuer-familien\/elterngeld\/","title":{"rendered":"Eltern\u00b7geld"},"content":{"rendered":"\n<p>Sie haben gerade ein Kind bekommen.<br>Und Sie m\u00f6chten sich zuhause um das Kind<br>k\u00fcmmern.<br>Daf\u00fcr gibt es das <strong>Eltern\u00b7geld<\/strong>.<\/p>\n\n\n\n<div class=\"wp-block-stackable-columns stk-block-columns stk-block stk-ce755e2\" data-block-id=\"ce755e2\"><div class=\"stk-row stk-inner-blocks stk-block-content stk-content-align stk-ce755e2-column\">\n<div class=\"wp-block-stackable-column stk-block-column stk-block-column--v3 stk-column stk-block-column--v2 stk-block stk-bb0c11e\" data-block-id=\"bb0c11e\"><style>@media screen and (min-width:901px){.stk-bb0c11e{flex:1 1 calc(33% - var(--stk-column-gap,0px) * 1 \/ 2 ) !important}}<\/style><div class=\"stk-column-wrapper stk-block-column__content stk-container stk-bb0c11e-container stk--no-background stk--no-padding\"><div class=\"stk-block-content stk-inner-blocks stk-bb0c11e-inner-blocks\">\n<p>Das ist Geld&nbsp;F\u00fcr<\/p>\n\n\n\n<ul class=\"wp-block-list\">\n<li>M\u00fctter<\/li>\n\n\n\n<li>V\u00e4ter.<\/li>\n<\/ul>\n<\/div><\/div><\/div>\n\n\n\n<div class=\"wp-block-stackable-column stk-block-column stk-block-column--v3 stk-column stk-block-column--v2 stk-block stk-883b333\" data-block-id=\"883b333\"><style>@media screen and (min-width:901px){.stk-883b333{flex:1 1 calc(67% - var(--stk-column-gap,0px) * 1 \/ 2 ) !important}}<\/style><div class=\"stk-column-wrapper stk-block-column__content stk-container stk-883b333-container stk--no-background stk--no-padding\"><div class=\"stk-block-content stk-inner-blocks stk-883b333-inner-blocks\">\n<figure class=\"wp-block-image size-thumbnail is-resized\"><img decoding=\"async\" src=\"https:\/\/www.anika-net.de\/wp-content\/uploads\/2023\/05\/Amt_zahlt_Geld_an_Alleinerziehende.svg\" alt class=\"wp-image-38441\" width=\"200\"><\/figure>\n<\/div><\/div><\/div>\n<\/div><\/div>\n\n\n\n<p>Wenn Sie<\/p>\n\n\n\n<ul class=\"wp-block-list\">\n<li>Selbst auf Ihr Kind aufpassen<\/li>\n\n\n\n<li>Weniger als 30 Stunden in der Woche arbeiten.<br>Dann bekommen Sie das Eltern<strong>\u00b7<\/strong>geld<br>f\u00fcr 12 Monate.<\/li>\n<\/ul>\n\n\n\n<p>Sie und Ihre Partner k\u00fcmmern sich im Wechsel<br>um das Kind?<br>Dann bekommen Sie das Eltern<strong>\u00b7<\/strong>geld<br>f\u00fcr 14 Monate.<\/p>\n\n\n\n<p><strong>Sie m\u00fcssen mitbringen:<\/strong><\/p>\n\n\n\n<ul class=\"wp-block-list\">\n<li>Die Geburts<strong>\u00b7<\/strong>urkunde von Ihrem Kind.<br>Es muss das Original sein.<br><strong>Keine<\/strong> Kopie.<\/li>\n<\/ul>\n\n\n\n<ul class=\"wp-block-list\">\n<li>Lohn<strong>\u00b7<\/strong>abrechnung.<\/li>\n<\/ul>\n\n\n\n<p>Fragen Sie am Telefon nach:<br>Was brauche ich sonst noch?<br>Sie bekommen ein Dokument f\u00fcr das Eltern<strong>\u00b7<\/strong>geld.<\/p>\n\n\n\n<div class=\"wp-block-stackable-columns stk-block-columns stk-block stk-f265b7c\" data-block-id=\"f265b7c\"><div class=\"stk-row stk-inner-blocks stk-block-content stk-content-align stk-f265b7c-column\">\n<div class=\"wp-block-stackable-column stk-block-column stk-block-column--v3 stk-column stk-block-column--v2 stk-block stk-8ac0f40\" data-block-id=\"8ac0f40\"><style>@media screen and (min-width:901px){.stk-8ac0f40{flex:1 1 calc(33% - var(--stk-column-gap,0px) * 1 \/ 2 ) !important}}<\/style><div class=\"stk-column-wrapper stk-block-column__content stk-container stk-8ac0f40-container stk--no-background stk--no-padding\"><div class=\"stk-block-content stk-inner-blocks stk-8ac0f40-inner-blocks\">\n<p>Das ist ein wichtiges Dokument.<br>Bitte werfen Sie das Dokument <strong>nicht<\/strong> weg.<\/p>\n<\/div><\/div><\/div>\n\n\n\n<div class=\"wp-block-stackable-column stk-block-column stk-block-column--v3 stk-column stk-block-column--v2 stk-block stk-5f6b285\" data-block-id=\"5f6b285\"><style>@media screen and (min-width:901px){.stk-5f6b285{flex:1 1 calc(67% - var(--stk-column-gap,0px) * 1 \/ 2 ) !important}}<\/style><div class=\"stk-column-wrapper stk-block-column__content stk-container stk-5f6b285-container stk--no-background stk--no-padding\"><div class=\"stk-block-content stk-inner-blocks stk-5f6b285-inner-blocks\">\n<figure class=\"wp-block-image size-thumbnail is-resized\"><img decoding=\"async\" src=\"https:\/\/www.anika-net.de\/wp-content\/uploads\/2023\/04\/780-Archiv.svg\" alt class=\"wp-image-37197\" width=\"80\"><\/figure>\n<\/div><\/div><\/div>\n<\/div><\/div>\n\n\n\n<h4 class=\"wp-block-heading\">Hier k\u00f6nnen Sie das Eltern<strong>\u00b7<\/strong>geld beantragen<\/h4>\n\n\n\n<div class=\"wp-block-stackable-columns stk-block-columns stk-block stk-08073c3\" data-block-id=\"08073c3\"><div class=\"stk-row stk-inner-blocks stk-block-content stk-content-align stk-08073c3-column\">\n<div class=\"wp-block-stackable-column stk-block-column stk-block-column--v3 stk-column stk-block-column--v2 stk-block stk-78b39e7\" data-block-id=\"78b39e7\"><style>@media screen and (min-width:901px){.stk-78b39e7{flex:1 1 calc(13% - var(--stk-column-gap,0px) * 1 \/ 2 ) !important}}<\/style><div class=\"stk-column-wrapper stk-block-column__content stk-container stk-78b39e7-container stk--no-background stk--no-padding\"><div class=\"stk-block-content stk-inner-blocks stk-78b39e7-inner-blocks\">\n<figure class=\"wp-block-image size-thumbnail is-resized\"><img decoding=\"async\" src=\"https:\/\/www.anika-net.de\/wp-content\/uploads\/2023\/04\/789-Post.svg\" alt class=\"wp-image-36868\" width=\"70\"><\/figure>\n<\/div><\/div><\/div>\n\n\n\n<div class=\"wp-block-stackable-column stk-block-column stk-block-column--v3 stk-column stk-block-column--v2 stk-block stk-ffc3d19\" data-block-id=\"ffc3d19\"><style>@media screen and (min-width:901px){.stk-ffc3d19{flex:1 1 calc(87% - var(--stk-column-gap,0px) * 1 \/ 2 ) !important}}<\/style><div class=\"stk-column-wrapper stk-block-column__content stk-container stk-ffc3d19-container stk--no-background stk--no-padding\"><div class=\"stk-block-content stk-inner-blocks stk-ffc3d19-inner-blocks\">\n<p><strong>Adresse:<\/strong><br>L\u2011Bank<br>Familienf\u00f6rderung<br>Schlossplatz 12<br>76131 Karlsruhe<br><br><strong>\u00d6ffnungs\u00b7zeiten:<\/strong><br>Montag bis Freitag: 8:00 Uhr bis 16:30&nbsp;Uhr<\/p>\n<\/div><\/div><\/div>\n<\/div><\/div>\n\n\n\n<div class=\"wp-block-stackable-columns stk-block-columns stk-block stk-f8297b5\" data-block-id=\"f8297b5\"><div class=\"stk-row stk-inner-blocks stk-block-content stk-content-align stk-f8297b5-column\">\n<div class=\"wp-block-stackable-column stk-block-column stk-block-column--v3 stk-column stk-block-column--v2 stk-block stk-3c463a3\" data-block-id=\"3c463a3\"><style>@media screen and (min-width:901px){.stk-3c463a3{flex:1 1 calc(13% - var(--stk-column-gap,0px) * 1 \/ 2 ) !important}}<\/style><div class=\"stk-column-wrapper stk-block-column__content stk-container stk-3c463a3-container stk--no-background stk--no-padding\"><div class=\"stk-block-content stk-inner-blocks stk-3c463a3-inner-blocks\">\n<figure class=\"wp-block-image size-thumbnail is-resized\"><img decoding=\"async\" src=\"https:\/\/www.anika-net.de\/wp-content\/uploads\/2023\/04\/681-Telefon_neu_um.svg\" alt class=\"wp-image-36828\" width=\"30\"><\/figure>\n<\/div><\/div><\/div>\n\n\n\n<div class=\"wp-block-stackable-column stk-block-column stk-block-column--v3 stk-column stk-block-column--v2 stk-block stk-a964c54\" data-block-id=\"a964c54\"><style>@media screen and (min-width:901px){.stk-a964c54{flex:1 1 calc(87% - var(--stk-column-gap,0px) * 1 \/ 2 ) !important}}<\/style><div class=\"stk-column-wrapper stk-block-column__content stk-container stk-a964c54-container stk--no-background stk--no-padding\"><div class=\"stk-block-content stk-inner-blocks stk-a964c54-inner-blocks\">\n<p><strong>Telefon: <\/strong>08 00 \u2014 &nbsp;66 45 47&nbsp;1<\/p>\n<\/div><\/div><\/div>\n<\/div><\/div>\n\n\n\n<div class=\"wp-block-stackable-columns stk-block-columns stk-block stk-9c165eb\" data-block-id=\"9c165eb\"><div class=\"stk-row stk-inner-blocks stk-block-content stk-content-align stk-9c165eb-column\">\n<div class=\"wp-block-stackable-column stk-block-column stk-block-column--v3 stk-column stk-block-column--v2 stk-block stk-aba3124\" data-block-id=\"aba3124\"><style>@media screen and (min-width:901px){.stk-aba3124{flex:1 1 calc(13% - var(--stk-column-gap,0px) * 1 \/ 2 ) !important}}<\/style><div class=\"stk-column-wrapper stk-block-column__content stk-container stk-aba3124-container stk--no-background stk--no-padding\"><div class=\"stk-block-content stk-inner-blocks stk-aba3124-inner-blocks\">\n<figure class=\"wp-block-image size-thumbnail is-resized\"><img decoding=\"async\" src=\"https:\/\/www.anika-net.de\/wp-content\/uploads\/2023\/04\/E_Mail.svg\" alt class=\"wp-image-37680\" width=\"80\"><\/figure>\n<\/div><\/div><\/div>\n\n\n\n<div class=\"wp-block-stackable-column stk-block-column stk-block-column--v3 stk-column stk-block-column--v2 stk-block stk-591c808\" data-block-id=\"591c808\"><style>@media screen and (min-width:901px){.stk-591c808{flex:1 1 calc(87% - var(--stk-column-gap,0px) * 1 \/ 2 ) !important}}<\/style><div class=\"stk-column-wrapper stk-block-column__content stk-container stk-591c808-container stk--no-background stk--no-padding\"><div class=\"stk-block-content stk-inner-blocks stk-591c808-inner-blocks\">\n<p><strong>E\u2011Mail: <\/strong>familienfoerderung@l\u2011bank.de<\/p>\n<\/div><\/div><\/div>\n<\/div><\/div>\n\n\n\n<div class=\"wp-block-stackable-columns stk-block-columns stk-block stk-a13fe47\" data-block-id=\"a13fe47\"><div class=\"stk-row stk-inner-blocks stk-block-content stk-content-align stk-a13fe47-column\">\n<div class=\"wp-block-stackable-column stk-block-column stk-block-column--v3 stk-column stk-block-column--v2 stk-block stk-201e6dc\" data-block-id=\"201e6dc\"><style>@media screen and (min-width:901px){.stk-201e6dc{flex:1 1 calc(13% - var(--stk-column-gap,0px) * 1 \/ 2 ) !important}}<\/style><div class=\"stk-column-wrapper stk-block-column__content stk-container stk-201e6dc-container stk--no-background stk--no-padding\"><div class=\"stk-block-content stk-inner-blocks stk-201e6dc-inner-blocks\">\n<figure class=\"wp-block-image size-thumbnail is-resized\"><img decoding=\"async\" src=\"https:\/\/www.anika-net.de\/wp-content\/uploads\/2023\/04\/800-Internet.svg\" alt class=\"wp-image-36849\" width=\"80\"><\/figure>\n<\/div><\/div><\/div>\n\n\n\n<div class=\"wp-block-stackable-column stk-block-column stk-block-column--v3 stk-column stk-block-column--v2 stk-block stk-af0ecf1\" data-block-id=\"af0ecf1\"><style>@media screen and (min-width:901px){.stk-af0ecf1{flex:1 1 calc(87% - var(--stk-column-gap,0px) * 1 \/ 2 ) !important}}<\/style><div class=\"stk-column-wrapper stk-block-column__content stk-container stk-af0ecf1-container stk--no-background stk--no-padding\"><div class=\"stk-block-content stk-inner-blocks stk-af0ecf1-inner-blocks\">\n<p>Hier gibt es <a href=\"https:\/\/www.l-bank.de\/produkte\/familienfoerderung\/elterngeld.html\" rel=\"noopener\">mehr Informationen<\/a><\/p>\n<\/div><\/div><\/div>\n<\/div><\/div>\n","protected":false},"excerpt":{"rendered":"<p>Sie haben gerade ein Kind bekommen.Und Sie m\u00f6chten sich zuhause um das Kindk\u00fcmmern.Daf\u00fcr gibt es das Eltern\u00b7geld. Das ist Geld&nbsp;F\u00fcr Wenn Sie Sie und Ihre Partner k\u00fcmmern sich im Wechselum&nbsp;<a class=\"moretag\" href=\"https:\/\/www.anika-net.de\/deer\/erste-schritte\/hilfe-mit-geld-fuer-familien\/elterngeld\/\">mehr<\/a><\/p>\n","protected":false},"author":1,"featured_media":0,"parent":36701,"menu_order":20,"comment_status":"closed","ping_status":"closed","template":"","meta":{"_acf_changed":false,"inline_featured_image":false,"_uag_custom_page_level_css":"","wp_typography_post_enhancements_disabled":false,"footnotes":""},"class_list":["post-36710","page","type-page","status-publish","hentry"],"acf":[],"featured_image_urls_v2":{"full":"","thumbnail":"","medium":"","medium_large":"","large":"","1536x1536":"","2048x2048":"","event-overview":"","event-archive-thumb":"","grid-item-thumbnail":"","network-partner-icon":"","organiser-icon":"","gform-image-choice-sm":"","gform-image-choice-md":"","gform-image-choice-lg":""},"post_excerpt_stackable_v2":"<p>Sie haben gerade ein Kind bekommen.Und Sie m\u00f6chten sich zuhause um das Kindk\u00fcmmern.Daf\u00fcr gibt es das Eltern\u00b7geld. Das ist Geld&nbsp;F\u00fcr M\u00fctter V\u00e4ter. Wenn Sie Selbst auf Ihr Kind aufpassen Weniger als 30 Stunden in der Woche arbeiten.Dann bekommen Sie das Eltern\u00b7geldf\u00fcr 12 Monate. Sie und Ihre Partner k\u00fcmmern sich im Wechselum das Kind?Dann bekommen Sie das Eltern\u00b7geldf\u00fcr 14 Monate. Sie m\u00fcssen mitbringen: Die Geburts\u00b7urkunde von Ihrem Kind.Es muss das Original sein.Keine Kopie. Lohn\u00b7abrechnung. Fragen Sie am Telefon nach:Was brauche ich sonst noch?Sie bekommen ein Dokument f\u00fcr das Eltern\u00b7geld. Das ist ein wichtiges Dokument.Bitte werfen Sie das Dokument nicht weg.&nbsp;Hier\u2026<\/p>\n","category_list_v2":"","author_info_v2":{"name":"saasweb-admin","url":"https:\/\/www.anika-net.de\/deer\/author\/saasweb-admin\/"},"comments_num_v2":"0 comments","uagb_featured_image_src":{"full":false,"thumbnail":false,"medium":false,"medium_large":false,"large":false,"1536x1536":false,"2048x2048":false,"event-overview":false,"event-archive-thumb":false,"grid-item-thumbnail":false,"network-partner-icon":false,"organiser-icon":false,"gform-image-choice-sm":false,"gform-image-choice-md":false,"gform-image-choice-lg":false},"uagb_author_info":{"display_name":"saasweb-admin","author_link":"https:\/\/www.anika-net.de\/deer\/author\/saasweb-admin\/"},"uagb_comment_info":0,"uagb_excerpt":"Sie haben gerade ein Kind bekommen.Und Sie m\u00f6chten sich zuhause um das Kindk\u00fcmmern.Daf\u00fcr gibt es das Eltern\u00b7geld. Das ist Geld&nbsp;F\u00fcr Wenn Sie Sie und Ihre Partner k\u00fcmmern sich im Wechselum&nbsp;mehr","_links":{"self":[{"href":"https:\/\/www.anika-net.de\/deer\/wp-json\/wp\/v2\/pages\/36710","targetHints":{"allow":["GET"]}}],"collection":[{"href":"https:\/\/www.anika-net.de\/deer\/wp-json\/wp\/v2\/pages"}],"about":[{"href":"https:\/\/www.anika-net.de\/deer\/wp-json\/wp\/v2\/types\/page"}],"author":[{"embeddable":true,"href":"https:\/\/www.anika-net.de\/deer\/wp-json\/wp\/v2\/users\/1"}],"replies":[{"embeddable":true,"href":"https:\/\/www.anika-net.de\/deer\/wp-json\/wp\/v2\/comments?post=36710"}],"version-history":[{"count":0,"href":"https:\/\/www.anika-net.de\/deer\/wp-json\/wp\/v2\/pages\/36710\/revisions"}],"up":[{"embeddable":true,"href":"https:\/\/www.anika-net.de\/deer\/wp-json\/wp\/v2\/pages\/36701"}],"wp:attachment":[{"href":"https:\/\/www.anika-net.de\/deer\/wp-json\/wp\/v2\/media?parent=36710"}],"curies":[{"name":"wp","href":"https:\/\/api.w.org\/{rel}","templated":true}]}}