{"id":36665,"date":"2023-04-21T10:23:45","date_gmt":"2023-04-21T08:23:45","guid":{"rendered":"https:\/\/www.anika-net.de\/?page_id=36665"},"modified":"2023-05-12T11:36:11","modified_gmt":"2023-05-12T09:36:11","slug":"bankkonto","status":"publish","type":"page","link":"https:\/\/www.anika-net.de\/deer\/erste-schritte\/in-karlsruhe-arbeiten\/bankkonto\/","title":{"rendered":"Bank\u00b7konto"},"content":{"rendered":"\n<div class=\"wp-block-stackable-columns stk-block-columns stk-block stk-23f1dad\" data-block-id=\"23f1dad\"><div class=\"stk-row stk-inner-blocks stk-block-content stk-content-align stk-23f1dad-column\">\n<div class=\"wp-block-stackable-column stk-block-column stk-block-column--v3 stk-column stk-block-column--v2 stk-block stk-4014394\" data-block-id=\"4014394\"><style>@media screen and (min-width:901px){.stk-4014394{flex:1 1 calc(33% - var(--stk-column-gap,0px) * 1 \/ 2 ) !important}}<\/style><div class=\"stk-column-wrapper stk-block-column__content stk-container stk-4014394-container stk--no-background stk--no-padding\"><div class=\"stk-block-content stk-inner-blocks stk-4014394-inner-blocks\">\n<p>Sie brauchen ein deutsches Bank<strong>\u00b7<\/strong>konto.<br>Am besten ein Giro<strong>\u00b7<\/strong>konto.<\/p>\n<\/div><\/div><\/div>\n\n\n\n<div class=\"wp-block-stackable-column stk-block-column stk-block-column--v3 stk-column stk-block-column--v2 stk-block stk-d8a3078\" data-block-id=\"d8a3078\"><style>@media screen and (min-width:901px){.stk-d8a3078{flex:1 1 calc(67% - var(--stk-column-gap,0px) * 1 \/ 2 ) !important}}<\/style><div class=\"stk-column-wrapper stk-block-column__content stk-container stk-d8a3078-container stk--no-background stk--no-padding\"><div class=\"stk-block-content stk-inner-blocks stk-d8a3078-inner-blocks\">\n<figure class=\"wp-block-image size-thumbnail is-resized\"><img decoding=\"async\" src=\"https:\/\/www.anika-net.de\/wp-content\/uploads\/2023\/05\/Bank.svg\" alt class=\"wp-image-37923\" width=\"100\"><\/figure>\n<\/div><\/div><\/div>\n<\/div><\/div>\n\n\n\n<p>Mit einem <strong>Giro\u00b7konto<\/strong><\/p>\n\n\n\n<ul class=\"wp-block-list\">\n<li>K\u00f6nnen Sie Ihre Miete bezahlen<\/li>\n\n\n\n<li>K\u00f6nnen Sie Ihr Geld von Arbeit<strong>\u00b7<\/strong>geber<br>bekommen.<\/li>\n<\/ul>\n\n\n\n<div class=\"wp-block-stackable-columns stk-block-columns stk-block stk-a860bca\" data-block-id=\"a860bca\"><div class=\"stk-row stk-inner-blocks stk-block-content stk-content-align stk-a860bca-column\">\n<div class=\"wp-block-stackable-column stk-block-column stk-block-column--v3 stk-column stk-block-column--v2 stk-block stk-91ef1ab\" data-block-id=\"91ef1ab\"><style>@media screen and (min-width:901px){.stk-91ef1ab{flex:1 1 calc(33% - var(--stk-column-gap,0px) * 1 \/ 2 ) !important}}<\/style><div class=\"stk-column-wrapper stk-block-column__content stk-container stk-91ef1ab-container stk--no-background stk--no-padding\"><div class=\"stk-block-content stk-inner-blocks stk-91ef1ab-inner-blocks\">\n<p>Sie d\u00fcrfen die Bank selbst aus<strong>\u00b7<\/strong>suchen.<br>Manchmal kostet ein Konto jeden Monat<br>etwas Geld.<br>Das nennt man <strong>Konto\u00b7f\u00fchrungs\u00b7geb\u00fchr<\/strong>.<br>Das ist bei jeder Bank anders.<br>Fragen Sie bei der Bank&nbsp;nach.<\/p>\n<\/div><\/div><\/div>\n\n\n\n<div class=\"wp-block-stackable-column stk-block-column stk-block-column--v3 stk-column stk-block-column--v2 stk-block stk-47ff5be\" data-block-id=\"47ff5be\"><style>@media screen and (min-width:901px){.stk-47ff5be{flex:1 1 calc(67% - var(--stk-column-gap,0px) * 1 \/ 2 ) !important}}<\/style><div class=\"stk-column-wrapper stk-block-column__content stk-container stk-47ff5be-container stk--no-background stk--no-padding\"><div class=\"stk-block-content stk-inner-blocks stk-47ff5be-inner-blocks\">\n<figure class=\"wp-block-image size-thumbnail is-resized\"><img decoding=\"async\" src=\"https:\/\/www.anika-net.de\/wp-content\/uploads\/2023\/05\/bezahlen_Bruchsal_90_Grad_um.svg\" alt class=\"wp-image-37942\" width=\"200\"><\/figure>\n<\/div><\/div><\/div>\n<\/div><\/div>\n\n\n\n<h4 class=\"wp-block-heading\"><strong>Sie m\u00fcssen zur Bank mitbringen:<\/strong><\/h4>\n\n\n\n<ul class=\"wp-block-list\">\n<li>Reise<strong>\u00b7<\/strong>pass oder Personal<strong>\u00b7<\/strong>ausweis<br>Oder<\/li>\n\n\n\n<li>Ihren Aufenthalts<strong>\u00b7<\/strong>titel.<\/li>\n<\/ul>\n\n\n\n<h4 class=\"wp-block-heading\">Es kann&nbsp;sein:&nbsp;<\/h4>\n\n\n\n<p>Sie haben Ihr Konto bei einer Bank.<br>Sie m\u00f6chten aber Geld bei einer anderen Bank<br>abheben.<br>Vielleicht m\u00fcssen Sie daf\u00fcr bezahlen.<br>Fragen Sie bei Ihrer Bank nach:<br>Bei welchen Banken kann ich kostenlos Geld <br>abheben?<\/p>\n\n\n\n<p><strong>Wichtig:<\/strong><br>Wenn Sie eine neue Adresse haben:<br>Dann geben Sie der Bank die neue Adresse.<\/p>\n","protected":false},"excerpt":{"rendered":"<p>Sie brauchen ein deutsches Bank\u00b7konto.Am besten ein Giro\u00b7konto. Mit einem Giro\u00b7konto Sie d\u00fcrfen die Bank selbst aus\u00b7suchen.Manchmal kostet ein Konto jeden Monatetwas Geld.Das nennt man Konto\u00b7f\u00fchrungs\u00b7geb\u00fchr.Das ist bei jeder Bank&nbsp;<a class=\"moretag\" href=\"https:\/\/www.anika-net.de\/deer\/erste-schritte\/in-karlsruhe-arbeiten\/bankkonto\/\">mehr<\/a><\/p>\n","protected":false},"author":1,"featured_media":0,"parent":36647,"menu_order":50,"comment_status":"closed","ping_status":"closed","template":"","meta":{"_acf_changed":false,"inline_featured_image":false,"_uag_custom_page_level_css":"","wp_typography_post_enhancements_disabled":false,"footnotes":""},"class_list":["post-36665","page","type-page","status-publish","hentry"],"acf":[],"featured_image_urls_v2":{"full":"","thumbnail":"","medium":"","medium_large":"","large":"","1536x1536":"","2048x2048":"","event-overview":"","event-archive-thumb":"","grid-item-thumbnail":"","network-partner-icon":"","organiser-icon":"","gform-image-choice-sm":"","gform-image-choice-md":"","gform-image-choice-lg":""},"post_excerpt_stackable_v2":"<p>Sie brauchen ein deutsches Bank\u00b7konto.Am besten ein Giro\u00b7konto. Mit einem Giro\u00b7konto K\u00f6nnen Sie Ihre Miete bezahlen K\u00f6nnen Sie Ihr Geld von Arbeit\u00b7geberbekommen. Sie d\u00fcrfen die Bank selbst aus\u00b7suchen.Manchmal kostet ein Konto jeden Monatetwas Geld.Das nennt man Konto\u00b7f\u00fchrungs\u00b7geb\u00fchr.Das ist bei jeder Bank anders.Fragen Sie bei der Bank&nbsp;nach. Sie m\u00fcssen zur Bank mitbringen: Reise\u00b7pass oder Personal\u00b7ausweisOder Ihren Aufenthalts\u00b7titel. Es kann&nbsp;sein:&nbsp; Sie haben Ihr Konto bei einer Bank.Sie m\u00f6chten aber Geld bei einer anderen Bankabheben.Vielleicht m\u00fcssen Sie daf\u00fcr bezahlen.Fragen Sie bei Ihrer Bank nach:Bei welchen Banken kann ich kostenlos Geld abheben? Wichtig:Wenn Sie eine neue Adresse haben:Dann geben Sie der Bank die&nbsp;neue\u2026<\/p>\n","category_list_v2":"","author_info_v2":{"name":"saasweb-admin","url":"https:\/\/www.anika-net.de\/deer\/author\/saasweb-admin\/"},"comments_num_v2":"0 comments","uagb_featured_image_src":{"full":false,"thumbnail":false,"medium":false,"medium_large":false,"large":false,"1536x1536":false,"2048x2048":false,"event-overview":false,"event-archive-thumb":false,"grid-item-thumbnail":false,"network-partner-icon":false,"organiser-icon":false,"gform-image-choice-sm":false,"gform-image-choice-md":false,"gform-image-choice-lg":false},"uagb_author_info":{"display_name":"saasweb-admin","author_link":"https:\/\/www.anika-net.de\/deer\/author\/saasweb-admin\/"},"uagb_comment_info":0,"uagb_excerpt":"Sie brauchen ein deutsches Bank\u00b7konto.Am besten ein Giro\u00b7konto. Mit einem Giro\u00b7konto Sie d\u00fcrfen die Bank selbst aus\u00b7suchen.Manchmal kostet ein Konto jeden Monatetwas Geld.Das nennt man Konto\u00b7f\u00fchrungs\u00b7geb\u00fchr.Das ist bei jeder Bank&nbsp;mehr","_links":{"self":[{"href":"https:\/\/www.anika-net.de\/deer\/wp-json\/wp\/v2\/pages\/36665","targetHints":{"allow":["GET"]}}],"collection":[{"href":"https:\/\/www.anika-net.de\/deer\/wp-json\/wp\/v2\/pages"}],"about":[{"href":"https:\/\/www.anika-net.de\/deer\/wp-json\/wp\/v2\/types\/page"}],"author":[{"embeddable":true,"href":"https:\/\/www.anika-net.de\/deer\/wp-json\/wp\/v2\/users\/1"}],"replies":[{"embeddable":true,"href":"https:\/\/www.anika-net.de\/deer\/wp-json\/wp\/v2\/comments?post=36665"}],"version-history":[{"count":0,"href":"https:\/\/www.anika-net.de\/deer\/wp-json\/wp\/v2\/pages\/36665\/revisions"}],"up":[{"embeddable":true,"href":"https:\/\/www.anika-net.de\/deer\/wp-json\/wp\/v2\/pages\/36647"}],"wp:attachment":[{"href":"https:\/\/www.anika-net.de\/deer\/wp-json\/wp\/v2\/media?parent=36665"}],"curies":[{"name":"wp","href":"https:\/\/api.w.org\/{rel}","templated":true}]}}