{"id":36456,"date":"2021-01-23T15:13:03","date_gmt":"2021-01-23T14:13:03","guid":{"rendered":"https:\/\/www.anika-net.de\/home\/"},"modified":"2026-02-05T12:32:54","modified_gmt":"2026-02-05T11:32:54","slug":"home","status":"publish","type":"page","link":"https:\/\/www.anika-net.de\/deer\/","title":{"rendered":"Neu in Karlsruhe?"},"content":{"rendered":"\n<div class=\"wp-block-stackable-columns stk-block-columns stk-block stk-3bdae39\" data-block-id=\"3bdae39\"><div class=\"stk-row stk-inner-blocks stk-block-content stk-content-align stk-3bdae39-column\">\n<div class=\"wp-block-stackable-column stk-block-column stk-column stk-block stk-5b63eaf\" data-v=\"4\" data-block-id=\"5b63eaf\"><style>@media screen and (min-width:901px){.stk-5b63eaf {flex:var(--stk-flex-grow, 1) 1 calc(33% - var(--stk-column-gap, 0px) * 1 \/ 2 ) !important;}}<\/style><div class=\"stk-column-wrapper stk-block-column__content stk-container stk-5b63eaf-container stk--no-background stk--no-padding\"><div class=\"stk-block-content stk-inner-blocks stk-5b63eaf-inner-blocks\">\n<p>Sie sind neu in dieser Stadt.<br>Sie kommen aus einem anderen Ort.<br>Wir freuen uns sehr, dass Sie hier&nbsp;sind!<\/p>\n<\/div><\/div><\/div>\n\n\n\n<div class=\"wp-block-stackable-column stk-block-column stk-column stk-block stk-128c68a\" data-v=\"4\" data-block-id=\"128c68a\"><style>@media screen and (min-width:901px){.stk-128c68a {flex:var(--stk-flex-grow, 1) 1 calc(67% - var(--stk-column-gap, 0px) * 1 \/ 2 ) !important;}}<\/style><div class=\"stk-column-wrapper stk-block-column__content stk-container stk-128c68a-container stk--no-background stk--no-padding\"><div class=\"stk-block-content stk-inner-blocks stk-128c68a-inner-blocks\">\n<figure class=\"wp-block-image size-large is-resized\"><img decoding=\"async\" src=\"https:\/\/www.anika-net.de\/wp-content\/uploads\/2023\/05\/Lachen_Augen_offen.svg\" alt class=\"wp-image-38219\" style=\"width:82px;height:auto\"><\/figure>\n\n\n\n<h6 class=\"wp-block-heading\"><em>\u00a9 BEQUA gGmbH<\/em> 2023<\/h6>\n<\/div><\/div><\/div>\n<\/div><\/div>\n\n\n\n<p>Am Anfang ist es in einer neuen Stadt schwer.<br>Alles ist neu.<br>Alles ist anders als in Ihrer Heimat.<\/p>\n\n\n\n<p>Wir m\u00f6chten Ihnen mit diesen Informationen helfen.<\/p>\n\n\n\n<p>Wir m\u00f6chten Ihnen mit diesen Informationen helfen.<br>Hier gibt&nbsp;es:<\/p>\n\n\n\n<ul class=\"wp-block-list\">\n<li>Wichtige Informationen \u00fcber das&nbsp;Leben:<\/li>\n\n\n\n<li>In Karlsruhe<\/li>\n\n\n\n<li>In Deutschland.<\/li>\n\n\n\n<li>Wichtige Adressen.<\/li>\n<\/ul>\n\n\n\n<p>Wichtige W\u00f6rter \u2013 Einfach erkl\u00e4rt <strong>\u2197<\/strong> <a href=\"https:\/\/www.anika-net.de\/wp-content\/uploads\/2023\/12\/Wichtige-Woerter.pdf\"><strong>herunterladen<\/strong><\/a><\/p>\n\n\n\n<p><\/p><p class=\"has-alegreya-font-family has-custom-font\" style=\"font-family:Alegreya\"><span style=\"color: #7e7d7d;\" class=\"stk-highlight\">\u00dcbersetzung, Piktogramme und Gestaltung: \u00a9 BEQUA gGmbH&nbsp;2023<\/span><\/p>\n\n\n\n<div class=\"wp-block-kioken-spacer\" style=\"color:#999999;height:50px\"><hr><\/div>\n\n\n\n<h3 class=\"wp-block-heading\">Wir danken f\u00fcr die finanzielle Unterst\u00fctzung<\/h3>\n\n\n\n<div class=\"wp-block-stackable-columns stk-block-columns stk-block stk-13fb6ce\" data-block-id=\"13fb6ce\"><div class=\"stk-row stk-inner-blocks stk-block-content stk-content-align stk-13fb6ce-column\">\n<div class=\"wp-block-stackable-column stk-block-column stk-column stk-block stk-9554ae5\" data-v=\"4\" data-block-id=\"9554ae5\"><style>@media screen and (min-width:901px){.stk-9554ae5 {flex:var(--stk-flex-grow, 1) 1 calc(20.8% - var(--stk-column-gap, 0px) * 3 \/ 4 ) !important;}}<\/style><div class=\"stk-column-wrapper stk-block-column__content stk-container stk-9554ae5-container stk--no-background stk--no-padding\"><div class=\"stk-block-content stk-inner-blocks stk-9554ae5-inner-blocks\">\n<figure class=\"wp-block-image size-full is-resized\"><img decoding=\"async\" width=\"613\" height=\"168\" src=\"https:\/\/www.anika-net.de\/wp-content\/uploads\/2023\/05\/logo_stadt_karlsruhe_buro_fur_integration_web.jpg\" alt class=\"wp-image-38238\" srcset=\"https:\/\/www.anika-net.de\/wp-content\/uploads\/2023\/05\/logo_stadt_karlsruhe_buro_fur_integration_web.jpg 613w, https:\/\/www.anika-net.de\/wp-content\/uploads\/2023\/05\/logo_stadt_karlsruhe_buro_fur_integration_web-300x82.jpg 300w, https:\/\/www.anika-net.de\/wp-content\/uploads\/2023\/05\/logo_stadt_karlsruhe_buro_fur_integration_web-480x132.jpg 480w\" sizes=\"(max-width: 613px) 100vw, 613px\"><\/figure>\n<\/div><\/div><\/div>\n\n\n\n<div class=\"wp-block-stackable-column stk-block-column stk-column stk-block stk-cb3967b\" data-v=\"4\" data-block-id=\"cb3967b\"><style>@media screen and (min-width:901px){.stk-cb3967b {flex:var(--stk-flex-grow, 1) 1 calc(40% - var(--stk-column-gap, 0px) * 3 \/ 4 ) !important;}}<\/style><div class=\"stk-column-wrapper stk-block-column__content stk-container stk-cb3967b-container stk--no-background stk--no-padding\"><div class=\"stk-block-content stk-inner-blocks stk-cb3967b-inner-blocks\">\n<figure class=\"wp-block-image size-full is-resized\"><img decoding=\"async\" width=\"1007\" height=\"181\" src=\"https:\/\/www.anika-net.de\/wp-content\/uploads\/2023\/05\/EnBW_Logo_Standard_BlauOrange_sRGB.png\" alt class=\"wp-image-38253\" style=\"width:242px;height:auto\" srcset=\"https:\/\/www.anika-net.de\/wp-content\/uploads\/2023\/05\/EnBW_Logo_Standard_BlauOrange_sRGB.png 1007w, https:\/\/www.anika-net.de\/wp-content\/uploads\/2023\/05\/EnBW_Logo_Standard_BlauOrange_sRGB-300x54.png 300w, https:\/\/www.anika-net.de\/wp-content\/uploads\/2023\/05\/EnBW_Logo_Standard_BlauOrange_sRGB-768x138.png 768w, https:\/\/www.anika-net.de\/wp-content\/uploads\/2023\/05\/EnBW_Logo_Standard_BlauOrange_sRGB-480x86.png 480w\" sizes=\"(max-width: 1007px) 100vw, 1007px\"><\/figure>\n<\/div><\/div><\/div>\n\n\n\n<div class=\"wp-block-stackable-column stk-block-column stk-column stk-block stk-a032f59\" data-v=\"4\" data-block-id=\"a032f59\"><style>@media screen and (min-width:901px){.stk-a032f59 {flex:var(--stk-flex-grow, 1) 1 calc(14.2% - var(--stk-column-gap, 0px) * 3 \/ 4 ) !important;}}<\/style><div class=\"stk-column-wrapper stk-block-column__content stk-container stk-a032f59-container stk--no-background stk--no-padding\"><div class=\"stk-block-content stk-inner-blocks stk-a032f59-inner-blocks\"><\/div><\/div><\/div>\n\n\n\n<div class=\"wp-block-stackable-column stk-block-column stk-column stk-block stk-9a4a380\" data-v=\"4\" data-block-id=\"9a4a380\"><style>@media screen and (min-width:901px){.stk-9a4a380 {flex:var(--stk-flex-grow, 1) 1 calc(25% - var(--stk-column-gap, 0px) * 3 \/ 4 ) !important;}}<\/style><div class=\"stk-column-wrapper stk-block-column__content stk-container stk-9a4a380-container stk--no-background stk--no-padding\"><div class=\"stk-block-content stk-inner-blocks stk-9a4a380-inner-blocks\"><\/div><\/div><\/div>\n<\/div><\/div>\n\n\n\n<div class=\"wp-block-group anika-tile-grid\"><div class=\"wp-block-group__inner-container is-layout-constrained wp-block-group-is-layout-constrained\"><div id=\"anika-home-tile-block_cad621c67ed629fb8d3f55e773c5f22e\" class=\"anika-tile\">    \n\n    <a href=\"\/deer\/erste-schritte\/\"><img decoding=\"async\" class=\"tile-background-image\" src=\"https:\/\/www.anika-net.de\/wp-content\/uploads\/2022\/02\/hintergrund-kachel.jpg\" alt=\"AniKA\"><\/a>\n\n    <div class=\"icon-image\">\n        <a href=\"\/deer\/erste-schritte\/\"><img decoding=\"async\" class=\"tile-icon\" src=\"https:\/\/www.anika-net.de\/wp-content\/uploads\/2023\/10\/1_LS-Erste-Schritte.png\" alt=\"Erste Schritte\"><\/a>\n    <\/div>\n\n    <div class=\"tile-label\">\n        <a href=\"\/deer\/erste-schritte\/\"><b>Erste Schritte<\/b><\/a>            \n    <\/div>\n\n<\/div>\n\n    <style type=\"text\/css\">\n\n    <\/style>\n\n    \n\n<div id=\"anika-home-tile-block_c273426816a3330707a8b6f91d168d99\" class=\"anika-tile\">    \n\n    <a href=\"\/deer\/deutsch-lernen\/\"><img decoding=\"async\" class=\"tile-background-image\" src=\"https:\/\/www.anika-net.de\/wp-content\/uploads\/2022\/02\/hintergrund-kachel.jpg\" alt=\"AniKA\"><\/a>\n\n    <div class=\"icon-image\">\n        <a href=\"\/deer\/deutsch-lernen\/\"><img decoding=\"async\" class=\"tile-icon\" src=\"https:\/\/www.anika-net.de\/wp-content\/uploads\/2023\/10\/2_LS-Deutsch-lernen.png\" alt=\"Deutsch lernen\"><\/a>\n    <\/div>\n\n    <div class=\"tile-label\">\n        <a href=\"\/deer\/deutsch-lernen\/\"><b>Deutsch lernen<\/b><\/a>            \n    <\/div>\n\n<\/div>\n\n    <style type=\"text\/css\">\n\n    <\/style>\n\n    \n\n<div id=\"anika-home-tile-block_31f4e885b5f764de629e11c049baf673\" class=\"anika-tile\">    \n\n    <a href=\"\/deer\/beratung\"><img decoding=\"async\" class=\"tile-background-image\" src=\"https:\/\/www.anika-net.de\/wp-content\/uploads\/2022\/02\/hintergrund-kachel.jpg\" alt=\"AniKA\"><\/a>\n\n    <div class=\"icon-image\">\n        <a href=\"\/deer\/beratung\"><img decoding=\"async\" class=\"tile-icon\" src=\"https:\/\/www.anika-net.de\/wp-content\/uploads\/2023\/04\/3_LS-Beratungen.png\" alt=\"Beratungen\"><\/a>\n    <\/div>\n\n    <div class=\"tile-label\">\n        <a href=\"\/deer\/beratung\"><b>Beratungen<\/b><\/a>            \n    <\/div>\n\n<\/div>\n\n    <style type=\"text\/css\">\n\n    <\/style>\n\n    <\/div><\/div>\n","protected":false},"excerpt":{"rendered":"<p>Sie sind neu in dieser Stadt.Sie kommen aus einem anderen Ort.Wir freuen uns sehr, dass Sie hier&nbsp;sind! \u00a9 BEQUA gGmbH 2023 Am Anfang ist es in einer neuen Stadt schwer.Alles&nbsp;<a class=\"moretag\" href=\"https:\/\/www.anika-net.de\/deer\/\">mehr<\/a><\/p>\n","protected":false},"author":1,"featured_media":0,"parent":0,"menu_order":2,"comment_status":"closed","ping_status":"closed","template":"","meta":{"_acf_changed":false,"inline_featured_image":false,"_uag_custom_page_level_css":"","wp_typography_post_enhancements_disabled":false,"footnotes":""},"class_list":["post-36456","page","type-page","status-publish","hentry"],"acf":[],"featured_image_urls_v2":{"full":"","thumbnail":"","medium":"","medium_large":"","large":"","1536x1536":"","2048x2048":"","event-overview":"","event-archive-thumb":"","grid-item-thumbnail":"","network-partner-icon":"","organiser-icon":"","gform-image-choice-sm":"","gform-image-choice-md":"","gform-image-choice-lg":""},"post_excerpt_stackable_v2":"<p>Sie sind neu in dieser Stadt.Sie kommen aus einem anderen Ort.Wir freuen uns sehr, dass Sie hier&nbsp;sind! \u00a9 BEQUA gGmbH 2023 Am Anfang ist es in einer neuen Stadt schwer.Alles ist neu.Alles ist anders als in Ihrer Heimat. Wir m\u00f6chten Ihnen mit diesen Informationen helfen. Wir m\u00f6chten Ihnen mit diesen Informationen helfen.Hier gibt&nbsp;es: Wichtige Informationen \u00fcber das&nbsp;Leben: In Karlsruhe In Deutschland. Wichtige Adressen. Wichtige W\u00f6rter \u2013 Einfach erkl\u00e4rt \u2197 herunterladen \u00dcbersetzung, Piktogramme und Gestaltung: \u00a9 BEQUA gGmbH&nbsp;2023 Wir danken f\u00fcr die finanzielle Unterst\u00fctzung Erste Schritte Deutsch lernen Beratungen<\/p>\n","category_list_v2":"","author_info_v2":{"name":"saasweb-admin","url":"https:\/\/www.anika-net.de\/deer\/author\/saasweb-admin\/"},"comments_num_v2":"0 comments","uagb_featured_image_src":{"full":false,"thumbnail":false,"medium":false,"medium_large":false,"large":false,"1536x1536":false,"2048x2048":false,"event-overview":false,"event-archive-thumb":false,"grid-item-thumbnail":false,"network-partner-icon":false,"organiser-icon":false,"gform-image-choice-sm":false,"gform-image-choice-md":false,"gform-image-choice-lg":false},"uagb_author_info":{"display_name":"saasweb-admin","author_link":"https:\/\/www.anika-net.de\/deer\/author\/saasweb-admin\/"},"uagb_comment_info":0,"uagb_excerpt":"Sie sind neu in dieser Stadt.Sie kommen aus einem anderen Ort.Wir freuen uns sehr, dass Sie hier&nbsp;sind! \u00a9 BEQUA gGmbH 2023 Am Anfang ist es in einer neuen Stadt schwer.Alles&nbsp;mehr","_links":{"self":[{"href":"https:\/\/www.anika-net.de\/deer\/wp-json\/wp\/v2\/pages\/36456","targetHints":{"allow":["GET"]}}],"collection":[{"href":"https:\/\/www.anika-net.de\/deer\/wp-json\/wp\/v2\/pages"}],"about":[{"href":"https:\/\/www.anika-net.de\/deer\/wp-json\/wp\/v2\/types\/page"}],"author":[{"embeddable":true,"href":"https:\/\/www.anika-net.de\/deer\/wp-json\/wp\/v2\/users\/1"}],"replies":[{"embeddable":true,"href":"https:\/\/www.anika-net.de\/deer\/wp-json\/wp\/v2\/comments?post=36456"}],"version-history":[{"count":4,"href":"https:\/\/www.anika-net.de\/deer\/wp-json\/wp\/v2\/pages\/36456\/revisions"}],"predecessor-version":[{"id":118774,"href":"https:\/\/www.anika-net.de\/deer\/wp-json\/wp\/v2\/pages\/36456\/revisions\/118774"}],"wp:attachment":[{"href":"https:\/\/www.anika-net.de\/deer\/wp-json\/wp\/v2\/media?parent=36456"}],"curies":[{"name":"wp","href":"https:\/\/api.w.org\/{rel}","templated":true}]}}